{"version":"1.0","provider_name":"V\u00e9loPro.fr","provider_url":"https:\/\/cyclingpro.net\/velopro","author_name":"J\u00e9r\u00e9my Blais","author_url":"https:\/\/cyclingpro.net\/velopro\/author\/jblais\/","title":"Tom Bohli sauve le prologue chez BMC - V\u00e9loPro.fr","type":"rich","width":600,"height":338,"html":"<blockquote class=\"wp-embedded-content\" data-secret=\"yeshCbCwy1\"><a href=\"https:\/\/cyclingpro.net\/velopro\/course\/tour-de-romandie\/tom-bohli-sauve-prologue-chez-bmc\/\">Tom Bohli sauve le prologue chez BMC<\/a><\/blockquote><iframe sandbox=\"allow-scripts\" security=\"restricted\" src=\"https:\/\/cyclingpro.net\/velopro\/course\/tour-de-romandie\/tom-bohli-sauve-prologue-chez-bmc\/embed\/#?secret=yeshCbCwy1\" width=\"600\" height=\"338\" title=\"\u00ab\u00a0Tom Bohli sauve le prologue chez BMC\u00a0\u00bb &#8212; V\u00e9loPro.fr\" data-secret=\"yeshCbCwy1\" frameborder=\"0\" marginwidth=\"0\" marginheight=\"0\" scrolling=\"no\" class=\"wp-embedded-content\"><\/iframe><script type=\"text\/javascript\">\n\/* <![CDATA[ *\/\n\/*! This file is auto-generated *\/\n!function(d,l){\"use strict\";l.querySelector&&d.addEventListener&&\"undefined\"!=typeof URL&&(d.wp=d.wp||{},d.wp.receiveEmbedMessage||(d.wp.receiveEmbedMessage=function(e){var t=e.data;if((t||t.secret||t.message||t.value)&&!\/[^a-zA-Z0-9]\/.test(t.secret)){for(var s,r,n,a=l.querySelectorAll('iframe[data-secret=\"'+t.secret+'\"]'),o=l.querySelectorAll('blockquote[data-secret=\"'+t.secret+'\"]'),c=new RegExp(\"^https?:$\",\"i\"),i=0;i<o.length;i++)o[i].style.display=\"none\";for(i=0;i<a.length;i++)s=a[i],e.source===s.contentWindow&&(s.removeAttribute(\"style\"),\"height\"===t.message?(1e3<(r=parseInt(t.value,10))?r=1e3:~~r<200&&(r=200),s.height=r):\"link\"===t.message&&(r=new URL(s.getAttribute(\"src\")),n=new URL(t.value),c.test(n.protocol))&&n.host===r.host&&l.activeElement===s&&(d.top.location.href=t.value))}},d.addEventListener(\"message\",d.wp.receiveEmbedMessage,!1),l.addEventListener(\"DOMContentLoaded\",function(){for(var e,t,s=l.querySelectorAll(\"iframe.wp-embedded-content\"),r=0;r<s.length;r++)(t=(e=s[r]).getAttribute(\"data-secret\"))||(t=Math.random().toString(36).substring(2,12),e.src+=\"#?secret=\"+t,e.setAttribute(\"data-secret\",t)),e.contentWindow.postMessage({message:\"ready\",secret:t},\"*\")},!1)))}(window,document);\n\/* ]]> *\/\n<\/script>\n","thumbnail_url":"https:\/\/cyclingpro.net\/velopro\/wp-content\/uploads\/2017\/04\/647352739-1.jpg","thumbnail_width":1050,"thumbnail_height":591,"description":"Au terme du prologue du Tour de Romandie, les coureurs de BMC Racing n&rsquo;\u00e9taient pas nombreux dans les premi\u00e8res positions du classement. Seul Tom Bohli est venu un peu booster le bilan tr\u00e8s moyen de la formation am\u00e9ricaine qui attendait sans doute mieux de ce chrono. Le jeune Suisse a pris la huiti\u00e8me place \u00e0 &hellip;"}

VéloPro.fr

Jérémy Blais

Tom Bohli sauve le prologue chez BMC - VéloPro.fr

<blockquote class="wp-embedded-content" data-secret="yeshCbCwy1"><a href="https://cyclingpro.net/velopro/course/tour-de-romandie/tom-bohli-sauve-prologue-chez-bmc/">Tom Bohli sauve le prologue chez BMC</a></blockquote><iframe sandbox="allow-scripts" security="restricted" src="https://cyclingpro.net/velopro/course/tour-de-romandie/tom-bohli-sauve-prologue-chez-bmc/embed/#?secret=yeshCbCwy1" width="600" height="338" title="« Tom Bohli sauve le prologue chez BMC » &#8212; VéloPro.fr" data-secret="yeshCbCwy1" frameborder="0" marginwidth="0" marginheight="0" scrolling="no" class="wp-embedded-content"></iframe><script type="text/javascript">
/* <![CDATA[ */
/*! This file is auto-generated */
!function(d,l){"use strict";l.querySelector&&d.addEventListener&&"undefined"!=typeof URL&&(d.wp=d.wp||{},d.wp.receiveEmbedMessage||(d.wp.receiveEmbedMessage=function(e){var t=e.data;if((t||t.secret||t.message||t.value)&&!/[^a-zA-Z0-9]/.test(t.secret)){for(var s,r,n,a=l.querySelectorAll('iframe[data-secret="'+t.secret+'"]'),o=l.querySelectorAll('blockquote[data-secret="'+t.secret+'"]'),c=new RegExp("^https?:$","i"),i=0;i<o.length;i++)o[i].style.display="none";for(i=0;i<a.length;i++)s=a[i],e.source===s.contentWindow&&(s.removeAttribute("style"),"height"===t.message?(1e3<(r=parseInt(t.value,10))?r=1e3:~~r<200&&(r=200),s.height=r):"link"===t.message&&(r=new URL(s.getAttribute("src")),n=new URL(t.value),c.test(n.protocol))&&n.host===r.host&&l.activeElement===s&&(d.top.location.href=t.value))}},d.addEventListener("message",d.wp.receiveEmbedMessage,!1),l.addEventListener("DOMContentLoaded",function(){for(var e,t,s=l.querySelectorAll("iframe.wp-embedded-content"),r=0;r<s.length;r++)(t=(e=s[r]).getAttribute("data-secret"))||(t=Math.random().toString(36).substring(2,12),e.src+="#?secret="+t,e.setAttribute("data-secret",t)),e.contentWindow.postMessage({message:"ready",secret:t},"*")},!1)))}(window,document);
/* ]]> */
</script>

Au terme du prologue du Tour de Romandie, les coureurs de BMC Racing n&rsquo;étaient pas nombreux dans les premières positions du classement. Seul Tom Bohli est venu un peu booster le bilan très moyen de la formation américaine qui attendait sans doute mieux de ce chrono. Le jeune Suisse a pris la huitième place à &hellip;
