{"version":"1.0","provider_name":"V\u00e9loPro.fr","provider_url":"https:\/\/cyclingpro.net\/velopro","author_name":"J\u00e9r\u00e9my Blais","author_url":"https:\/\/cyclingpro.net\/velopro\/author\/jblais\/","title":"Tour de France\u00a0: Un d\u00e9part en Norv\u00e8ge en 2022 ? - V\u00e9loPro.fr","type":"rich","width":600,"height":338,"html":"<blockquote class=\"wp-embedded-content\" data-secret=\"1QIPbRTdBs\"><a href=\"https:\/\/cyclingpro.net\/velopro\/course\/tour-de-france\/tour-de-france-depart-norvege-2022\/\">Tour de France\u00a0: Un d\u00e9part en Norv\u00e8ge en 2022 ?<\/a><\/blockquote><iframe sandbox=\"allow-scripts\" security=\"restricted\" src=\"https:\/\/cyclingpro.net\/velopro\/course\/tour-de-france\/tour-de-france-depart-norvege-2022\/embed\/#?secret=1QIPbRTdBs\" width=\"600\" height=\"338\" title=\"\u00ab\u00a0Tour de France\u00a0: Un d\u00e9part en Norv\u00e8ge en 2022 ?\u00a0\u00bb &#8212; V\u00e9loPro.fr\" data-secret=\"1QIPbRTdBs\" frameborder=\"0\" marginwidth=\"0\" marginheight=\"0\" scrolling=\"no\" class=\"wp-embedded-content\"><\/iframe><script type=\"text\/javascript\">\n\/* <![CDATA[ *\/\n\/*! This file is auto-generated *\/\n!function(d,l){\"use strict\";l.querySelector&&d.addEventListener&&\"undefined\"!=typeof URL&&(d.wp=d.wp||{},d.wp.receiveEmbedMessage||(d.wp.receiveEmbedMessage=function(e){var t=e.data;if((t||t.secret||t.message||t.value)&&!\/[^a-zA-Z0-9]\/.test(t.secret)){for(var s,r,n,a=l.querySelectorAll('iframe[data-secret=\"'+t.secret+'\"]'),o=l.querySelectorAll('blockquote[data-secret=\"'+t.secret+'\"]'),c=new RegExp(\"^https?:$\",\"i\"),i=0;i<o.length;i++)o[i].style.display=\"none\";for(i=0;i<a.length;i++)s=a[i],e.source===s.contentWindow&&(s.removeAttribute(\"style\"),\"height\"===t.message?(1e3<(r=parseInt(t.value,10))?r=1e3:~~r<200&&(r=200),s.height=r):\"link\"===t.message&&(r=new URL(s.getAttribute(\"src\")),n=new URL(t.value),c.test(n.protocol))&&n.host===r.host&&l.activeElement===s&&(d.top.location.href=t.value))}},d.addEventListener(\"message\",d.wp.receiveEmbedMessage,!1),l.addEventListener(\"DOMContentLoaded\",function(){for(var e,t,s=l.querySelectorAll(\"iframe.wp-embedded-content\"),r=0;r<s.length;r++)(t=(e=s[r]).getAttribute(\"data-secret\"))||(t=Math.random().toString(36).substring(2,12),e.src+=\"#?secret=\"+t,e.setAttribute(\"data-secret\",t)),e.contentWindow.postMessage({message:\"ready\",secret:t},\"*\")},!1)))}(window,document);\n\/* ]]> *\/\n<\/script>\n","thumbnail_url":"https:\/\/cyclingpro.net\/velopro\/wp-content\/uploads\/2017\/07\/Norv\u00e8ge.jpg","thumbnail_width":960,"thumbnail_height":640,"description":"La mode est \u00e0 l&rsquo;annonce de Grand D\u00e9part des Grands Tours dans des pays assez \u00e9loign\u00e9s. La Norv\u00e8ge fait partie des pr\u00e9tendants \u00e0 l&rsquo;accueil du Grand D\u00e9part du Tour de France 2022, selon ProCycling.no. Ce serait en tout cas le souhait de la compagnie Statoil. Cette compagnie p\u00e9troli\u00e8re norv\u00e9gienne fond\u00e9e en 1972 \u00e0 Stavanger, 15 &hellip;"}

VéloPro.fr

Jérémy Blais

Tour de France : Un départ en Norvège en 2022 ? - VéloPro.fr

<blockquote class="wp-embedded-content" data-secret="1QIPbRTdBs"><a href="https://cyclingpro.net/velopro/course/tour-de-france/tour-de-france-depart-norvege-2022/">Tour de France : Un départ en Norvège en 2022 ?</a></blockquote><iframe sandbox="allow-scripts" security="restricted" src="https://cyclingpro.net/velopro/course/tour-de-france/tour-de-france-depart-norvege-2022/embed/#?secret=1QIPbRTdBs" width="600" height="338" title="« Tour de France : Un départ en Norvège en 2022 ? » &#8212; VéloPro.fr" data-secret="1QIPbRTdBs" frameborder="0" marginwidth="0" marginheight="0" scrolling="no" class="wp-embedded-content"></iframe><script type="text/javascript">
/* <![CDATA[ */
/*! This file is auto-generated */
!function(d,l){"use strict";l.querySelector&&d.addEventListener&&"undefined"!=typeof URL&&(d.wp=d.wp||{},d.wp.receiveEmbedMessage||(d.wp.receiveEmbedMessage=function(e){var t=e.data;if((t||t.secret||t.message||t.value)&&!/[^a-zA-Z0-9]/.test(t.secret)){for(var s,r,n,a=l.querySelectorAll('iframe[data-secret="'+t.secret+'"]'),o=l.querySelectorAll('blockquote[data-secret="'+t.secret+'"]'),c=new RegExp("^https?:$","i"),i=0;i<o.length;i++)o[i].style.display="none";for(i=0;i<a.length;i++)s=a[i],e.source===s.contentWindow&&(s.removeAttribute("style"),"height"===t.message?(1e3<(r=parseInt(t.value,10))?r=1e3:~~r<200&&(r=200),s.height=r):"link"===t.message&&(r=new URL(s.getAttribute("src")),n=new URL(t.value),c.test(n.protocol))&&n.host===r.host&&l.activeElement===s&&(d.top.location.href=t.value))}},d.addEventListener("message",d.wp.receiveEmbedMessage,!1),l.addEventListener("DOMContentLoaded",function(){for(var e,t,s=l.querySelectorAll("iframe.wp-embedded-content"),r=0;r<s.length;r++)(t=(e=s[r]).getAttribute("data-secret"))||(t=Math.random().toString(36).substring(2,12),e.src+="#?secret="+t,e.setAttribute("data-secret",t)),e.contentWindow.postMessage({message:"ready",secret:t},"*")},!1)))}(window,document);
/* ]]> */
</script>

https://cyclingpro.net/velopro/wp-content/uploads/2017/07/Norvège.jpg

La mode est à l&rsquo;annonce de Grand Départ des Grands Tours dans des pays assez éloignés. La Norvège fait partie des prétendants à l&rsquo;accueil du Grand Départ du Tour de France 2022, selon ProCycling.no. Ce serait en tout cas le souhait de la compagnie Statoil. Cette compagnie pétrolière norvégienne fondée en 1972 à Stavanger, 15 &hellip;
