{"version":"1.0","provider_name":"V\u00e9loPro.fr","provider_url":"https:\/\/cyclingpro.net\/velopro","author_name":"Antoine Plouvin","author_url":"https:\/\/cyclingpro.net\/velopro\/author\/aplouvin\/","title":"\"Rigo\", l'autre colombien - V\u00e9loPro.fr","type":"rich","width":600,"height":338,"html":"<blockquote class=\"wp-embedded-content\" data-secret=\"Hp6vqvmqDf\"><a href=\"https:\/\/cyclingpro.net\/velopro\/course\/tour-de-france\/rigo-lautre-colombien\/\">\u00ab\u00a0Rigo\u00a0\u00bb, l&rsquo;autre colombien<\/a><\/blockquote><iframe sandbox=\"allow-scripts\" security=\"restricted\" src=\"https:\/\/cyclingpro.net\/velopro\/course\/tour-de-france\/rigo-lautre-colombien\/embed\/#?secret=Hp6vqvmqDf\" width=\"600\" height=\"338\" title=\"\u00ab\u00a0\u00ab\u00a0Rigo\u00a0\u00bb, l&rsquo;autre colombien\u00a0\u00bb &#8212; V\u00e9loPro.fr\" data-secret=\"Hp6vqvmqDf\" frameborder=\"0\" marginwidth=\"0\" marginheight=\"0\" scrolling=\"no\" class=\"wp-embedded-content\"><\/iframe><script type=\"text\/javascript\">\n\/* <![CDATA[ *\/\n\/*! This file is auto-generated *\/\n!function(d,l){\"use strict\";l.querySelector&&d.addEventListener&&\"undefined\"!=typeof URL&&(d.wp=d.wp||{},d.wp.receiveEmbedMessage||(d.wp.receiveEmbedMessage=function(e){var t=e.data;if((t||t.secret||t.message||t.value)&&!\/[^a-zA-Z0-9]\/.test(t.secret)){for(var s,r,n,a=l.querySelectorAll('iframe[data-secret=\"'+t.secret+'\"]'),o=l.querySelectorAll('blockquote[data-secret=\"'+t.secret+'\"]'),c=new RegExp(\"^https?:$\",\"i\"),i=0;i<o.length;i++)o[i].style.display=\"none\";for(i=0;i<a.length;i++)s=a[i],e.source===s.contentWindow&&(s.removeAttribute(\"style\"),\"height\"===t.message?(1e3<(r=parseInt(t.value,10))?r=1e3:~~r<200&&(r=200),s.height=r):\"link\"===t.message&&(r=new URL(s.getAttribute(\"src\")),n=new URL(t.value),c.test(n.protocol))&&n.host===r.host&&l.activeElement===s&&(d.top.location.href=t.value))}},d.addEventListener(\"message\",d.wp.receiveEmbedMessage,!1),l.addEventListener(\"DOMContentLoaded\",function(){for(var e,t,s=l.querySelectorAll(\"iframe.wp-embedded-content\"),r=0;r<s.length;r++)(t=(e=s[r]).getAttribute(\"data-secret\"))||(t=Math.random().toString(36).substring(2,12),e.src+=\"#?secret=\"+t,e.setAttribute(\"data-secret\",t)),e.contentWindow.postMessage({message:\"ready\",secret:t},\"*\")},!1)))}(window,document);\n\/* ]]> *\/\n<\/script>\n","thumbnail_url":"https:\/\/cyclingpro.net\/velopro\/wp-content\/uploads\/2017\/07\/rigobertouran-podiumwinner-stage9-tourdefrance2017-1.jpg","thumbnail_width":1050,"thumbnail_height":525,"description":"Vainqueur de l&rsquo;\u00e9tape reine du Tour \u00e0 Chambery, Rigoberto URAN (Canondale &#8211; Drapac) ne pourra \u00e0 coup s\u00fbr pr\u00e9tendre \u00e0 susciter autant de passions que Nairo QUINTANA, son compatriote. Malgr\u00e9 sa victoire, malgr\u00e9 sa place au classement g\u00e9n\u00e9ral, la presse colombienne lui r\u00e9serve des entrefilets sobres et d\u00e9nu\u00e9s de passion, m\u00eame si elle consent \u00e0 &hellip;"}

VéloPro.fr

"Rigo", l'autre colombien - VéloPro.fr

<blockquote class="wp-embedded-content" data-secret="Hp6vqvmqDf"><a href="https://cyclingpro.net/velopro/course/tour-de-france/rigo-lautre-colombien/">« Rigo », l&rsquo;autre colombien</a></blockquote><iframe sandbox="allow-scripts" security="restricted" src="https://cyclingpro.net/velopro/course/tour-de-france/rigo-lautre-colombien/embed/#?secret=Hp6vqvmqDf" width="600" height="338" title="« « Rigo », l&rsquo;autre colombien » &#8212; VéloPro.fr" data-secret="Hp6vqvmqDf" frameborder="0" marginwidth="0" marginheight="0" scrolling="no" class="wp-embedded-content"></iframe><script type="text/javascript">
/* <![CDATA[ */
/*! This file is auto-generated */
!function(d,l){"use strict";l.querySelector&&d.addEventListener&&"undefined"!=typeof URL&&(d.wp=d.wp||{},d.wp.receiveEmbedMessage||(d.wp.receiveEmbedMessage=function(e){var t=e.data;if((t||t.secret||t.message||t.value)&&!/[^a-zA-Z0-9]/.test(t.secret)){for(var s,r,n,a=l.querySelectorAll('iframe[data-secret="'+t.secret+'"]'),o=l.querySelectorAll('blockquote[data-secret="'+t.secret+'"]'),c=new RegExp("^https?:$","i"),i=0;i<o.length;i++)o[i].style.display="none";for(i=0;i<a.length;i++)s=a[i],e.source===s.contentWindow&&(s.removeAttribute("style"),"height"===t.message?(1e3<(r=parseInt(t.value,10))?r=1e3:~~r<200&&(r=200),s.height=r):"link"===t.message&&(r=new URL(s.getAttribute("src")),n=new URL(t.value),c.test(n.protocol))&&n.host===r.host&&l.activeElement===s&&(d.top.location.href=t.value))}},d.addEventListener("message",d.wp.receiveEmbedMessage,!1),l.addEventListener("DOMContentLoaded",function(){for(var e,t,s=l.querySelectorAll("iframe.wp-embedded-content"),r=0;r<s.length;r++)(t=(e=s[r]).getAttribute("data-secret"))||(t=Math.random().toString(36).substring(2,12),e.src+="#?secret="+t,e.setAttribute("data-secret",t)),e.contentWindow.postMessage({message:"ready",secret:t},"*")},!1)))}(window,document);
/* ]]> */
</script>

Vainqueur de l&rsquo;étape reine du Tour à Chambery, Rigoberto URAN (Canondale &#8211; Drapac) ne pourra à coup sûr prétendre à susciter autant de passions que Nairo QUINTANA, son compatriote. Malgré sa victoire, malgré sa place au classement général, la presse colombienne lui réserve des entrefilets sobres et dénués de passion, même si elle consent à &hellip;
