{"version":"1.0","provider_name":"V\u00e9loPro.fr","provider_url":"https:\/\/cyclingpro.net\/velopro","author_name":"J\u00e9r\u00e9my Blais","author_url":"https:\/\/cyclingpro.net\/velopro\/author\/jblais\/","title":"Nacer Bouhanni\u00a0: \u00ab\u00a0Je n\u2019arrive pas \u00e0 faire la diff\u00e9rence\u00a0\u00bb - V\u00e9loPro.fr","type":"rich","width":600,"height":338,"html":"<blockquote class=\"wp-embedded-content\" data-secret=\"1xpqgI0Dzp\"><a href=\"https:\/\/cyclingpro.net\/velopro\/course\/tour-de-france\/nacer-bouhanni-narrive-a-faire-difference\/\">Nacer Bouhanni\u00a0: \u00ab\u00a0Je n\u2019arrive pas \u00e0 faire la diff\u00e9rence\u00a0\u00bb<\/a><\/blockquote><iframe sandbox=\"allow-scripts\" security=\"restricted\" src=\"https:\/\/cyclingpro.net\/velopro\/course\/tour-de-france\/nacer-bouhanni-narrive-a-faire-difference\/embed\/#?secret=1xpqgI0Dzp\" width=\"600\" height=\"338\" title=\"\u00ab\u00a0Nacer Bouhanni\u00a0: \u00ab\u00a0Je n\u2019arrive pas \u00e0 faire la diff\u00e9rence\u00a0\u00bb\u00a0\u00bb &#8212; V\u00e9loPro.fr\" data-secret=\"1xpqgI0Dzp\" frameborder=\"0\" marginwidth=\"0\" marginheight=\"0\" scrolling=\"no\" class=\"wp-embedded-content\"><\/iframe><script type=\"text\/javascript\">\n\/* <![CDATA[ *\/\n\/*! This file is auto-generated *\/\n!function(d,l){\"use strict\";l.querySelector&&d.addEventListener&&\"undefined\"!=typeof URL&&(d.wp=d.wp||{},d.wp.receiveEmbedMessage||(d.wp.receiveEmbedMessage=function(e){var t=e.data;if((t||t.secret||t.message||t.value)&&!\/[^a-zA-Z0-9]\/.test(t.secret)){for(var s,r,n,a=l.querySelectorAll('iframe[data-secret=\"'+t.secret+'\"]'),o=l.querySelectorAll('blockquote[data-secret=\"'+t.secret+'\"]'),c=new RegExp(\"^https?:$\",\"i\"),i=0;i<o.length;i++)o[i].style.display=\"none\";for(i=0;i<a.length;i++)s=a[i],e.source===s.contentWindow&&(s.removeAttribute(\"style\"),\"height\"===t.message?(1e3<(r=parseInt(t.value,10))?r=1e3:~~r<200&&(r=200),s.height=r):\"link\"===t.message&&(r=new URL(s.getAttribute(\"src\")),n=new URL(t.value),c.test(n.protocol))&&n.host===r.host&&l.activeElement===s&&(d.top.location.href=t.value))}},d.addEventListener(\"message\",d.wp.receiveEmbedMessage,!1),l.addEventListener(\"DOMContentLoaded\",function(){for(var e,t,s=l.querySelectorAll(\"iframe.wp-embedded-content\"),r=0;r<s.length;r++)(t=(e=s[r]).getAttribute(\"data-secret\"))||(t=Math.random().toString(36).substring(2,12),e.src+=\"#?secret=\"+t,e.setAttribute(\"data-secret\",t)),e.contentWindow.postMessage({message:\"ready\",secret:t},\"*\")},!1)))}(window,document);\n\/* ]]> *\/\n<\/script>\n","thumbnail_url":"https:\/\/cyclingpro.net\/velopro\/wp-content\/uploads\/2017\/07\/672115151.jpg","thumbnail_width":1050,"thumbnail_height":591,"description":"Encore manqu\u00e9 pour Nacer Bouhanni. Depuis sa quatri\u00e8me place \u00e0 Vittel, le sprinteur de la formation Cofidis ne parvient pas \u00e0 hausser le niveau. Bien loin de Marcel Kittel, le Fran\u00e7ais n&rsquo;est pas parvenu \u00e0 concr\u00e9tiser le bon travail de sa formation hier \u00e0 Pau o\u00f9 il a pris la huiti\u00e8me place. \u00ab\u00a0Marcel Kittel gagne &hellip;"}

VéloPro.fr

Jérémy Blais

Nacer Bouhanni : « Je n’arrive pas à faire la différence » - VéloPro.fr

<blockquote class="wp-embedded-content" data-secret="1xpqgI0Dzp"><a href="https://cyclingpro.net/velopro/course/tour-de-france/nacer-bouhanni-narrive-a-faire-difference/">Nacer Bouhanni : « Je n’arrive pas à faire la différence »</a></blockquote><iframe sandbox="allow-scripts" security="restricted" src="https://cyclingpro.net/velopro/course/tour-de-france/nacer-bouhanni-narrive-a-faire-difference/embed/#?secret=1xpqgI0Dzp" width="600" height="338" title="« Nacer Bouhanni : « Je n’arrive pas à faire la différence » » &#8212; VéloPro.fr" data-secret="1xpqgI0Dzp" frameborder="0" marginwidth="0" marginheight="0" scrolling="no" class="wp-embedded-content"></iframe><script type="text/javascript">
/* <![CDATA[ */
/*! This file is auto-generated */
!function(d,l){"use strict";l.querySelector&&d.addEventListener&&"undefined"!=typeof URL&&(d.wp=d.wp||{},d.wp.receiveEmbedMessage||(d.wp.receiveEmbedMessage=function(e){var t=e.data;if((t||t.secret||t.message||t.value)&&!/[^a-zA-Z0-9]/.test(t.secret)){for(var s,r,n,a=l.querySelectorAll('iframe[data-secret="'+t.secret+'"]'),o=l.querySelectorAll('blockquote[data-secret="'+t.secret+'"]'),c=new RegExp("^https?:$","i"),i=0;i<o.length;i++)o[i].style.display="none";for(i=0;i<a.length;i++)s=a[i],e.source===s.contentWindow&&(s.removeAttribute("style"),"height"===t.message?(1e3<(r=parseInt(t.value,10))?r=1e3:~~r<200&&(r=200),s.height=r):"link"===t.message&&(r=new URL(s.getAttribute("src")),n=new URL(t.value),c.test(n.protocol))&&n.host===r.host&&l.activeElement===s&&(d.top.location.href=t.value))}},d.addEventListener("message",d.wp.receiveEmbedMessage,!1),l.addEventListener("DOMContentLoaded",function(){for(var e,t,s=l.querySelectorAll("iframe.wp-embedded-content"),r=0;r<s.length;r++)(t=(e=s[r]).getAttribute("data-secret"))||(t=Math.random().toString(36).substring(2,12),e.src+="#?secret="+t,e.setAttribute("data-secret",t)),e.contentWindow.postMessage({message:"ready",secret:t},"*")},!1)))}(window,document);
/* ]]> */
</script>

Encore manqué pour Nacer Bouhanni. Depuis sa quatrième place à Vittel, le sprinteur de la formation Cofidis ne parvient pas à hausser le niveau. Bien loin de Marcel Kittel, le Français n&rsquo;est pas parvenu à concrétiser le bon travail de sa formation hier à Pau où il a pris la huitième place. « Marcel Kittel gagne &hellip;
