{"version":"1.0","provider_name":"V\u00e9loPro.fr","provider_url":"https:\/\/cyclingpro.net\/velopro","author_name":"Antoine Plouvin","author_url":"https:\/\/cyclingpro.net\/velopro\/author\/aplouvin\/","title":"Martinelli un peu amer - V\u00e9loPro.fr","type":"rich","width":600,"height":338,"html":"<blockquote class=\"wp-embedded-content\" data-secret=\"FVTBGMfIEZ\"><a href=\"https:\/\/cyclingpro.net\/velopro\/course\/tour-de-france\/martinelli-un-peu-amer\/\">Martinelli un peu amer<\/a><\/blockquote><iframe sandbox=\"allow-scripts\" security=\"restricted\" src=\"https:\/\/cyclingpro.net\/velopro\/course\/tour-de-france\/martinelli-un-peu-amer\/embed\/#?secret=FVTBGMfIEZ\" width=\"600\" height=\"338\" title=\"\u00ab\u00a0Martinelli un peu amer\u00a0\u00bb &#8212; V\u00e9loPro.fr\" data-secret=\"FVTBGMfIEZ\" frameborder=\"0\" marginwidth=\"0\" marginheight=\"0\" scrolling=\"no\" class=\"wp-embedded-content\"><\/iframe><script type=\"text\/javascript\">\n\/* <![CDATA[ *\/\n\/*! This file is auto-generated *\/\n!function(d,l){\"use strict\";l.querySelector&&d.addEventListener&&\"undefined\"!=typeof URL&&(d.wp=d.wp||{},d.wp.receiveEmbedMessage||(d.wp.receiveEmbedMessage=function(e){var t=e.data;if((t||t.secret||t.message||t.value)&&!\/[^a-zA-Z0-9]\/.test(t.secret)){for(var s,r,n,a=l.querySelectorAll('iframe[data-secret=\"'+t.secret+'\"]'),o=l.querySelectorAll('blockquote[data-secret=\"'+t.secret+'\"]'),c=new RegExp(\"^https?:$\",\"i\"),i=0;i<o.length;i++)o[i].style.display=\"none\";for(i=0;i<a.length;i++)s=a[i],e.source===s.contentWindow&&(s.removeAttribute(\"style\"),\"height\"===t.message?(1e3<(r=parseInt(t.value,10))?r=1e3:~~r<200&&(r=200),s.height=r):\"link\"===t.message&&(r=new URL(s.getAttribute(\"src\")),n=new URL(t.value),c.test(n.protocol))&&n.host===r.host&&l.activeElement===s&&(d.top.location.href=t.value))}},d.addEventListener(\"message\",d.wp.receiveEmbedMessage,!1),l.addEventListener(\"DOMContentLoaded\",function(){for(var e,t,s=l.querySelectorAll(\"iframe.wp-embedded-content\"),r=0;r<s.length;r++)(t=(e=s[r]).getAttribute(\"data-secret\"))||(t=Math.random().toString(36).substring(2,12),e.src+=\"#?secret=\"+t,e.setAttribute(\"data-secret\",t)),e.contentWindow.postMessage({message:\"ready\",secret:t},\"*\")},!1)))}(window,document);\n\/* ]]> *\/\n<\/script>\n","thumbnail_url":"https:\/\/cyclingpro.net\/velopro\/wp-content\/uploads\/2017\/07\/giuseppemartinelli-illustr-tourdefrance2017.jpg","thumbnail_width":1050,"thumbnail_height":525,"description":"Le directeur sportif de l&rsquo;\u00e9quipe Astana, Guiseppe MARTINELLI, s&rsquo;est montr\u00e9 un peu amer hier apr\u00e8s l&rsquo;arriv\u00e9e d&rsquo;une \u00e9tape qui, sur le papier ne pr\u00e9sentait pas de difficult\u00e9s majeures, mais o\u00f9, au final, Christopher FROOME reprend pas moins de 25\u00a0\u00bb \u00e0 Fabio ARU, le d\u00e9poss\u00e9dant du maillot jaune pour 19\u00a0\u00bb. Beppe Martinelli confiait \u00e0 La Gazetta &hellip;"}

VéloPro.fr

Martinelli un peu amer - VéloPro.fr

<blockquote class="wp-embedded-content" data-secret="FVTBGMfIEZ"><a href="https://cyclingpro.net/velopro/course/tour-de-france/martinelli-un-peu-amer/">Martinelli un peu amer</a></blockquote><iframe sandbox="allow-scripts" security="restricted" src="https://cyclingpro.net/velopro/course/tour-de-france/martinelli-un-peu-amer/embed/#?secret=FVTBGMfIEZ" width="600" height="338" title="« Martinelli un peu amer » &#8212; VéloPro.fr" data-secret="FVTBGMfIEZ" frameborder="0" marginwidth="0" marginheight="0" scrolling="no" class="wp-embedded-content"></iframe><script type="text/javascript">
/* <![CDATA[ */
/*! This file is auto-generated */
!function(d,l){"use strict";l.querySelector&&d.addEventListener&&"undefined"!=typeof URL&&(d.wp=d.wp||{},d.wp.receiveEmbedMessage||(d.wp.receiveEmbedMessage=function(e){var t=e.data;if((t||t.secret||t.message||t.value)&&!/[^a-zA-Z0-9]/.test(t.secret)){for(var s,r,n,a=l.querySelectorAll('iframe[data-secret="'+t.secret+'"]'),o=l.querySelectorAll('blockquote[data-secret="'+t.secret+'"]'),c=new RegExp("^https?:$","i"),i=0;i<o.length;i++)o[i].style.display="none";for(i=0;i<a.length;i++)s=a[i],e.source===s.contentWindow&&(s.removeAttribute("style"),"height"===t.message?(1e3<(r=parseInt(t.value,10))?r=1e3:~~r<200&&(r=200),s.height=r):"link"===t.message&&(r=new URL(s.getAttribute("src")),n=new URL(t.value),c.test(n.protocol))&&n.host===r.host&&l.activeElement===s&&(d.top.location.href=t.value))}},d.addEventListener("message",d.wp.receiveEmbedMessage,!1),l.addEventListener("DOMContentLoaded",function(){for(var e,t,s=l.querySelectorAll("iframe.wp-embedded-content"),r=0;r<s.length;r++)(t=(e=s[r]).getAttribute("data-secret"))||(t=Math.random().toString(36).substring(2,12),e.src+="#?secret="+t,e.setAttribute("data-secret",t)),e.contentWindow.postMessage({message:"ready",secret:t},"*")},!1)))}(window,document);
/* ]]> */
</script>

Le directeur sportif de l&rsquo;équipe Astana, Guiseppe MARTINELLI, s&rsquo;est montré un peu amer hier après l&rsquo;arrivée d&rsquo;une étape qui, sur le papier ne présentait pas de difficultés majeures, mais où, au final, Christopher FROOME reprend pas moins de 25 » à Fabio ARU, le dépossédant du maillot jaune pour 19 ». Beppe Martinelli confiait à La Gazetta &hellip;
