{"version":"1.0","provider_name":"V\u00e9loPro.fr","provider_url":"https:\/\/cyclingpro.net\/velopro","author_name":"James Odvart","author_url":"https:\/\/cyclingpro.net\/velopro\/author\/jodvart\/","title":"Un maillot jaune tr\u00e8s convoit\u00e9 - V\u00e9loPro.fr","type":"rich","width":600,"height":338,"html":"<blockquote class=\"wp-embedded-content\" data-secret=\"yiCWkbMjuz\"><a href=\"https:\/\/cyclingpro.net\/velopro\/course\/tour-de-france\/maillot-jaune-tres-convoite\/\">Un maillot jaune tr\u00e8s convoit\u00e9<\/a><\/blockquote><iframe sandbox=\"allow-scripts\" security=\"restricted\" src=\"https:\/\/cyclingpro.net\/velopro\/course\/tour-de-france\/maillot-jaune-tres-convoite\/embed\/#?secret=yiCWkbMjuz\" width=\"600\" height=\"338\" title=\"\u00ab\u00a0Un maillot jaune tr\u00e8s convoit\u00e9\u00a0\u00bb &#8212; V\u00e9loPro.fr\" data-secret=\"yiCWkbMjuz\" frameborder=\"0\" marginwidth=\"0\" marginheight=\"0\" scrolling=\"no\" class=\"wp-embedded-content\"><\/iframe><script type=\"text\/javascript\">\n\/* <![CDATA[ *\/\n\/*! This file is auto-generated *\/\n!function(d,l){\"use strict\";l.querySelector&&d.addEventListener&&\"undefined\"!=typeof URL&&(d.wp=d.wp||{},d.wp.receiveEmbedMessage||(d.wp.receiveEmbedMessage=function(e){var t=e.data;if((t||t.secret||t.message||t.value)&&!\/[^a-zA-Z0-9]\/.test(t.secret)){for(var s,r,n,a=l.querySelectorAll('iframe[data-secret=\"'+t.secret+'\"]'),o=l.querySelectorAll('blockquote[data-secret=\"'+t.secret+'\"]'),c=new RegExp(\"^https?:$\",\"i\"),i=0;i<o.length;i++)o[i].style.display=\"none\";for(i=0;i<a.length;i++)s=a[i],e.source===s.contentWindow&&(s.removeAttribute(\"style\"),\"height\"===t.message?(1e3<(r=parseInt(t.value,10))?r=1e3:~~r<200&&(r=200),s.height=r):\"link\"===t.message&&(r=new URL(s.getAttribute(\"src\")),n=new URL(t.value),c.test(n.protocol))&&n.host===r.host&&l.activeElement===s&&(d.top.location.href=t.value))}},d.addEventListener(\"message\",d.wp.receiveEmbedMessage,!1),l.addEventListener(\"DOMContentLoaded\",function(){for(var e,t,s=l.querySelectorAll(\"iframe.wp-embedded-content\"),r=0;r<s.length;r++)(t=(e=s[r]).getAttribute(\"data-secret\"))||(t=Math.random().toString(36).substring(2,12),e.src+=\"#?secret=\"+t,e.setAttribute(\"data-secret\",t)),e.contentWindow.postMessage({message:\"ready\",secret:t},\"*\")},!1)))}(window,document);\n\/* ]]> *\/\n<\/script>\n","thumbnail_url":"https:\/\/cyclingpro.net\/velopro\/wp-content\/uploads\/2017\/07\/Aru.jpg","thumbnail_width":620,"thumbnail_height":412,"description":"L&rsquo;Italien Fabio Aru s&rsquo;est empar\u00e9 du maillot jaune sur l&rsquo;\u00e9tape de Peyragudes. Le leader d&rsquo;Astana se positionne en tant que vainqueur potentiel de cette Grande Boucle, de quoi faire \u00e9lever encore un peu plus sa c\u00f4te sur le march\u00e9 des transferts. \u00ab\u00a0Alexandre Vinokourov fait de son mieux pour garder Fabio dans l&rsquo;\u00e9quipe. C&rsquo;est s\u00fbr que &hellip;"}

VéloPro.fr

Un maillot jaune très convoité - VéloPro.fr

<blockquote class="wp-embedded-content" data-secret="yiCWkbMjuz"><a href="https://cyclingpro.net/velopro/course/tour-de-france/maillot-jaune-tres-convoite/">Un maillot jaune très convoité</a></blockquote><iframe sandbox="allow-scripts" security="restricted" src="https://cyclingpro.net/velopro/course/tour-de-france/maillot-jaune-tres-convoite/embed/#?secret=yiCWkbMjuz" width="600" height="338" title="« Un maillot jaune très convoité » &#8212; VéloPro.fr" data-secret="yiCWkbMjuz" frameborder="0" marginwidth="0" marginheight="0" scrolling="no" class="wp-embedded-content"></iframe><script type="text/javascript">
/* <![CDATA[ */
/*! This file is auto-generated */
!function(d,l){"use strict";l.querySelector&&d.addEventListener&&"undefined"!=typeof URL&&(d.wp=d.wp||{},d.wp.receiveEmbedMessage||(d.wp.receiveEmbedMessage=function(e){var t=e.data;if((t||t.secret||t.message||t.value)&&!/[^a-zA-Z0-9]/.test(t.secret)){for(var s,r,n,a=l.querySelectorAll('iframe[data-secret="'+t.secret+'"]'),o=l.querySelectorAll('blockquote[data-secret="'+t.secret+'"]'),c=new RegExp("^https?:$","i"),i=0;i<o.length;i++)o[i].style.display="none";for(i=0;i<a.length;i++)s=a[i],e.source===s.contentWindow&&(s.removeAttribute("style"),"height"===t.message?(1e3<(r=parseInt(t.value,10))?r=1e3:~~r<200&&(r=200),s.height=r):"link"===t.message&&(r=new URL(s.getAttribute("src")),n=new URL(t.value),c.test(n.protocol))&&n.host===r.host&&l.activeElement===s&&(d.top.location.href=t.value))}},d.addEventListener("message",d.wp.receiveEmbedMessage,!1),l.addEventListener("DOMContentLoaded",function(){for(var e,t,s=l.querySelectorAll("iframe.wp-embedded-content"),r=0;r<s.length;r++)(t=(e=s[r]).getAttribute("data-secret"))||(t=Math.random().toString(36).substring(2,12),e.src+="#?secret="+t,e.setAttribute("data-secret",t)),e.contentWindow.postMessage({message:"ready",secret:t},"*")},!1)))}(window,document);
/* ]]> */
</script>

L&rsquo;Italien Fabio Aru s&rsquo;est emparé du maillot jaune sur l&rsquo;étape de Peyragudes. Le leader d&rsquo;Astana se positionne en tant que vainqueur potentiel de cette Grande Boucle, de quoi faire élever encore un peu plus sa côte sur le marché des transferts. « Alexandre Vinokourov fait de son mieux pour garder Fabio dans l&rsquo;équipe. C&rsquo;est sûr que &hellip;
