{"version":"1.0","provider_name":"V\u00e9loPro.fr","provider_url":"https:\/\/cyclingpro.net\/velopro","author_name":"James Odvart","author_url":"https:\/\/cyclingpro.net\/velopro\/author\/jodvart\/","title":"L'UCI retire les p\u00e9nalit\u00e9s de temps - V\u00e9loPro.fr","type":"rich","width":600,"height":338,"html":"<blockquote class=\"wp-embedded-content\" data-secret=\"8csri0iYc1\"><a href=\"https:\/\/cyclingpro.net\/velopro\/course\/tour-de-france\/luci-retire-penalites-de-temps\/\">L&rsquo;UCI retire les p\u00e9nalit\u00e9s de temps<\/a><\/blockquote><iframe sandbox=\"allow-scripts\" security=\"restricted\" src=\"https:\/\/cyclingpro.net\/velopro\/course\/tour-de-france\/luci-retire-penalites-de-temps\/embed\/#?secret=8csri0iYc1\" width=\"600\" height=\"338\" title=\"\u00ab\u00a0L&rsquo;UCI retire les p\u00e9nalit\u00e9s de temps\u00a0\u00bb &#8212; V\u00e9loPro.fr\" data-secret=\"8csri0iYc1\" frameborder=\"0\" marginwidth=\"0\" marginheight=\"0\" scrolling=\"no\" class=\"wp-embedded-content\"><\/iframe><script type=\"text\/javascript\">\n\/* <![CDATA[ *\/\n\/*! This file is auto-generated *\/\n!function(d,l){\"use strict\";l.querySelector&&d.addEventListener&&\"undefined\"!=typeof URL&&(d.wp=d.wp||{},d.wp.receiveEmbedMessage||(d.wp.receiveEmbedMessage=function(e){var t=e.data;if((t||t.secret||t.message||t.value)&&!\/[^a-zA-Z0-9]\/.test(t.secret)){for(var s,r,n,a=l.querySelectorAll('iframe[data-secret=\"'+t.secret+'\"]'),o=l.querySelectorAll('blockquote[data-secret=\"'+t.secret+'\"]'),c=new RegExp(\"^https?:$\",\"i\"),i=0;i<o.length;i++)o[i].style.display=\"none\";for(i=0;i<a.length;i++)s=a[i],e.source===s.contentWindow&&(s.removeAttribute(\"style\"),\"height\"===t.message?(1e3<(r=parseInt(t.value,10))?r=1e3:~~r<200&&(r=200),s.height=r):\"link\"===t.message&&(r=new URL(s.getAttribute(\"src\")),n=new URL(t.value),c.test(n.protocol))&&n.host===r.host&&l.activeElement===s&&(d.top.location.href=t.value))}},d.addEventListener(\"message\",d.wp.receiveEmbedMessage,!1),l.addEventListener(\"DOMContentLoaded\",function(){for(var e,t,s=l.querySelectorAll(\"iframe.wp-embedded-content\"),r=0;r<s.length;r++)(t=(e=s[r]).getAttribute(\"data-secret\"))||(t=Math.random().toString(36).substring(2,12),e.src+=\"#?secret=\"+t,e.setAttribute(\"data-secret\",t)),e.contentWindow.postMessage({message:\"ready\",secret:t},\"*\")},!1)))}(window,document);\n\/* ]]> *\/\n<\/script>\n","thumbnail_url":"https:\/\/cyclingpro.net\/velopro\/wp-content\/uploads\/2017\/07\/672386373.jpg","thumbnail_width":1050,"thumbnail_height":698,"description":"Coup de th\u00e9\u00e2tre avant le d\u00e9part de la treizi\u00e8me \u00e9tape du Tour de France puisque l&rsquo;UCI a d\u00e9cid\u00e9 de retirer les p\u00e9nalit\u00e9s de temps (20 secondes) distribu\u00e9es \u00e0 Rigoberto Uran, George Bennett et Serge Pauwels. Rigoberto Uran, George Bennett, Serge Pauwels, et Romain Bardet ont \u00e9t\u00e9 ravitaill\u00e9s tous les trois dans les derniers kilom\u00e8tres de &hellip;"}

VéloPro.fr

L'UCI retire les pénalités de temps - VéloPro.fr

<blockquote class="wp-embedded-content" data-secret="8csri0iYc1"><a href="https://cyclingpro.net/velopro/course/tour-de-france/luci-retire-penalites-de-temps/">L&rsquo;UCI retire les pénalités de temps</a></blockquote><iframe sandbox="allow-scripts" security="restricted" src="https://cyclingpro.net/velopro/course/tour-de-france/luci-retire-penalites-de-temps/embed/#?secret=8csri0iYc1" width="600" height="338" title="« L&rsquo;UCI retire les pénalités de temps » &#8212; VéloPro.fr" data-secret="8csri0iYc1" frameborder="0" marginwidth="0" marginheight="0" scrolling="no" class="wp-embedded-content"></iframe><script type="text/javascript">
/* <![CDATA[ */
/*! This file is auto-generated */
!function(d,l){"use strict";l.querySelector&&d.addEventListener&&"undefined"!=typeof URL&&(d.wp=d.wp||{},d.wp.receiveEmbedMessage||(d.wp.receiveEmbedMessage=function(e){var t=e.data;if((t||t.secret||t.message||t.value)&&!/[^a-zA-Z0-9]/.test(t.secret)){for(var s,r,n,a=l.querySelectorAll('iframe[data-secret="'+t.secret+'"]'),o=l.querySelectorAll('blockquote[data-secret="'+t.secret+'"]'),c=new RegExp("^https?:$","i"),i=0;i<o.length;i++)o[i].style.display="none";for(i=0;i<a.length;i++)s=a[i],e.source===s.contentWindow&&(s.removeAttribute("style"),"height"===t.message?(1e3<(r=parseInt(t.value,10))?r=1e3:~~r<200&&(r=200),s.height=r):"link"===t.message&&(r=new URL(s.getAttribute("src")),n=new URL(t.value),c.test(n.protocol))&&n.host===r.host&&l.activeElement===s&&(d.top.location.href=t.value))}},d.addEventListener("message",d.wp.receiveEmbedMessage,!1),l.addEventListener("DOMContentLoaded",function(){for(var e,t,s=l.querySelectorAll("iframe.wp-embedded-content"),r=0;r<s.length;r++)(t=(e=s[r]).getAttribute("data-secret"))||(t=Math.random().toString(36).substring(2,12),e.src+="#?secret="+t,e.setAttribute("data-secret",t)),e.contentWindow.postMessage({message:"ready",secret:t},"*")},!1)))}(window,document);
/* ]]> */
</script>

Coup de théâtre avant le départ de la treizième étape du Tour de France puisque l&rsquo;UCI a décidé de retirer les pénalités de temps (20 secondes) distribuées à Rigoberto Uran, George Bennett et Serge Pauwels. Rigoberto Uran, George Bennett, Serge Pauwels, et Romain Bardet ont été ravitaillés tous les trois dans les derniers kilomètres de &hellip;
