{"version":"1.0","provider_name":"V\u00e9loPro.fr","provider_url":"https:\/\/cyclingpro.net\/velopro","author_name":"Antoine Plouvin","author_url":"https:\/\/cyclingpro.net\/velopro\/author\/aplouvin\/","title":"Geraint Thomas : \"C'\u00e9tait de l'instinct\" - V\u00e9loPro.fr","type":"rich","width":600,"height":338,"html":"<blockquote class=\"wp-embedded-content\" data-secret=\"9KhScKs7H3\"><a href=\"https:\/\/cyclingpro.net\/velopro\/course\/tour-de-france\/geraint-thomas-cetait-de-linstinct\/\">Geraint Thomas : \u00ab\u00a0C&rsquo;\u00e9tait de l&rsquo;instinct\u00a0\u00bb<\/a><\/blockquote><iframe sandbox=\"allow-scripts\" security=\"restricted\" src=\"https:\/\/cyclingpro.net\/velopro\/course\/tour-de-france\/geraint-thomas-cetait-de-linstinct\/embed\/#?secret=9KhScKs7H3\" width=\"600\" height=\"338\" title=\"\u00ab\u00a0Geraint Thomas : \u00ab\u00a0C&rsquo;\u00e9tait de l&rsquo;instinct\u00a0\u00bb\u00a0\u00bb &#8212; V\u00e9loPro.fr\" data-secret=\"9KhScKs7H3\" frameborder=\"0\" marginwidth=\"0\" marginheight=\"0\" scrolling=\"no\" class=\"wp-embedded-content\"><\/iframe><script type=\"text\/javascript\">\n\/* <![CDATA[ *\/\n\/*! This file is auto-generated *\/\n!function(d,l){\"use strict\";l.querySelector&&d.addEventListener&&\"undefined\"!=typeof URL&&(d.wp=d.wp||{},d.wp.receiveEmbedMessage||(d.wp.receiveEmbedMessage=function(e){var t=e.data;if((t||t.secret||t.message||t.value)&&!\/[^a-zA-Z0-9]\/.test(t.secret)){for(var s,r,n,a=l.querySelectorAll('iframe[data-secret=\"'+t.secret+'\"]'),o=l.querySelectorAll('blockquote[data-secret=\"'+t.secret+'\"]'),c=new RegExp(\"^https?:$\",\"i\"),i=0;i<o.length;i++)o[i].style.display=\"none\";for(i=0;i<a.length;i++)s=a[i],e.source===s.contentWindow&&(s.removeAttribute(\"style\"),\"height\"===t.message?(1e3<(r=parseInt(t.value,10))?r=1e3:~~r<200&&(r=200),s.height=r):\"link\"===t.message&&(r=new URL(s.getAttribute(\"src\")),n=new URL(t.value),c.test(n.protocol))&&n.host===r.host&&l.activeElement===s&&(d.top.location.href=t.value))}},d.addEventListener(\"message\",d.wp.receiveEmbedMessage,!1),l.addEventListener(\"DOMContentLoaded\",function(){for(var e,t,s=l.querySelectorAll(\"iframe.wp-embedded-content\"),r=0;r<s.length;r++)(t=(e=s[r]).getAttribute(\"data-secret\"))||(t=Math.random().toString(36).substring(2,12),e.src+=\"#?secret=\"+t,e.setAttribute(\"data-secret\",t)),e.contentWindow.postMessage({message:\"ready\",secret:t},\"*\")},!1)))}(window,document);\n\/* ]]> *\/\n<\/script>\n","thumbnail_url":"https:\/\/cyclingpro.net\/velopro\/wp-content\/uploads\/2018\/07\/geraintthomas-podiumyellowjersey-stage11-tourdefrance2018.jpg","thumbnail_width":1050,"thumbnail_height":530,"description":"C&rsquo;est la journ\u00e9e r\u00eav\u00e9e pour le Team Sky. Certes ils ont \u00e9t\u00e9 attaqu\u00e9s par les vaillants et courageux Alejandro Valverde (Movistar) et Tom Dumoulin (Sunweb), mais malgr\u00e9 un beau raid, Valverde l&rsquo;a pay\u00e9 cher avec un d\u00e9bours de plus de 3&prime;. Dumoulin a bien tenu en finissant deuxi\u00e8me mais il y a probablement laiss\u00e9 beaucoup &hellip;"}

VéloPro.fr

Geraint Thomas : "C'était de l'instinct" - VéloPro.fr

<blockquote class="wp-embedded-content" data-secret="9KhScKs7H3"><a href="https://cyclingpro.net/velopro/course/tour-de-france/geraint-thomas-cetait-de-linstinct/">Geraint Thomas : « C&rsquo;était de l&rsquo;instinct »</a></blockquote><iframe sandbox="allow-scripts" security="restricted" src="https://cyclingpro.net/velopro/course/tour-de-france/geraint-thomas-cetait-de-linstinct/embed/#?secret=9KhScKs7H3" width="600" height="338" title="« Geraint Thomas : « C&rsquo;était de l&rsquo;instinct » » &#8212; VéloPro.fr" data-secret="9KhScKs7H3" frameborder="0" marginwidth="0" marginheight="0" scrolling="no" class="wp-embedded-content"></iframe><script type="text/javascript">
/* <![CDATA[ */
/*! This file is auto-generated */
!function(d,l){"use strict";l.querySelector&&d.addEventListener&&"undefined"!=typeof URL&&(d.wp=d.wp||{},d.wp.receiveEmbedMessage||(d.wp.receiveEmbedMessage=function(e){var t=e.data;if((t||t.secret||t.message||t.value)&&!/[^a-zA-Z0-9]/.test(t.secret)){for(var s,r,n,a=l.querySelectorAll('iframe[data-secret="'+t.secret+'"]'),o=l.querySelectorAll('blockquote[data-secret="'+t.secret+'"]'),c=new RegExp("^https?:$","i"),i=0;i<o.length;i++)o[i].style.display="none";for(i=0;i<a.length;i++)s=a[i],e.source===s.contentWindow&&(s.removeAttribute("style"),"height"===t.message?(1e3<(r=parseInt(t.value,10))?r=1e3:~~r<200&&(r=200),s.height=r):"link"===t.message&&(r=new URL(s.getAttribute("src")),n=new URL(t.value),c.test(n.protocol))&&n.host===r.host&&l.activeElement===s&&(d.top.location.href=t.value))}},d.addEventListener("message",d.wp.receiveEmbedMessage,!1),l.addEventListener("DOMContentLoaded",function(){for(var e,t,s=l.querySelectorAll("iframe.wp-embedded-content"),r=0;r<s.length;r++)(t=(e=s[r]).getAttribute("data-secret"))||(t=Math.random().toString(36).substring(2,12),e.src+="#?secret="+t,e.setAttribute("data-secret",t)),e.contentWindow.postMessage({message:"ready",secret:t},"*")},!1)))}(window,document);
/* ]]> */
</script>

C&rsquo;est la journée rêvée pour le Team Sky. Certes ils ont été attaqués par les vaillants et courageux Alejandro Valverde (Movistar) et Tom Dumoulin (Sunweb), mais malgré un beau raid, Valverde l&rsquo;a payé cher avec un débours de plus de 3&prime;. Dumoulin a bien tenu en finissant deuxième mais il y a probablement laissé beaucoup &hellip;
