{"version":"1.0","provider_name":"V\u00e9loPro.fr","provider_url":"https:\/\/cyclingpro.net\/velopro","author_name":"James Odvart","author_url":"https:\/\/cyclingpro.net\/velopro\/author\/jodvart\/","title":"De grosses contusions pour Rafal Majka - V\u00e9loPro.fr","type":"rich","width":600,"height":338,"html":"<blockquote class=\"wp-embedded-content\" data-secret=\"QwEVbbzNqE\"><a href=\"https:\/\/cyclingpro.net\/velopro\/course\/tour-de-france\/de-grosses-contusions-rafal-majka\/\">De grosses contusions pour Rafal Majka<\/a><\/blockquote><iframe sandbox=\"allow-scripts\" security=\"restricted\" src=\"https:\/\/cyclingpro.net\/velopro\/course\/tour-de-france\/de-grosses-contusions-rafal-majka\/embed\/#?secret=QwEVbbzNqE\" width=\"600\" height=\"338\" title=\"\u00ab\u00a0De grosses contusions pour Rafal Majka\u00a0\u00bb &#8212; V\u00e9loPro.fr\" data-secret=\"QwEVbbzNqE\" frameborder=\"0\" marginwidth=\"0\" marginheight=\"0\" scrolling=\"no\" class=\"wp-embedded-content\"><\/iframe><script type=\"text\/javascript\">\n\/* <![CDATA[ *\/\n\/*! This file is auto-generated *\/\n!function(d,l){\"use strict\";l.querySelector&&d.addEventListener&&\"undefined\"!=typeof URL&&(d.wp=d.wp||{},d.wp.receiveEmbedMessage||(d.wp.receiveEmbedMessage=function(e){var t=e.data;if((t||t.secret||t.message||t.value)&&!\/[^a-zA-Z0-9]\/.test(t.secret)){for(var s,r,n,a=l.querySelectorAll('iframe[data-secret=\"'+t.secret+'\"]'),o=l.querySelectorAll('blockquote[data-secret=\"'+t.secret+'\"]'),c=new RegExp(\"^https?:$\",\"i\"),i=0;i<o.length;i++)o[i].style.display=\"none\";for(i=0;i<a.length;i++)s=a[i],e.source===s.contentWindow&&(s.removeAttribute(\"style\"),\"height\"===t.message?(1e3<(r=parseInt(t.value,10))?r=1e3:~~r<200&&(r=200),s.height=r):\"link\"===t.message&&(r=new URL(s.getAttribute(\"src\")),n=new URL(t.value),c.test(n.protocol))&&n.host===r.host&&l.activeElement===s&&(d.top.location.href=t.value))}},d.addEventListener(\"message\",d.wp.receiveEmbedMessage,!1),l.addEventListener(\"DOMContentLoaded\",function(){for(var e,t,s=l.querySelectorAll(\"iframe.wp-embedded-content\"),r=0;r<s.length;r++)(t=(e=s[r]).getAttribute(\"data-secret\"))||(t=Math.random().toString(36).substring(2,12),e.src+=\"#?secret=\"+t,e.setAttribute(\"data-secret\",t)),e.contentWindow.postMessage({message:\"ready\",secret:t},\"*\")},!1)))}(window,document);\n\/* ]]> *\/\n<\/script>\n","thumbnail_url":"https:\/\/cyclingpro.net\/velopro\/wp-content\/uploads\/2017\/07\/20170709TDF8016.jpg","thumbnail_width":1050,"thumbnail_height":699,"description":"Le Tour de France 2017 de Rafal Majka aurait pu se conclure \u00e0 Chamb\u00e9ry. Le coureur polonais est tomb\u00e9 hier dans une descente avec Geraint Thomas et Matteo Trentin. Le leader de la Bora-Hansgrohe a r\u00e9ussi \u00e0 repartir et a termin\u00e9 \u00e0 36&rsquo;21 de Rigoberto Uran, vainqueur du jour, malgr\u00e9 des blessures sur tout le &hellip;"}

VéloPro.fr

De grosses contusions pour Rafal Majka - VéloPro.fr

<blockquote class="wp-embedded-content" data-secret="QwEVbbzNqE"><a href="https://cyclingpro.net/velopro/course/tour-de-france/de-grosses-contusions-rafal-majka/">De grosses contusions pour Rafal Majka</a></blockquote><iframe sandbox="allow-scripts" security="restricted" src="https://cyclingpro.net/velopro/course/tour-de-france/de-grosses-contusions-rafal-majka/embed/#?secret=QwEVbbzNqE" width="600" height="338" title="« De grosses contusions pour Rafal Majka » &#8212; VéloPro.fr" data-secret="QwEVbbzNqE" frameborder="0" marginwidth="0" marginheight="0" scrolling="no" class="wp-embedded-content"></iframe><script type="text/javascript">
/* <![CDATA[ */
/*! This file is auto-generated */
!function(d,l){"use strict";l.querySelector&&d.addEventListener&&"undefined"!=typeof URL&&(d.wp=d.wp||{},d.wp.receiveEmbedMessage||(d.wp.receiveEmbedMessage=function(e){var t=e.data;if((t||t.secret||t.message||t.value)&&!/[^a-zA-Z0-9]/.test(t.secret)){for(var s,r,n,a=l.querySelectorAll('iframe[data-secret="'+t.secret+'"]'),o=l.querySelectorAll('blockquote[data-secret="'+t.secret+'"]'),c=new RegExp("^https?:$","i"),i=0;i<o.length;i++)o[i].style.display="none";for(i=0;i<a.length;i++)s=a[i],e.source===s.contentWindow&&(s.removeAttribute("style"),"height"===t.message?(1e3<(r=parseInt(t.value,10))?r=1e3:~~r<200&&(r=200),s.height=r):"link"===t.message&&(r=new URL(s.getAttribute("src")),n=new URL(t.value),c.test(n.protocol))&&n.host===r.host&&l.activeElement===s&&(d.top.location.href=t.value))}},d.addEventListener("message",d.wp.receiveEmbedMessage,!1),l.addEventListener("DOMContentLoaded",function(){for(var e,t,s=l.querySelectorAll("iframe.wp-embedded-content"),r=0;r<s.length;r++)(t=(e=s[r]).getAttribute("data-secret"))||(t=Math.random().toString(36).substring(2,12),e.src+="#?secret="+t,e.setAttribute("data-secret",t)),e.contentWindow.postMessage({message:"ready",secret:t},"*")},!1)))}(window,document);
/* ]]> */
</script>

Le Tour de France 2017 de Rafal Majka aurait pu se conclure à Chambéry. Le coureur polonais est tombé hier dans une descente avec Geraint Thomas et Matteo Trentin. Le leader de la Bora-Hansgrohe a réussi à repartir et a terminé à 36&rsquo;21 de Rigoberto Uran, vainqueur du jour, malgré des blessures sur tout le &hellip;
