{"version":"1.0","provider_name":"V\u00e9loPro.fr","provider_url":"https:\/\/cyclingpro.net\/velopro","author_name":"Antoine Plouvin","author_url":"https:\/\/cyclingpro.net\/velopro\/author\/aplouvin\/","title":"Dan Martin, sans freins dans la descente - V\u00e9loPro.fr","type":"rich","width":600,"height":338,"html":"<blockquote class=\"wp-embedded-content\" data-secret=\"aUAaxBjpb3\"><a href=\"https:\/\/cyclingpro.net\/velopro\/course\/tour-de-france\/dan-martin-freins-descente\/\">Dan Martin, sans freins dans la descente<\/a><\/blockquote><iframe sandbox=\"allow-scripts\" security=\"restricted\" src=\"https:\/\/cyclingpro.net\/velopro\/course\/tour-de-france\/dan-martin-freins-descente\/embed\/#?secret=aUAaxBjpb3\" width=\"600\" height=\"338\" title=\"\u00ab\u00a0Dan Martin, sans freins dans la descente\u00a0\u00bb &#8212; V\u00e9loPro.fr\" data-secret=\"aUAaxBjpb3\" frameborder=\"0\" marginwidth=\"0\" marginheight=\"0\" scrolling=\"no\" class=\"wp-embedded-content\"><\/iframe><script type=\"text\/javascript\">\n\/* <![CDATA[ *\/\n\/*! This file is auto-generated *\/\n!function(d,l){\"use strict\";l.querySelector&&d.addEventListener&&\"undefined\"!=typeof URL&&(d.wp=d.wp||{},d.wp.receiveEmbedMessage||(d.wp.receiveEmbedMessage=function(e){var t=e.data;if((t||t.secret||t.message||t.value)&&!\/[^a-zA-Z0-9]\/.test(t.secret)){for(var s,r,n,a=l.querySelectorAll('iframe[data-secret=\"'+t.secret+'\"]'),o=l.querySelectorAll('blockquote[data-secret=\"'+t.secret+'\"]'),c=new RegExp(\"^https?:$\",\"i\"),i=0;i<o.length;i++)o[i].style.display=\"none\";for(i=0;i<a.length;i++)s=a[i],e.source===s.contentWindow&&(s.removeAttribute(\"style\"),\"height\"===t.message?(1e3<(r=parseInt(t.value,10))?r=1e3:~~r<200&&(r=200),s.height=r):\"link\"===t.message&&(r=new URL(s.getAttribute(\"src\")),n=new URL(t.value),c.test(n.protocol))&&n.host===r.host&&l.activeElement===s&&(d.top.location.href=t.value))}},d.addEventListener(\"message\",d.wp.receiveEmbedMessage,!1),l.addEventListener(\"DOMContentLoaded\",function(){for(var e,t,s=l.querySelectorAll(\"iframe.wp-embedded-content\"),r=0;r<s.length;r++)(t=(e=s[r]).getAttribute(\"data-secret\"))||(t=Math.random().toString(36).substring(2,12),e.src+=\"#?secret=\"+t,e.setAttribute(\"data-secret\",t)),e.contentWindow.postMessage({message:\"ready\",secret:t},\"*\")},!1)))}(window,document);\n\/* ]]> *\/\n<\/script>\n","thumbnail_url":"https:\/\/cyclingpro.net\/velopro\/wp-content\/uploads\/2017\/07\/danmartin-finishingstage9-tourdefrance2017.jpg","thumbnail_width":1050,"thumbnail_height":525,"description":"Cette \u00e9tape de Chamb\u00e9ry laissera un souvenir douloureux \u00e0 de nombreux coureurs. Quintana perd beaucoup de temps, Contador perd tout espoir, Porte \u00e0 l\u2019h\u00f4pital\u2026 Dan Martin en gardera lui un souvenir mitig\u00e9. A la fois il n\u2019a pas flanch\u00e9 en franchissant le Mont du Chat avec les favoris, m\u00eame s\u2019il a mis un peu de &hellip;"}

VéloPro.fr

Dan Martin, sans freins dans la descente - VéloPro.fr

<blockquote class="wp-embedded-content" data-secret="aUAaxBjpb3"><a href="https://cyclingpro.net/velopro/course/tour-de-france/dan-martin-freins-descente/">Dan Martin, sans freins dans la descente</a></blockquote><iframe sandbox="allow-scripts" security="restricted" src="https://cyclingpro.net/velopro/course/tour-de-france/dan-martin-freins-descente/embed/#?secret=aUAaxBjpb3" width="600" height="338" title="« Dan Martin, sans freins dans la descente » &#8212; VéloPro.fr" data-secret="aUAaxBjpb3" frameborder="0" marginwidth="0" marginheight="0" scrolling="no" class="wp-embedded-content"></iframe><script type="text/javascript">
/* <![CDATA[ */
/*! This file is auto-generated */
!function(d,l){"use strict";l.querySelector&&d.addEventListener&&"undefined"!=typeof URL&&(d.wp=d.wp||{},d.wp.receiveEmbedMessage||(d.wp.receiveEmbedMessage=function(e){var t=e.data;if((t||t.secret||t.message||t.value)&&!/[^a-zA-Z0-9]/.test(t.secret)){for(var s,r,n,a=l.querySelectorAll('iframe[data-secret="'+t.secret+'"]'),o=l.querySelectorAll('blockquote[data-secret="'+t.secret+'"]'),c=new RegExp("^https?:$","i"),i=0;i<o.length;i++)o[i].style.display="none";for(i=0;i<a.length;i++)s=a[i],e.source===s.contentWindow&&(s.removeAttribute("style"),"height"===t.message?(1e3<(r=parseInt(t.value,10))?r=1e3:~~r<200&&(r=200),s.height=r):"link"===t.message&&(r=new URL(s.getAttribute("src")),n=new URL(t.value),c.test(n.protocol))&&n.host===r.host&&l.activeElement===s&&(d.top.location.href=t.value))}},d.addEventListener("message",d.wp.receiveEmbedMessage,!1),l.addEventListener("DOMContentLoaded",function(){for(var e,t,s=l.querySelectorAll("iframe.wp-embedded-content"),r=0;r<s.length;r++)(t=(e=s[r]).getAttribute("data-secret"))||(t=Math.random().toString(36).substring(2,12),e.src+="#?secret="+t,e.setAttribute("data-secret",t)),e.contentWindow.postMessage({message:"ready",secret:t},"*")},!1)))}(window,document);
/* ]]> */
</script>

Cette étape de Chambéry laissera un souvenir douloureux à de nombreux coureurs. Quintana perd beaucoup de temps, Contador perd tout espoir, Porte à l’hôpital… Dan Martin en gardera lui un souvenir mitigé. A la fois il n’a pas flanché en franchissant le Mont du Chat avec les favoris, même s’il a mis un peu de &hellip;
