{"version":"1.0","provider_name":"V\u00e9loPro.fr","provider_url":"https:\/\/cyclingpro.net\/velopro","author_name":"Antoine Plouvin","author_url":"https:\/\/cyclingpro.net\/velopro\/author\/aplouvin\/","title":"Christopher Froome : \u00ab\u00a0Il y a eu des moments chaotiques\u00a0\u00bb - V\u00e9loPro.fr","type":"rich","width":600,"height":338,"html":"<blockquote class=\"wp-embedded-content\" data-secret=\"6pOSleGXDu\"><a href=\"https:\/\/cyclingpro.net\/velopro\/course\/tour-de-france\/christopher-froome-y-a-moments-chaotiques\/\">Christopher Froome : \u00ab\u00a0Il y a eu des moments chaotiques\u00a0\u00bb<\/a><\/blockquote><iframe sandbox=\"allow-scripts\" security=\"restricted\" src=\"https:\/\/cyclingpro.net\/velopro\/course\/tour-de-france\/christopher-froome-y-a-moments-chaotiques\/embed\/#?secret=6pOSleGXDu\" width=\"600\" height=\"338\" title=\"\u00ab\u00a0Christopher Froome : \u00ab\u00a0Il y a eu des moments chaotiques\u00a0\u00bb\u00a0\u00bb &#8212; V\u00e9loPro.fr\" data-secret=\"6pOSleGXDu\" frameborder=\"0\" marginwidth=\"0\" marginheight=\"0\" scrolling=\"no\" class=\"wp-embedded-content\"><\/iframe><script type=\"text\/javascript\">\n\/* <![CDATA[ *\/\n\/*! This file is auto-generated *\/\n!function(d,l){\"use strict\";l.querySelector&&d.addEventListener&&\"undefined\"!=typeof URL&&(d.wp=d.wp||{},d.wp.receiveEmbedMessage||(d.wp.receiveEmbedMessage=function(e){var t=e.data;if((t||t.secret||t.message||t.value)&&!\/[^a-zA-Z0-9]\/.test(t.secret)){for(var s,r,n,a=l.querySelectorAll('iframe[data-secret=\"'+t.secret+'\"]'),o=l.querySelectorAll('blockquote[data-secret=\"'+t.secret+'\"]'),c=new RegExp(\"^https?:$\",\"i\"),i=0;i<o.length;i++)o[i].style.display=\"none\";for(i=0;i<a.length;i++)s=a[i],e.source===s.contentWindow&&(s.removeAttribute(\"style\"),\"height\"===t.message?(1e3<(r=parseInt(t.value,10))?r=1e3:~~r<200&&(r=200),s.height=r):\"link\"===t.message&&(r=new URL(s.getAttribute(\"src\")),n=new URL(t.value),c.test(n.protocol))&&n.host===r.host&&l.activeElement===s&&(d.top.location.href=t.value))}},d.addEventListener(\"message\",d.wp.receiveEmbedMessage,!1),l.addEventListener(\"DOMContentLoaded\",function(){for(var e,t,s=l.querySelectorAll(\"iframe.wp-embedded-content\"),r=0;r<s.length;r++)(t=(e=s[r]).getAttribute(\"data-secret\"))||(t=Math.random().toString(36).substring(2,12),e.src+=\"#?secret=\"+t,e.setAttribute(\"data-secret\",t)),e.contentWindow.postMessage({message:\"ready\",secret:t},\"*\")},!1)))}(window,document);\n\/* ]]> *\/\n<\/script>\n","thumbnail_url":"https:\/\/cyclingpro.net\/velopro\/wp-content\/uploads\/2017\/07\/chrisfroome-afterfinish-stage15-tourdefrance2017.jpg","thumbnail_width":1050,"thumbnail_height":525,"description":"Moment de panique \u00e0 une quarantaine de kilom\u00e8tres de l\u2019arriv\u00e9e. AG2R La Mondiale lance une offensive, Sky est un peu surpris et alors que Froome parvient \u00e0 rentr\u00e9 en faisant l\u2019effort lui-m\u00eame, le voil\u00e0 oblig\u00e9 de changer de roue. Rel\u00e9gu\u00e9 \u00e0 50 secondes le maillot jaune du Tour de France est oblig\u00e9 de faire une &hellip;"}

VéloPro.fr

Christopher Froome : « Il y a eu des moments chaotiques » - VéloPro.fr

<blockquote class="wp-embedded-content" data-secret="6pOSleGXDu"><a href="https://cyclingpro.net/velopro/course/tour-de-france/christopher-froome-y-a-moments-chaotiques/">Christopher Froome : « Il y a eu des moments chaotiques »</a></blockquote><iframe sandbox="allow-scripts" security="restricted" src="https://cyclingpro.net/velopro/course/tour-de-france/christopher-froome-y-a-moments-chaotiques/embed/#?secret=6pOSleGXDu" width="600" height="338" title="« Christopher Froome : « Il y a eu des moments chaotiques » » &#8212; VéloPro.fr" data-secret="6pOSleGXDu" frameborder="0" marginwidth="0" marginheight="0" scrolling="no" class="wp-embedded-content"></iframe><script type="text/javascript">
/* <![CDATA[ */
/*! This file is auto-generated */
!function(d,l){"use strict";l.querySelector&&d.addEventListener&&"undefined"!=typeof URL&&(d.wp=d.wp||{},d.wp.receiveEmbedMessage||(d.wp.receiveEmbedMessage=function(e){var t=e.data;if((t||t.secret||t.message||t.value)&&!/[^a-zA-Z0-9]/.test(t.secret)){for(var s,r,n,a=l.querySelectorAll('iframe[data-secret="'+t.secret+'"]'),o=l.querySelectorAll('blockquote[data-secret="'+t.secret+'"]'),c=new RegExp("^https?:$","i"),i=0;i<o.length;i++)o[i].style.display="none";for(i=0;i<a.length;i++)s=a[i],e.source===s.contentWindow&&(s.removeAttribute("style"),"height"===t.message?(1e3<(r=parseInt(t.value,10))?r=1e3:~~r<200&&(r=200),s.height=r):"link"===t.message&&(r=new URL(s.getAttribute("src")),n=new URL(t.value),c.test(n.protocol))&&n.host===r.host&&l.activeElement===s&&(d.top.location.href=t.value))}},d.addEventListener("message",d.wp.receiveEmbedMessage,!1),l.addEventListener("DOMContentLoaded",function(){for(var e,t,s=l.querySelectorAll("iframe.wp-embedded-content"),r=0;r<s.length;r++)(t=(e=s[r]).getAttribute("data-secret"))||(t=Math.random().toString(36).substring(2,12),e.src+="#?secret="+t,e.setAttribute("data-secret",t)),e.contentWindow.postMessage({message:"ready",secret:t},"*")},!1)))}(window,document);
/* ]]> */
</script>

Moment de panique à une quarantaine de kilomètres de l’arrivée. AG2R La Mondiale lance une offensive, Sky est un peu surpris et alors que Froome parvient à rentré en faisant l’effort lui-même, le voilà obligé de changer de roue. Relégué à 50 secondes le maillot jaune du Tour de France est obligé de faire une &hellip;
