{"version":"1.0","provider_name":"V\u00e9loPro.fr","provider_url":"https:\/\/cyclingpro.net\/velopro","author_name":"Antoine Plouvin","author_url":"https:\/\/cyclingpro.net\/velopro\/author\/aplouvin\/","title":"Bardet s'est accroch\u00e9 avec Dumoulin - V\u00e9loPro.fr","type":"rich","width":600,"height":338,"html":"<blockquote class=\"wp-embedded-content\" data-secret=\"F4Utp74i75\"><a href=\"https:\/\/cyclingpro.net\/velopro\/course\/tour-de-france\/bardet-sest-accroche-avec-dumoulin\/\">Bardet s&rsquo;est accroch\u00e9 avec Dumoulin<\/a><\/blockquote><iframe sandbox=\"allow-scripts\" security=\"restricted\" src=\"https:\/\/cyclingpro.net\/velopro\/course\/tour-de-france\/bardet-sest-accroche-avec-dumoulin\/embed\/#?secret=F4Utp74i75\" width=\"600\" height=\"338\" title=\"\u00ab\u00a0Bardet s&rsquo;est accroch\u00e9 avec Dumoulin\u00a0\u00bb &#8212; V\u00e9loPro.fr\" data-secret=\"F4Utp74i75\" frameborder=\"0\" marginwidth=\"0\" marginheight=\"0\" scrolling=\"no\" class=\"wp-embedded-content\"><\/iframe><script type=\"text\/javascript\">\n\/* <![CDATA[ *\/\n\/*! This file is auto-generated *\/\n!function(d,l){\"use strict\";l.querySelector&&d.addEventListener&&\"undefined\"!=typeof URL&&(d.wp=d.wp||{},d.wp.receiveEmbedMessage||(d.wp.receiveEmbedMessage=function(e){var t=e.data;if((t||t.secret||t.message||t.value)&&!\/[^a-zA-Z0-9]\/.test(t.secret)){for(var s,r,n,a=l.querySelectorAll('iframe[data-secret=\"'+t.secret+'\"]'),o=l.querySelectorAll('blockquote[data-secret=\"'+t.secret+'\"]'),c=new RegExp(\"^https?:$\",\"i\"),i=0;i<o.length;i++)o[i].style.display=\"none\";for(i=0;i<a.length;i++)s=a[i],e.source===s.contentWindow&&(s.removeAttribute(\"style\"),\"height\"===t.message?(1e3<(r=parseInt(t.value,10))?r=1e3:~~r<200&&(r=200),s.height=r):\"link\"===t.message&&(r=new URL(s.getAttribute(\"src\")),n=new URL(t.value),c.test(n.protocol))&&n.host===r.host&&l.activeElement===s&&(d.top.location.href=t.value))}},d.addEventListener(\"message\",d.wp.receiveEmbedMessage,!1),l.addEventListener(\"DOMContentLoaded\",function(){for(var e,t,s=l.querySelectorAll(\"iframe.wp-embedded-content\"),r=0;r<s.length;r++)(t=(e=s[r]).getAttribute(\"data-secret\"))||(t=Math.random().toString(36).substring(2,12),e.src+=\"#?secret=\"+t,e.setAttribute(\"data-secret\",t)),e.contentWindow.postMessage({message:\"ready\",secret:t},\"*\")},!1)))}(window,document);\n\/* ]]> *\/\n<\/script>\n","thumbnail_url":"https:\/\/cyclingpro.net\/velopro\/wp-content\/uploads\/2018\/07\/romainbardet-finishing-murdebretagne-stage6-tourdefrance2018.jpg","thumbnail_width":1050,"thumbnail_height":598,"description":"Romain Bardet (AG2R La Mondiale) a perdu 28 secondes sur le groupe des leaders au sommet de M\u00fbr-de-Bretagne. Le Fran\u00e7ais n&rsquo;a pas pu suivre dans l&rsquo;ascension apr\u00e8s avoir fait l&rsquo;effort pour revenir suite \u00e0 un incident m\u00e9canique \u00e0 environ\u00a0 3 kilom\u00e8tres de l&rsquo;arriv\u00e9e. Il a termin\u00e9 sur le v\u00e9lo de son \u00e9quipier Tony Gallopin. \u00ab\u00a0J&rsquo;ai &hellip;"}

VéloPro.fr

Bardet s'est accroché avec Dumoulin - VéloPro.fr

<blockquote class="wp-embedded-content" data-secret="F4Utp74i75"><a href="https://cyclingpro.net/velopro/course/tour-de-france/bardet-sest-accroche-avec-dumoulin/">Bardet s&rsquo;est accroché avec Dumoulin</a></blockquote><iframe sandbox="allow-scripts" security="restricted" src="https://cyclingpro.net/velopro/course/tour-de-france/bardet-sest-accroche-avec-dumoulin/embed/#?secret=F4Utp74i75" width="600" height="338" title="« Bardet s&rsquo;est accroché avec Dumoulin » &#8212; VéloPro.fr" data-secret="F4Utp74i75" frameborder="0" marginwidth="0" marginheight="0" scrolling="no" class="wp-embedded-content"></iframe><script type="text/javascript">
/* <![CDATA[ */
/*! This file is auto-generated */
!function(d,l){"use strict";l.querySelector&&d.addEventListener&&"undefined"!=typeof URL&&(d.wp=d.wp||{},d.wp.receiveEmbedMessage||(d.wp.receiveEmbedMessage=function(e){var t=e.data;if((t||t.secret||t.message||t.value)&&!/[^a-zA-Z0-9]/.test(t.secret)){for(var s,r,n,a=l.querySelectorAll('iframe[data-secret="'+t.secret+'"]'),o=l.querySelectorAll('blockquote[data-secret="'+t.secret+'"]'),c=new RegExp("^https?:$","i"),i=0;i<o.length;i++)o[i].style.display="none";for(i=0;i<a.length;i++)s=a[i],e.source===s.contentWindow&&(s.removeAttribute("style"),"height"===t.message?(1e3<(r=parseInt(t.value,10))?r=1e3:~~r<200&&(r=200),s.height=r):"link"===t.message&&(r=new URL(s.getAttribute("src")),n=new URL(t.value),c.test(n.protocol))&&n.host===r.host&&l.activeElement===s&&(d.top.location.href=t.value))}},d.addEventListener("message",d.wp.receiveEmbedMessage,!1),l.addEventListener("DOMContentLoaded",function(){for(var e,t,s=l.querySelectorAll("iframe.wp-embedded-content"),r=0;r<s.length;r++)(t=(e=s[r]).getAttribute("data-secret"))||(t=Math.random().toString(36).substring(2,12),e.src+="#?secret="+t,e.setAttribute("data-secret",t)),e.contentWindow.postMessage({message:"ready",secret:t},"*")},!1)))}(window,document);
/* ]]> */
</script>

Romain Bardet (AG2R La Mondiale) a perdu 28 secondes sur le groupe des leaders au sommet de Mûr-de-Bretagne. Le Français n&rsquo;a pas pu suivre dans l&rsquo;ascension après avoir fait l&rsquo;effort pour revenir suite à un incident mécanique à environ  3 kilomètres de l&rsquo;arrivée. Il a terminé sur le vélo de son équipier Tony Gallopin. « J&rsquo;ai &hellip;
