{"version":"1.0","provider_name":"V\u00e9loPro.fr","provider_url":"https:\/\/cyclingpro.net\/velopro","author_name":"Mathieu Toye","author_url":"https:\/\/cyclingpro.net\/velopro\/author\/mtoye\/","title":"Tour d'Alberta : Evan Huffman premier leader - V\u00e9loPro.fr","type":"rich","width":600,"height":338,"html":"<blockquote class=\"wp-embedded-content\" data-secret=\"xrGgoN2NBf\"><a href=\"https:\/\/cyclingpro.net\/velopro\/course\/tour-dalberta\/tour-dalberta-evan-huffman-premier-leader\/\">Tour d&rsquo;Alberta : Evan Huffman premier leader<\/a><\/blockquote><iframe sandbox=\"allow-scripts\" security=\"restricted\" src=\"https:\/\/cyclingpro.net\/velopro\/course\/tour-dalberta\/tour-dalberta-evan-huffman-premier-leader\/embed\/#?secret=xrGgoN2NBf\" width=\"600\" height=\"338\" title=\"\u00ab\u00a0Tour d&rsquo;Alberta : Evan Huffman premier leader\u00a0\u00bb &#8212; V\u00e9loPro.fr\" data-secret=\"xrGgoN2NBf\" frameborder=\"0\" marginwidth=\"0\" marginheight=\"0\" scrolling=\"no\" class=\"wp-embedded-content\"><\/iframe><script type=\"text\/javascript\">\n\/* <![CDATA[ *\/\n\/*! This file is auto-generated *\/\n!function(d,l){\"use strict\";l.querySelector&&d.addEventListener&&\"undefined\"!=typeof URL&&(d.wp=d.wp||{},d.wp.receiveEmbedMessage||(d.wp.receiveEmbedMessage=function(e){var t=e.data;if((t||t.secret||t.message||t.value)&&!\/[^a-zA-Z0-9]\/.test(t.secret)){for(var s,r,n,a=l.querySelectorAll('iframe[data-secret=\"'+t.secret+'\"]'),o=l.querySelectorAll('blockquote[data-secret=\"'+t.secret+'\"]'),c=new RegExp(\"^https?:$\",\"i\"),i=0;i<o.length;i++)o[i].style.display=\"none\";for(i=0;i<a.length;i++)s=a[i],e.source===s.contentWindow&&(s.removeAttribute(\"style\"),\"height\"===t.message?(1e3<(r=parseInt(t.value,10))?r=1e3:~~r<200&&(r=200),s.height=r):\"link\"===t.message&&(r=new URL(s.getAttribute(\"src\")),n=new URL(t.value),c.test(n.protocol))&&n.host===r.host&&l.activeElement===s&&(d.top.location.href=t.value))}},d.addEventListener(\"message\",d.wp.receiveEmbedMessage,!1),l.addEventListener(\"DOMContentLoaded\",function(){for(var e,t,s=l.querySelectorAll(\"iframe.wp-embedded-content\"),r=0;r<s.length;r++)(t=(e=s[r]).getAttribute(\"data-secret\"))||(t=Math.random().toString(36).substring(2,12),e.src+=\"#?secret=\"+t,e.setAttribute(\"data-secret\",t)),e.contentWindow.postMessage({message:\"ready\",secret:t},\"*\")},!1)))}(window,document);\n\/* ]]> *\/\n<\/script>\n","thumbnail_url":"https:\/\/cyclingpro.net\/velopro\/wp-content\/uploads\/2017\/09\/Evan-Huffman-Tour-of-Alberta-2017-660x330.jpg","thumbnail_width":660,"thumbnail_height":330,"description":"Evan Huffman ( Rally ) a remport\u00e9 la premi\u00e8re \u00e9tape du Tour d&rsquo;Alberta devant son \u00e9quipier Sepp Kuss et Tom-Jelte Slagter ( Cannondale-Drapac ). Huffman, pass\u00e9 par les rangs de l&rsquo;\u00e9quipe Astana en 2013 et 2014, remporte sa sixi\u00e8me victoire de l&rsquo;ann\u00e9e, apr\u00e8s notamment deux \u00e9tapes du Tour de Californie. Il a l\u00e2ch\u00e9 ses compagnons &hellip;"}

VéloPro.fr

Tour d'Alberta : Evan Huffman premier leader - VéloPro.fr

<blockquote class="wp-embedded-content" data-secret="xrGgoN2NBf"><a href="https://cyclingpro.net/velopro/course/tour-dalberta/tour-dalberta-evan-huffman-premier-leader/">Tour d&rsquo;Alberta : Evan Huffman premier leader</a></blockquote><iframe sandbox="allow-scripts" security="restricted" src="https://cyclingpro.net/velopro/course/tour-dalberta/tour-dalberta-evan-huffman-premier-leader/embed/#?secret=xrGgoN2NBf" width="600" height="338" title="« Tour d&rsquo;Alberta : Evan Huffman premier leader » &#8212; VéloPro.fr" data-secret="xrGgoN2NBf" frameborder="0" marginwidth="0" marginheight="0" scrolling="no" class="wp-embedded-content"></iframe><script type="text/javascript">
/* <![CDATA[ */
/*! This file is auto-generated */
!function(d,l){"use strict";l.querySelector&&d.addEventListener&&"undefined"!=typeof URL&&(d.wp=d.wp||{},d.wp.receiveEmbedMessage||(d.wp.receiveEmbedMessage=function(e){var t=e.data;if((t||t.secret||t.message||t.value)&&!/[^a-zA-Z0-9]/.test(t.secret)){for(var s,r,n,a=l.querySelectorAll('iframe[data-secret="'+t.secret+'"]'),o=l.querySelectorAll('blockquote[data-secret="'+t.secret+'"]'),c=new RegExp("^https?:$","i"),i=0;i<o.length;i++)o[i].style.display="none";for(i=0;i<a.length;i++)s=a[i],e.source===s.contentWindow&&(s.removeAttribute("style"),"height"===t.message?(1e3<(r=parseInt(t.value,10))?r=1e3:~~r<200&&(r=200),s.height=r):"link"===t.message&&(r=new URL(s.getAttribute("src")),n=new URL(t.value),c.test(n.protocol))&&n.host===r.host&&l.activeElement===s&&(d.top.location.href=t.value))}},d.addEventListener("message",d.wp.receiveEmbedMessage,!1),l.addEventListener("DOMContentLoaded",function(){for(var e,t,s=l.querySelectorAll("iframe.wp-embedded-content"),r=0;r<s.length;r++)(t=(e=s[r]).getAttribute("data-secret"))||(t=Math.random().toString(36).substring(2,12),e.src+="#?secret="+t,e.setAttribute("data-secret",t)),e.contentWindow.postMessage({message:"ready",secret:t},"*")},!1)))}(window,document);
/* ]]> */
</script>

Evan Huffman ( Rally ) a remporté la première étape du Tour d&rsquo;Alberta devant son équipier Sepp Kuss et Tom-Jelte Slagter ( Cannondale-Drapac ). Huffman, passé par les rangs de l&rsquo;équipe Astana en 2013 et 2014, remporte sa sixième victoire de l&rsquo;année, après notamment deux étapes du Tour de Californie. Il a lâché ses compagnons &hellip;
