{"version":"1.0","provider_name":"V\u00e9loPro.fr","provider_url":"https:\/\/cyclingpro.net\/velopro","author_name":"Antoine Plouvin","author_url":"https:\/\/cyclingpro.net\/velopro\/author\/aplouvin\/","title":"Marc Soler au Tour Colombia 2019 - V\u00e9loPro.fr","type":"rich","width":600,"height":338,"html":"<blockquote class=\"wp-embedded-content\" data-secret=\"ACydDbDi2J\"><a href=\"https:\/\/cyclingpro.net\/velopro\/course\/tour-colombia\/marc-soler-au-tour-colombia-2019\/\">Marc Soler au Tour Colombia 2019<\/a><\/blockquote><iframe sandbox=\"allow-scripts\" security=\"restricted\" src=\"https:\/\/cyclingpro.net\/velopro\/course\/tour-colombia\/marc-soler-au-tour-colombia-2019\/embed\/#?secret=ACydDbDi2J\" width=\"600\" height=\"338\" title=\"\u00ab\u00a0Marc Soler au Tour Colombia 2019\u00a0\u00bb &#8212; V\u00e9loPro.fr\" data-secret=\"ACydDbDi2J\" frameborder=\"0\" marginwidth=\"0\" marginheight=\"0\" scrolling=\"no\" class=\"wp-embedded-content\"><\/iframe><script type=\"text\/javascript\">\n\/* <![CDATA[ *\/\n\/*! This file is auto-generated *\/\n!function(d,l){\"use strict\";l.querySelector&&d.addEventListener&&\"undefined\"!=typeof URL&&(d.wp=d.wp||{},d.wp.receiveEmbedMessage||(d.wp.receiveEmbedMessage=function(e){var t=e.data;if((t||t.secret||t.message||t.value)&&!\/[^a-zA-Z0-9]\/.test(t.secret)){for(var s,r,n,a=l.querySelectorAll('iframe[data-secret=\"'+t.secret+'\"]'),o=l.querySelectorAll('blockquote[data-secret=\"'+t.secret+'\"]'),c=new RegExp(\"^https?:$\",\"i\"),i=0;i<o.length;i++)o[i].style.display=\"none\";for(i=0;i<a.length;i++)s=a[i],e.source===s.contentWindow&&(s.removeAttribute(\"style\"),\"height\"===t.message?(1e3<(r=parseInt(t.value,10))?r=1e3:~~r<200&&(r=200),s.height=r):\"link\"===t.message&&(r=new URL(s.getAttribute(\"src\")),n=new URL(t.value),c.test(n.protocol))&&n.host===r.host&&l.activeElement===s&&(d.top.location.href=t.value))}},d.addEventListener(\"message\",d.wp.receiveEmbedMessage,!1),l.addEventListener(\"DOMContentLoaded\",function(){for(var e,t,s=l.querySelectorAll(\"iframe.wp-embedded-content\"),r=0;r<s.length;r++)(t=(e=s[r]).getAttribute(\"data-secret\"))||(t=Math.random().toString(36).substring(2,12),e.src+=\"#?secret=\"+t,e.setAttribute(\"data-secret\",t)),e.contentWindow.postMessage({message:\"ready\",secret:t},\"*\")},!1)))}(window,document);\n\/* ]]> *\/\n<\/script>\n","thumbnail_url":"https:\/\/cyclingpro.net\/velopro\/wp-content\/uploads\/2019\/01\/marcsoler-tourdefrance2018.jpg","thumbnail_width":1050,"thumbnail_height":584,"description":"Marc Soler d\u00e9butera sa saison 2019 en compagnie de Nairo Quintana au Tour Colombia (12-17 f\u00e9vrier). Soler, qui a d\u00e9j\u00e0 annonc\u00e9 sa participation au prochain Tour de France (lire ici), o\u00f9 il sera un \u00e9quipier de luxe pour Nairo Quintana et Mikel Landa, prendra donc ses marques avec le colombiens d\u00e8s le d\u00e9but de saison. &hellip;"}

VéloPro.fr

Marc Soler au Tour Colombia 2019 - VéloPro.fr

<blockquote class="wp-embedded-content" data-secret="ACydDbDi2J"><a href="https://cyclingpro.net/velopro/course/tour-colombia/marc-soler-au-tour-colombia-2019/">Marc Soler au Tour Colombia 2019</a></blockquote><iframe sandbox="allow-scripts" security="restricted" src="https://cyclingpro.net/velopro/course/tour-colombia/marc-soler-au-tour-colombia-2019/embed/#?secret=ACydDbDi2J" width="600" height="338" title="« Marc Soler au Tour Colombia 2019 » &#8212; VéloPro.fr" data-secret="ACydDbDi2J" frameborder="0" marginwidth="0" marginheight="0" scrolling="no" class="wp-embedded-content"></iframe><script type="text/javascript">
/* <![CDATA[ */
/*! This file is auto-generated */
!function(d,l){"use strict";l.querySelector&&d.addEventListener&&"undefined"!=typeof URL&&(d.wp=d.wp||{},d.wp.receiveEmbedMessage||(d.wp.receiveEmbedMessage=function(e){var t=e.data;if((t||t.secret||t.message||t.value)&&!/[^a-zA-Z0-9]/.test(t.secret)){for(var s,r,n,a=l.querySelectorAll('iframe[data-secret="'+t.secret+'"]'),o=l.querySelectorAll('blockquote[data-secret="'+t.secret+'"]'),c=new RegExp("^https?:$","i"),i=0;i<o.length;i++)o[i].style.display="none";for(i=0;i<a.length;i++)s=a[i],e.source===s.contentWindow&&(s.removeAttribute("style"),"height"===t.message?(1e3<(r=parseInt(t.value,10))?r=1e3:~~r<200&&(r=200),s.height=r):"link"===t.message&&(r=new URL(s.getAttribute("src")),n=new URL(t.value),c.test(n.protocol))&&n.host===r.host&&l.activeElement===s&&(d.top.location.href=t.value))}},d.addEventListener("message",d.wp.receiveEmbedMessage,!1),l.addEventListener("DOMContentLoaded",function(){for(var e,t,s=l.querySelectorAll("iframe.wp-embedded-content"),r=0;r<s.length;r++)(t=(e=s[r]).getAttribute("data-secret"))||(t=Math.random().toString(36).substring(2,12),e.src+="#?secret="+t,e.setAttribute("data-secret",t)),e.contentWindow.postMessage({message:"ready",secret:t},"*")},!1)))}(window,document);
/* ]]> */
</script>

Marc Soler débutera sa saison 2019 en compagnie de Nairo Quintana au Tour Colombia (12-17 février). Soler, qui a déjà annoncé sa participation au prochain Tour de France (lire ici), où il sera un équipier de luxe pour Nairo Quintana et Mikel Landa, prendra donc ses marques avec le colombiens dès le début de saison. &hellip;
