{"version":"1.0","provider_name":"V\u00e9loPro.fr","provider_url":"https:\/\/cyclingpro.net\/velopro","author_name":"Antoine Plouvin","author_url":"https:\/\/cyclingpro.net\/velopro\/author\/aplouvin\/","title":"Romain Bardet : \"C'est bon pour la suite\" - V\u00e9loPro.fr","type":"rich","width":600,"height":338,"html":"<blockquote class=\"wp-embedded-content\" data-secret=\"JQ1ef1OTN5\"><a href=\"https:\/\/cyclingpro.net\/velopro\/course\/tirreno-adriatico\/romain-bardet-cest-bon-pour-la-suite\/\">Romain Bardet : \u00ab\u00a0C&rsquo;est bon pour la suite\u00a0\u00bb<\/a><\/blockquote><iframe sandbox=\"allow-scripts\" security=\"restricted\" src=\"https:\/\/cyclingpro.net\/velopro\/course\/tirreno-adriatico\/romain-bardet-cest-bon-pour-la-suite\/embed\/#?secret=JQ1ef1OTN5\" width=\"600\" height=\"338\" title=\"\u00ab\u00a0Romain Bardet : \u00ab\u00a0C&rsquo;est bon pour la suite\u00a0\u00bb\u00a0\u00bb &#8212; V\u00e9loPro.fr\" data-secret=\"JQ1ef1OTN5\" frameborder=\"0\" marginwidth=\"0\" marginheight=\"0\" scrolling=\"no\" class=\"wp-embedded-content\"><\/iframe><script type=\"text\/javascript\">\n\/* <![CDATA[ *\/\n\/*! This file is auto-generated *\/\n!function(d,l){\"use strict\";l.querySelector&&d.addEventListener&&\"undefined\"!=typeof URL&&(d.wp=d.wp||{},d.wp.receiveEmbedMessage||(d.wp.receiveEmbedMessage=function(e){var t=e.data;if((t||t.secret||t.message||t.value)&&!\/[^a-zA-Z0-9]\/.test(t.secret)){for(var s,r,n,a=l.querySelectorAll('iframe[data-secret=\"'+t.secret+'\"]'),o=l.querySelectorAll('blockquote[data-secret=\"'+t.secret+'\"]'),c=new RegExp(\"^https?:$\",\"i\"),i=0;i<o.length;i++)o[i].style.display=\"none\";for(i=0;i<a.length;i++)s=a[i],e.source===s.contentWindow&&(s.removeAttribute(\"style\"),\"height\"===t.message?(1e3<(r=parseInt(t.value,10))?r=1e3:~~r<200&&(r=200),s.height=r):\"link\"===t.message&&(r=new URL(s.getAttribute(\"src\")),n=new URL(t.value),c.test(n.protocol))&&n.host===r.host&&l.activeElement===s&&(d.top.location.href=t.value))}},d.addEventListener(\"message\",d.wp.receiveEmbedMessage,!1),l.addEventListener(\"DOMContentLoaded\",function(){for(var e,t,s=l.querySelectorAll(\"iframe.wp-embedded-content\"),r=0;r<s.length;r++)(t=(e=s[r]).getAttribute(\"data-secret\"))||(t=Math.random().toString(36).substring(2,12),e.src+=\"#?secret=\"+t,e.setAttribute(\"data-secret\",t)),e.contentWindow.postMessage({message:\"ready\",secret:t},\"*\")},!1)))}(window,document);\n\/* ]]> *\/\n<\/script>\n","thumbnail_url":"https:\/\/cyclingpro.net\/velopro\/wp-content\/uploads\/2018\/03\/romainbardet-illutr-signing-tirreno2018.jpg","thumbnail_width":1050,"thumbnail_height":525,"description":"Apr\u00e8s sa superbe deuxi\u00e8me place sur les Strade Bianche, Romain Bardet (AG2R La Mondiale) d\u00e9couvrait Tirreno Adriatico. Pas comme il l&rsquo;esp\u00e9rait sans doute puisque avec sa blessure survenue d\u00e9but f\u00e9vrier, il avait loup\u00e9 le Tour d&rsquo;Andalousie et manquait donc un peu de comp\u00e9tition au d\u00e9part de Camaiore mercredi dernier. Treizi\u00e8me du classement g\u00e9n\u00e9ral final, apr\u00e8s &hellip;"}

VéloPro.fr

Romain Bardet : "C'est bon pour la suite" - VéloPro.fr

<blockquote class="wp-embedded-content" data-secret="JQ1ef1OTN5"><a href="https://cyclingpro.net/velopro/course/tirreno-adriatico/romain-bardet-cest-bon-pour-la-suite/">Romain Bardet : « C&rsquo;est bon pour la suite »</a></blockquote><iframe sandbox="allow-scripts" security="restricted" src="https://cyclingpro.net/velopro/course/tirreno-adriatico/romain-bardet-cest-bon-pour-la-suite/embed/#?secret=JQ1ef1OTN5" width="600" height="338" title="« Romain Bardet : « C&rsquo;est bon pour la suite » » &#8212; VéloPro.fr" data-secret="JQ1ef1OTN5" frameborder="0" marginwidth="0" marginheight="0" scrolling="no" class="wp-embedded-content"></iframe><script type="text/javascript">
/* <![CDATA[ */
/*! This file is auto-generated */
!function(d,l){"use strict";l.querySelector&&d.addEventListener&&"undefined"!=typeof URL&&(d.wp=d.wp||{},d.wp.receiveEmbedMessage||(d.wp.receiveEmbedMessage=function(e){var t=e.data;if((t||t.secret||t.message||t.value)&&!/[^a-zA-Z0-9]/.test(t.secret)){for(var s,r,n,a=l.querySelectorAll('iframe[data-secret="'+t.secret+'"]'),o=l.querySelectorAll('blockquote[data-secret="'+t.secret+'"]'),c=new RegExp("^https?:$","i"),i=0;i<o.length;i++)o[i].style.display="none";for(i=0;i<a.length;i++)s=a[i],e.source===s.contentWindow&&(s.removeAttribute("style"),"height"===t.message?(1e3<(r=parseInt(t.value,10))?r=1e3:~~r<200&&(r=200),s.height=r):"link"===t.message&&(r=new URL(s.getAttribute("src")),n=new URL(t.value),c.test(n.protocol))&&n.host===r.host&&l.activeElement===s&&(d.top.location.href=t.value))}},d.addEventListener("message",d.wp.receiveEmbedMessage,!1),l.addEventListener("DOMContentLoaded",function(){for(var e,t,s=l.querySelectorAll("iframe.wp-embedded-content"),r=0;r<s.length;r++)(t=(e=s[r]).getAttribute("data-secret"))||(t=Math.random().toString(36).substring(2,12),e.src+="#?secret="+t,e.setAttribute("data-secret",t)),e.contentWindow.postMessage({message:"ready",secret:t},"*")},!1)))}(window,document);
/* ]]> */
</script>

Après sa superbe deuxième place sur les Strade Bianche, Romain Bardet (AG2R La Mondiale) découvrait Tirreno Adriatico. Pas comme il l&rsquo;espérait sans doute puisque avec sa blessure survenue début février, il avait loupé le Tour d&rsquo;Andalousie et manquait donc un peu de compétition au départ de Camaiore mercredi dernier. Treizième du classement général final, après &hellip;
