{"version":"1.0","provider_name":"V\u00e9loPro.fr","provider_url":"https:\/\/cyclingpro.net\/velopro","author_name":"Alexandre Mignot","author_url":"https:\/\/cyclingpro.net\/velopro\/author\/amignot\/","title":"Strade Bianche : La liste des engag\u00e9s - V\u00e9loPro.fr","type":"rich","width":600,"height":338,"html":"<blockquote class=\"wp-embedded-content\" data-secret=\"Yr95r6DrDn\"><a href=\"https:\/\/cyclingpro.net\/velopro\/course\/strade-bianche\/strade-bianche-startlist-provisoire-2\/\">Strade Bianche : La liste des engag\u00e9s<\/a><\/blockquote><iframe sandbox=\"allow-scripts\" security=\"restricted\" src=\"https:\/\/cyclingpro.net\/velopro\/course\/strade-bianche\/strade-bianche-startlist-provisoire-2\/embed\/#?secret=Yr95r6DrDn\" width=\"600\" height=\"338\" title=\"\u00ab\u00a0Strade Bianche : La liste des engag\u00e9s\u00a0\u00bb &#8212; V\u00e9loPro.fr\" data-secret=\"Yr95r6DrDn\" frameborder=\"0\" marginwidth=\"0\" marginheight=\"0\" scrolling=\"no\" class=\"wp-embedded-content\"><\/iframe><script type=\"text\/javascript\">\n\/* <![CDATA[ *\/\n\/*! This file is auto-generated *\/\n!function(d,l){\"use strict\";l.querySelector&&d.addEventListener&&\"undefined\"!=typeof URL&&(d.wp=d.wp||{},d.wp.receiveEmbedMessage||(d.wp.receiveEmbedMessage=function(e){var t=e.data;if((t||t.secret||t.message||t.value)&&!\/[^a-zA-Z0-9]\/.test(t.secret)){for(var s,r,n,a=l.querySelectorAll('iframe[data-secret=\"'+t.secret+'\"]'),o=l.querySelectorAll('blockquote[data-secret=\"'+t.secret+'\"]'),c=new RegExp(\"^https?:$\",\"i\"),i=0;i<o.length;i++)o[i].style.display=\"none\";for(i=0;i<a.length;i++)s=a[i],e.source===s.contentWindow&&(s.removeAttribute(\"style\"),\"height\"===t.message?(1e3<(r=parseInt(t.value,10))?r=1e3:~~r<200&&(r=200),s.height=r):\"link\"===t.message&&(r=new URL(s.getAttribute(\"src\")),n=new URL(t.value),c.test(n.protocol))&&n.host===r.host&&l.activeElement===s&&(d.top.location.href=t.value))}},d.addEventListener(\"message\",d.wp.receiveEmbedMessage,!1),l.addEventListener(\"DOMContentLoaded\",function(){for(var e,t,s=l.querySelectorAll(\"iframe.wp-embedded-content\"),r=0;r<s.length;r++)(t=(e=s[r]).getAttribute(\"data-secret\"))||(t=Math.random().toString(36).substring(2,12),e.src+=\"#?secret=\"+t,e.setAttribute(\"data-secret\",t)),e.contentWindow.postMessage({message:\"ready\",secret:t},\"*\")},!1)))}(window,document);\n\/* ]]> *\/\n<\/script>\n","thumbnail_url":"https:\/\/cyclingpro.net\/velopro\/wp-content\/uploads\/2018\/02\/Strade-Bianche.jpg","thumbnail_width":1050,"thumbnail_height":521,"description":"La Classique des Strade Bianche, appartenant d\u00e9sormais au WorldTour, et devenue un moment fort du d\u00e9but de saison, se tient ce samedi sur les routes blanches de Toscane. Et comme ces derni\u00e8res ann\u00e9es, un gros plateau est annonc\u00e9 avec, entre autres, le triple champion du monde Peter Sagan, le double vainqueur de l&rsquo;\u00e9preuve Michal Kwiatkowski, &hellip;"}

VéloPro.fr

Strade Bianche : La liste des engagés - VéloPro.fr

<blockquote class="wp-embedded-content" data-secret="Yr95r6DrDn"><a href="https://cyclingpro.net/velopro/course/strade-bianche/strade-bianche-startlist-provisoire-2/">Strade Bianche : La liste des engagés</a></blockquote><iframe sandbox="allow-scripts" security="restricted" src="https://cyclingpro.net/velopro/course/strade-bianche/strade-bianche-startlist-provisoire-2/embed/#?secret=Yr95r6DrDn" width="600" height="338" title="« Strade Bianche : La liste des engagés » &#8212; VéloPro.fr" data-secret="Yr95r6DrDn" frameborder="0" marginwidth="0" marginheight="0" scrolling="no" class="wp-embedded-content"></iframe><script type="text/javascript">
/* <![CDATA[ */
/*! This file is auto-generated */
!function(d,l){"use strict";l.querySelector&&d.addEventListener&&"undefined"!=typeof URL&&(d.wp=d.wp||{},d.wp.receiveEmbedMessage||(d.wp.receiveEmbedMessage=function(e){var t=e.data;if((t||t.secret||t.message||t.value)&&!/[^a-zA-Z0-9]/.test(t.secret)){for(var s,r,n,a=l.querySelectorAll('iframe[data-secret="'+t.secret+'"]'),o=l.querySelectorAll('blockquote[data-secret="'+t.secret+'"]'),c=new RegExp("^https?:$","i"),i=0;i<o.length;i++)o[i].style.display="none";for(i=0;i<a.length;i++)s=a[i],e.source===s.contentWindow&&(s.removeAttribute("style"),"height"===t.message?(1e3<(r=parseInt(t.value,10))?r=1e3:~~r<200&&(r=200),s.height=r):"link"===t.message&&(r=new URL(s.getAttribute("src")),n=new URL(t.value),c.test(n.protocol))&&n.host===r.host&&l.activeElement===s&&(d.top.location.href=t.value))}},d.addEventListener("message",d.wp.receiveEmbedMessage,!1),l.addEventListener("DOMContentLoaded",function(){for(var e,t,s=l.querySelectorAll("iframe.wp-embedded-content"),r=0;r<s.length;r++)(t=(e=s[r]).getAttribute("data-secret"))||(t=Math.random().toString(36).substring(2,12),e.src+="#?secret="+t,e.setAttribute("data-secret",t)),e.contentWindow.postMessage({message:"ready",secret:t},"*")},!1)))}(window,document);
/* ]]> */
</script>

La Classique des Strade Bianche, appartenant désormais au WorldTour, et devenue un moment fort du début de saison, se tient ce samedi sur les routes blanches de Toscane. Et comme ces dernières années, un gros plateau est annoncé avec, entre autres, le triple champion du monde Peter Sagan, le double vainqueur de l&rsquo;épreuve Michal Kwiatkowski, &hellip;
