{"version":"1.0","provider_name":"V\u00e9loPro.fr","provider_url":"https:\/\/cyclingpro.net\/velopro","author_name":"Antoine Plouvin","author_url":"https:\/\/cyclingpro.net\/velopro\/author\/aplouvin\/","title":"Paris-Nice : Lilian Calmejane pour s'affirmer comme leader - V\u00e9loPro.fr","type":"rich","width":600,"height":338,"html":"<blockquote class=\"wp-embedded-content\" data-secret=\"rajvZxa1Yu\"><a href=\"https:\/\/cyclingpro.net\/velopro\/course\/paris-nice\/paris-nice-lilian-calmejane-saffirmer-leader\/\">Paris-Nice : Lilian Calmejane pour s&rsquo;affirmer comme leader<\/a><\/blockquote><iframe sandbox=\"allow-scripts\" security=\"restricted\" src=\"https:\/\/cyclingpro.net\/velopro\/course\/paris-nice\/paris-nice-lilian-calmejane-saffirmer-leader\/embed\/#?secret=rajvZxa1Yu\" width=\"600\" height=\"338\" title=\"\u00ab\u00a0Paris-Nice : Lilian Calmejane pour s&rsquo;affirmer comme leader\u00a0\u00bb &#8212; V\u00e9loPro.fr\" data-secret=\"rajvZxa1Yu\" frameborder=\"0\" marginwidth=\"0\" marginheight=\"0\" scrolling=\"no\" class=\"wp-embedded-content\"><\/iframe><script type=\"text\/javascript\">\n\/* <![CDATA[ *\/\n\/*! This file is auto-generated *\/\n!function(d,l){\"use strict\";l.querySelector&&d.addEventListener&&\"undefined\"!=typeof URL&&(d.wp=d.wp||{},d.wp.receiveEmbedMessage||(d.wp.receiveEmbedMessage=function(e){var t=e.data;if((t||t.secret||t.message||t.value)&&!\/[^a-zA-Z0-9]\/.test(t.secret)){for(var s,r,n,a=l.querySelectorAll('iframe[data-secret=\"'+t.secret+'\"]'),o=l.querySelectorAll('blockquote[data-secret=\"'+t.secret+'\"]'),c=new RegExp(\"^https?:$\",\"i\"),i=0;i<o.length;i++)o[i].style.display=\"none\";for(i=0;i<a.length;i++)s=a[i],e.source===s.contentWindow&&(s.removeAttribute(\"style\"),\"height\"===t.message?(1e3<(r=parseInt(t.value,10))?r=1e3:~~r<200&&(r=200),s.height=r):\"link\"===t.message&&(r=new URL(s.getAttribute(\"src\")),n=new URL(t.value),c.test(n.protocol))&&n.host===r.host&&l.activeElement===s&&(d.top.location.href=t.value))}},d.addEventListener(\"message\",d.wp.receiveEmbedMessage,!1),l.addEventListener(\"DOMContentLoaded\",function(){for(var e,t,s=l.querySelectorAll(\"iframe.wp-embedded-content\"),r=0;r<s.length;r++)(t=(e=s[r]).getAttribute(\"data-secret\"))||(t=Math.random().toString(36).substring(2,12),e.src+=\"#?secret=\"+t,e.setAttribute(\"data-secret\",t)),e.contentWindow.postMessage({message:\"ready\",secret:t},\"*\")},!1)))}(window,document);\n\/* ]]> *\/\n<\/script>\n","thumbnail_url":"https:\/\/cyclingpro.net\/velopro\/wp-content\/uploads\/2018\/01\/Lilian-Calmejane.jpg","thumbnail_width":1050,"thumbnail_height":582,"description":"Tout juste 25 ans, deux Grands Tours disput\u00e9s\u00a0(Vuelta 2016 et Tour de France 2017), une victoire dans chacun des deux, et avec la mani\u00e8re \u00e0 chaque fois, Lilian Calmejane focalise les espoirs de son \u00e9quipe Direct Energie. Il est loin d&rsquo;\u00eatre la seule force de la formation vend\u00e9enne, qui ne manque pas de ressources comme &hellip;"}

VéloPro.fr

Paris-Nice : Lilian Calmejane pour s'affirmer comme leader - VéloPro.fr

<blockquote class="wp-embedded-content" data-secret="rajvZxa1Yu"><a href="https://cyclingpro.net/velopro/course/paris-nice/paris-nice-lilian-calmejane-saffirmer-leader/">Paris-Nice : Lilian Calmejane pour s&rsquo;affirmer comme leader</a></blockquote><iframe sandbox="allow-scripts" security="restricted" src="https://cyclingpro.net/velopro/course/paris-nice/paris-nice-lilian-calmejane-saffirmer-leader/embed/#?secret=rajvZxa1Yu" width="600" height="338" title="« Paris-Nice : Lilian Calmejane pour s&rsquo;affirmer comme leader » &#8212; VéloPro.fr" data-secret="rajvZxa1Yu" frameborder="0" marginwidth="0" marginheight="0" scrolling="no" class="wp-embedded-content"></iframe><script type="text/javascript">
/* <![CDATA[ */
/*! This file is auto-generated */
!function(d,l){"use strict";l.querySelector&&d.addEventListener&&"undefined"!=typeof URL&&(d.wp=d.wp||{},d.wp.receiveEmbedMessage||(d.wp.receiveEmbedMessage=function(e){var t=e.data;if((t||t.secret||t.message||t.value)&&!/[^a-zA-Z0-9]/.test(t.secret)){for(var s,r,n,a=l.querySelectorAll('iframe[data-secret="'+t.secret+'"]'),o=l.querySelectorAll('blockquote[data-secret="'+t.secret+'"]'),c=new RegExp("^https?:$","i"),i=0;i<o.length;i++)o[i].style.display="none";for(i=0;i<a.length;i++)s=a[i],e.source===s.contentWindow&&(s.removeAttribute("style"),"height"===t.message?(1e3<(r=parseInt(t.value,10))?r=1e3:~~r<200&&(r=200),s.height=r):"link"===t.message&&(r=new URL(s.getAttribute("src")),n=new URL(t.value),c.test(n.protocol))&&n.host===r.host&&l.activeElement===s&&(d.top.location.href=t.value))}},d.addEventListener("message",d.wp.receiveEmbedMessage,!1),l.addEventListener("DOMContentLoaded",function(){for(var e,t,s=l.querySelectorAll("iframe.wp-embedded-content"),r=0;r<s.length;r++)(t=(e=s[r]).getAttribute("data-secret"))||(t=Math.random().toString(36).substring(2,12),e.src+="#?secret="+t,e.setAttribute("data-secret",t)),e.contentWindow.postMessage({message:"ready",secret:t},"*")},!1)))}(window,document);
/* ]]> */
</script>

Tout juste 25 ans, deux Grands Tours disputés (Vuelta 2016 et Tour de France 2017), une victoire dans chacun des deux, et avec la manière à chaque fois, Lilian Calmejane focalise les espoirs de son équipe Direct Energie. Il est loin d&rsquo;être la seule force de la formation vendéenne, qui ne manque pas de ressources comme &hellip;
