{"version":"1.0","provider_name":"V\u00e9loPro.fr","provider_url":"https:\/\/cyclingpro.net\/velopro","author_name":"J\u00e9r\u00e9my Blais","author_url":"https:\/\/cyclingpro.net\/velopro\/author\/jblais\/","title":"Paris-Nice\u00a0: Le dernier mot des sprinteurs - V\u00e9loPro.fr","type":"rich","width":600,"height":338,"html":"<blockquote class=\"wp-embedded-content\" data-secret=\"2q7wUVy7EO\"><a href=\"https:\/\/cyclingpro.net\/velopro\/course\/paris-nice\/paris-nice-dernier-sprinteurs\/\">Paris-Nice\u00a0: Le dernier mot des sprinteurs<\/a><\/blockquote><iframe sandbox=\"allow-scripts\" security=\"restricted\" src=\"https:\/\/cyclingpro.net\/velopro\/course\/paris-nice\/paris-nice-dernier-sprinteurs\/embed\/#?secret=2q7wUVy7EO\" width=\"600\" height=\"338\" title=\"\u00ab\u00a0Paris-Nice\u00a0: Le dernier mot des sprinteurs\u00a0\u00bb &#8212; V\u00e9loPro.fr\" data-secret=\"2q7wUVy7EO\" frameborder=\"0\" marginwidth=\"0\" marginheight=\"0\" scrolling=\"no\" class=\"wp-embedded-content\"><\/iframe><script type=\"text\/javascript\">\n\/* <![CDATA[ *\/\n\/*! This file is auto-generated *\/\n!function(d,l){\"use strict\";l.querySelector&&d.addEventListener&&\"undefined\"!=typeof URL&&(d.wp=d.wp||{},d.wp.receiveEmbedMessage||(d.wp.receiveEmbedMessage=function(e){var t=e.data;if((t||t.secret||t.message||t.value)&&!\/[^a-zA-Z0-9]\/.test(t.secret)){for(var s,r,n,a=l.querySelectorAll('iframe[data-secret=\"'+t.secret+'\"]'),o=l.querySelectorAll('blockquote[data-secret=\"'+t.secret+'\"]'),c=new RegExp(\"^https?:$\",\"i\"),i=0;i<o.length;i++)o[i].style.display=\"none\";for(i=0;i<a.length;i++)s=a[i],e.source===s.contentWindow&&(s.removeAttribute(\"style\"),\"height\"===t.message?(1e3<(r=parseInt(t.value,10))?r=1e3:~~r<200&&(r=200),s.height=r):\"link\"===t.message&&(r=new URL(s.getAttribute(\"src\")),n=new URL(t.value),c.test(n.protocol))&&n.host===r.host&&l.activeElement===s&&(d.top.location.href=t.value))}},d.addEventListener(\"message\",d.wp.receiveEmbedMessage,!1),l.addEventListener(\"DOMContentLoaded\",function(){for(var e,t,s=l.querySelectorAll(\"iframe.wp-embedded-content\"),r=0;r<s.length;r++)(t=(e=s[r]).getAttribute(\"data-secret\"))||(t=Math.random().toString(36).substring(2,12),e.src+=\"#?secret=\"+t,e.setAttribute(\"data-secret\",t)),e.contentWindow.postMessage({message:\"ready\",secret:t},\"*\")},!1)))}(window,document);\n\/* ]]> *\/\n<\/script>\n","thumbnail_url":"https:\/\/cyclingpro.net\/velopro\/wp-content\/uploads\/2017\/03\/20170307212_071252.jpg","thumbnail_width":1000,"thumbnail_height":563,"description":"75\u00e8me Paris-Nice (2.UWT), du 5 au 12 mars Jeudi 9 mars : Etape 5, Quinci\u00e9-en-Beaujolais &#8211; Bourg-de-P\u00e9age (199,5 km) &nbsp; D\u00e9tails\u00a0: Apr\u00e8s avoir enfin trouv\u00e9 une occasion de sprinter massivement mardi, le peloton de Paris-Nice et surtout ses sprinteurs auront une derni\u00e8re occasion d&rsquo;arriv\u00e9e au complet (ou presque) et group\u00e9 aujourd&rsquo;hui. A Bourg-de-P\u00e9age, un sprint &hellip;"}

VéloPro.fr

Jérémy Blais

Paris-Nice : Le dernier mot des sprinteurs - VéloPro.fr

<blockquote class="wp-embedded-content" data-secret="2q7wUVy7EO"><a href="https://cyclingpro.net/velopro/course/paris-nice/paris-nice-dernier-sprinteurs/">Paris-Nice : Le dernier mot des sprinteurs</a></blockquote><iframe sandbox="allow-scripts" security="restricted" src="https://cyclingpro.net/velopro/course/paris-nice/paris-nice-dernier-sprinteurs/embed/#?secret=2q7wUVy7EO" width="600" height="338" title="« Paris-Nice : Le dernier mot des sprinteurs » &#8212; VéloPro.fr" data-secret="2q7wUVy7EO" frameborder="0" marginwidth="0" marginheight="0" scrolling="no" class="wp-embedded-content"></iframe><script type="text/javascript">
/* <![CDATA[ */
/*! This file is auto-generated */
!function(d,l){"use strict";l.querySelector&&d.addEventListener&&"undefined"!=typeof URL&&(d.wp=d.wp||{},d.wp.receiveEmbedMessage||(d.wp.receiveEmbedMessage=function(e){var t=e.data;if((t||t.secret||t.message||t.value)&&!/[^a-zA-Z0-9]/.test(t.secret)){for(var s,r,n,a=l.querySelectorAll('iframe[data-secret="'+t.secret+'"]'),o=l.querySelectorAll('blockquote[data-secret="'+t.secret+'"]'),c=new RegExp("^https?:$","i"),i=0;i<o.length;i++)o[i].style.display="none";for(i=0;i<a.length;i++)s=a[i],e.source===s.contentWindow&&(s.removeAttribute("style"),"height"===t.message?(1e3<(r=parseInt(t.value,10))?r=1e3:~~r<200&&(r=200),s.height=r):"link"===t.message&&(r=new URL(s.getAttribute("src")),n=new URL(t.value),c.test(n.protocol))&&n.host===r.host&&l.activeElement===s&&(d.top.location.href=t.value))}},d.addEventListener("message",d.wp.receiveEmbedMessage,!1),l.addEventListener("DOMContentLoaded",function(){for(var e,t,s=l.querySelectorAll("iframe.wp-embedded-content"),r=0;r<s.length;r++)(t=(e=s[r]).getAttribute("data-secret"))||(t=Math.random().toString(36).substring(2,12),e.src+="#?secret="+t,e.setAttribute("data-secret",t)),e.contentWindow.postMessage({message:"ready",secret:t},"*")},!1)))}(window,document);
/* ]]> */
</script>

75ème Paris-Nice (2.UWT), du 5 au 12 mars Jeudi 9 mars : Etape 5, Quincié-en-Beaujolais &#8211; Bourg-de-Péage (199,5 km) &nbsp; Détails : Après avoir enfin trouvé une occasion de sprinter massivement mardi, le peloton de Paris-Nice et surtout ses sprinteurs auront une dernière occasion d&rsquo;arrivée au complet (ou presque) et groupé aujourd&rsquo;hui. A Bourg-de-Péage, un sprint &hellip;
