{"version":"1.0","provider_name":"V\u00e9loPro.fr","provider_url":"https:\/\/cyclingpro.net\/velopro","author_name":"J\u00e9r\u00e9my Blais","author_url":"https:\/\/cyclingpro.net\/velopro\/author\/jblais\/","title":"Paris-Nice\u00a0: Bora-Hansgrohe avec ses jeunes - V\u00e9loPro.fr","type":"rich","width":600,"height":338,"html":"<blockquote class=\"wp-embedded-content\" data-secret=\"osP4WA1xiT\"><a href=\"https:\/\/cyclingpro.net\/velopro\/course\/paris-nice\/paris-nice-bora-hansgrohe-jeunes\/\">Paris-Nice\u00a0: Bora-Hansgrohe avec ses jeunes<\/a><\/blockquote><iframe sandbox=\"allow-scripts\" security=\"restricted\" src=\"https:\/\/cyclingpro.net\/velopro\/course\/paris-nice\/paris-nice-bora-hansgrohe-jeunes\/embed\/#?secret=osP4WA1xiT\" width=\"600\" height=\"338\" title=\"\u00ab\u00a0Paris-Nice\u00a0: Bora-Hansgrohe avec ses jeunes\u00a0\u00bb &#8212; V\u00e9loPro.fr\" data-secret=\"osP4WA1xiT\" frameborder=\"0\" marginwidth=\"0\" marginheight=\"0\" scrolling=\"no\" class=\"wp-embedded-content\"><\/iframe><script type=\"text\/javascript\">\n\/* <![CDATA[ *\/\n\/*! This file is auto-generated *\/\n!function(d,l){\"use strict\";l.querySelector&&d.addEventListener&&\"undefined\"!=typeof URL&&(d.wp=d.wp||{},d.wp.receiveEmbedMessage||(d.wp.receiveEmbedMessage=function(e){var t=e.data;if((t||t.secret||t.message||t.value)&&!\/[^a-zA-Z0-9]\/.test(t.secret)){for(var s,r,n,a=l.querySelectorAll('iframe[data-secret=\"'+t.secret+'\"]'),o=l.querySelectorAll('blockquote[data-secret=\"'+t.secret+'\"]'),c=new RegExp(\"^https?:$\",\"i\"),i=0;i<o.length;i++)o[i].style.display=\"none\";for(i=0;i<a.length;i++)s=a[i],e.source===s.contentWindow&&(s.removeAttribute(\"style\"),\"height\"===t.message?(1e3<(r=parseInt(t.value,10))?r=1e3:~~r<200&&(r=200),s.height=r):\"link\"===t.message&&(r=new URL(s.getAttribute(\"src\")),n=new URL(t.value),c.test(n.protocol))&&n.host===r.host&&l.activeElement===s&&(d.top.location.href=t.value))}},d.addEventListener(\"message\",d.wp.receiveEmbedMessage,!1),l.addEventListener(\"DOMContentLoaded\",function(){for(var e,t,s=l.querySelectorAll(\"iframe.wp-embedded-content\"),r=0;r<s.length;r++)(t=(e=s[r]).getAttribute(\"data-secret\"))||(t=Math.random().toString(36).substring(2,12),e.src+=\"#?secret=\"+t,e.setAttribute(\"data-secret\",t)),e.contentWindow.postMessage({message:\"ready\",secret:t},\"*\")},!1)))}(window,document);\n\/* ]]> *\/\n<\/script>\n","thumbnail_url":"https:\/\/cyclingpro.net\/velopro\/wp-content\/uploads\/2017\/03\/20165731-335129.jpg","thumbnail_width":1050,"thumbnail_height":591,"description":"La formation Bora-Hansgrohe se rendra avec une majorit\u00e9 de jeunes coureurs sur Paris-Nice. Tout d&rsquo;abord avec Sam Bennett qui sera le leader pour les sprints. Il sera emmen\u00e9 par les deux jeunes Slovaques du groupe, Erik Baska et Michal Kolar. Pour le g\u00e9n\u00e9ral, la formation allemande mise sur Patrick Konrad et Emanuel Buchmann qui seront &hellip;"}

VéloPro.fr

Jérémy Blais

Paris-Nice : Bora-Hansgrohe avec ses jeunes - VéloPro.fr

<blockquote class="wp-embedded-content" data-secret="osP4WA1xiT"><a href="https://cyclingpro.net/velopro/course/paris-nice/paris-nice-bora-hansgrohe-jeunes/">Paris-Nice : Bora-Hansgrohe avec ses jeunes</a></blockquote><iframe sandbox="allow-scripts" security="restricted" src="https://cyclingpro.net/velopro/course/paris-nice/paris-nice-bora-hansgrohe-jeunes/embed/#?secret=osP4WA1xiT" width="600" height="338" title="« Paris-Nice : Bora-Hansgrohe avec ses jeunes » &#8212; VéloPro.fr" data-secret="osP4WA1xiT" frameborder="0" marginwidth="0" marginheight="0" scrolling="no" class="wp-embedded-content"></iframe><script type="text/javascript">
/* <![CDATA[ */
/*! This file is auto-generated */
!function(d,l){"use strict";l.querySelector&&d.addEventListener&&"undefined"!=typeof URL&&(d.wp=d.wp||{},d.wp.receiveEmbedMessage||(d.wp.receiveEmbedMessage=function(e){var t=e.data;if((t||t.secret||t.message||t.value)&&!/[^a-zA-Z0-9]/.test(t.secret)){for(var s,r,n,a=l.querySelectorAll('iframe[data-secret="'+t.secret+'"]'),o=l.querySelectorAll('blockquote[data-secret="'+t.secret+'"]'),c=new RegExp("^https?:$","i"),i=0;i<o.length;i++)o[i].style.display="none";for(i=0;i<a.length;i++)s=a[i],e.source===s.contentWindow&&(s.removeAttribute("style"),"height"===t.message?(1e3<(r=parseInt(t.value,10))?r=1e3:~~r<200&&(r=200),s.height=r):"link"===t.message&&(r=new URL(s.getAttribute("src")),n=new URL(t.value),c.test(n.protocol))&&n.host===r.host&&l.activeElement===s&&(d.top.location.href=t.value))}},d.addEventListener("message",d.wp.receiveEmbedMessage,!1),l.addEventListener("DOMContentLoaded",function(){for(var e,t,s=l.querySelectorAll("iframe.wp-embedded-content"),r=0;r<s.length;r++)(t=(e=s[r]).getAttribute("data-secret"))||(t=Math.random().toString(36).substring(2,12),e.src+="#?secret="+t,e.setAttribute("data-secret",t)),e.contentWindow.postMessage({message:"ready",secret:t},"*")},!1)))}(window,document);
/* ]]> */
</script>

La formation Bora-Hansgrohe se rendra avec une majorité de jeunes coureurs sur Paris-Nice. Tout d&rsquo;abord avec Sam Bennett qui sera le leader pour les sprints. Il sera emmené par les deux jeunes Slovaques du groupe, Erik Baska et Michal Kolar. Pour le général, la formation allemande mise sur Patrick Konrad et Emanuel Buchmann qui seront &hellip;
