{"version":"1.0","provider_name":"V\u00e9loPro.fr","provider_url":"https:\/\/cyclingpro.net\/velopro","author_name":"Antoine Plouvin","author_url":"https:\/\/cyclingpro.net\/velopro\/author\/aplouvin\/","title":"Luis Le\u00f3n S\u00e1nchez renoue avec le jaune sur Paris-Nice - V\u00e9loPro.fr","type":"rich","width":600,"height":338,"html":"<blockquote class=\"wp-embedded-content\" data-secret=\"F47hHqzRUB\"><a href=\"https:\/\/cyclingpro.net\/velopro\/course\/paris-nice\/luis-leon-sanchez-renoue-jaune-paris-nice\/\">Luis Le\u00f3n S\u00e1nchez renoue avec le jaune sur Paris-Nice<\/a><\/blockquote><iframe sandbox=\"allow-scripts\" security=\"restricted\" src=\"https:\/\/cyclingpro.net\/velopro\/course\/paris-nice\/luis-leon-sanchez-renoue-jaune-paris-nice\/embed\/#?secret=F47hHqzRUB\" width=\"600\" height=\"338\" title=\"\u00ab\u00a0Luis Le\u00f3n S\u00e1nchez renoue avec le jaune sur Paris-Nice\u00a0\u00bb &#8212; V\u00e9loPro.fr\" data-secret=\"F47hHqzRUB\" frameborder=\"0\" marginwidth=\"0\" marginheight=\"0\" scrolling=\"no\" class=\"wp-embedded-content\"><\/iframe><script type=\"text\/javascript\">\n\/* <![CDATA[ *\/\n\/*! This file is auto-generated *\/\n!function(d,l){\"use strict\";l.querySelector&&d.addEventListener&&\"undefined\"!=typeof URL&&(d.wp=d.wp||{},d.wp.receiveEmbedMessage||(d.wp.receiveEmbedMessage=function(e){var t=e.data;if((t||t.secret||t.message||t.value)&&!\/[^a-zA-Z0-9]\/.test(t.secret)){for(var s,r,n,a=l.querySelectorAll('iframe[data-secret=\"'+t.secret+'\"]'),o=l.querySelectorAll('blockquote[data-secret=\"'+t.secret+'\"]'),c=new RegExp(\"^https?:$\",\"i\"),i=0;i<o.length;i++)o[i].style.display=\"none\";for(i=0;i<a.length;i++)s=a[i],e.source===s.contentWindow&&(s.removeAttribute(\"style\"),\"height\"===t.message?(1e3<(r=parseInt(t.value,10))?r=1e3:~~r<200&&(r=200),s.height=r):\"link\"===t.message&&(r=new URL(s.getAttribute(\"src\")),n=new URL(t.value),c.test(n.protocol))&&n.host===r.host&&l.activeElement===s&&(d.top.location.href=t.value))}},d.addEventListener(\"message\",d.wp.receiveEmbedMessage,!1),l.addEventListener(\"DOMContentLoaded\",function(){for(var e,t,s=l.querySelectorAll(\"iframe.wp-embedded-content\"),r=0;r<s.length;r++)(t=(e=s[r]).getAttribute(\"data-secret\"))||(t=Math.random().toString(36).substring(2,12),e.src+=\"#?secret=\"+t,e.setAttribute(\"data-secret\",t)),e.contentWindow.postMessage({message:\"ready\",secret:t},\"*\")},!1)))}(window,document);\n\/* ]]> *\/\n<\/script>\n","thumbnail_url":"https:\/\/cyclingpro.net\/velopro\/wp-content\/uploads\/2018\/03\/jakobfuglsang-podiumGCleader-stage3-parisnice2018.jpg","thumbnail_width":1050,"thumbnail_height":525,"description":"Il avait remport\u00e9 Paris-Nice en 2009. Et si il r\u00e9\u00e9diter l&rsquo;exploit 9 ans plus tard ?\u00a0Luis Le\u00f3n S\u00e1nchez (Astana) n&rsquo;a gagn\u00e9 que le Tour de Murcie cette ann\u00e9e mais il est en grande forme en ce d\u00e9but de saison. Une seule victoire, presque offerte par Alejandro Valverde (Movistar) mais aussi deux deuxi\u00e8me places, lors de &hellip;"}

VéloPro.fr

Luis León Sánchez renoue avec le jaune sur Paris-Nice - VéloPro.fr

<blockquote class="wp-embedded-content" data-secret="F47hHqzRUB"><a href="https://cyclingpro.net/velopro/course/paris-nice/luis-leon-sanchez-renoue-jaune-paris-nice/">Luis León Sánchez renoue avec le jaune sur Paris-Nice</a></blockquote><iframe sandbox="allow-scripts" security="restricted" src="https://cyclingpro.net/velopro/course/paris-nice/luis-leon-sanchez-renoue-jaune-paris-nice/embed/#?secret=F47hHqzRUB" width="600" height="338" title="« Luis León Sánchez renoue avec le jaune sur Paris-Nice » &#8212; VéloPro.fr" data-secret="F47hHqzRUB" frameborder="0" marginwidth="0" marginheight="0" scrolling="no" class="wp-embedded-content"></iframe><script type="text/javascript">
/* <![CDATA[ */
/*! This file is auto-generated */
!function(d,l){"use strict";l.querySelector&&d.addEventListener&&"undefined"!=typeof URL&&(d.wp=d.wp||{},d.wp.receiveEmbedMessage||(d.wp.receiveEmbedMessage=function(e){var t=e.data;if((t||t.secret||t.message||t.value)&&!/[^a-zA-Z0-9]/.test(t.secret)){for(var s,r,n,a=l.querySelectorAll('iframe[data-secret="'+t.secret+'"]'),o=l.querySelectorAll('blockquote[data-secret="'+t.secret+'"]'),c=new RegExp("^https?:$","i"),i=0;i<o.length;i++)o[i].style.display="none";for(i=0;i<a.length;i++)s=a[i],e.source===s.contentWindow&&(s.removeAttribute("style"),"height"===t.message?(1e3<(r=parseInt(t.value,10))?r=1e3:~~r<200&&(r=200),s.height=r):"link"===t.message&&(r=new URL(s.getAttribute("src")),n=new URL(t.value),c.test(n.protocol))&&n.host===r.host&&l.activeElement===s&&(d.top.location.href=t.value))}},d.addEventListener("message",d.wp.receiveEmbedMessage,!1),l.addEventListener("DOMContentLoaded",function(){for(var e,t,s=l.querySelectorAll("iframe.wp-embedded-content"),r=0;r<s.length;r++)(t=(e=s[r]).getAttribute("data-secret"))||(t=Math.random().toString(36).substring(2,12),e.src+="#?secret="+t,e.setAttribute("data-secret",t)),e.contentWindow.postMessage({message:"ready",secret:t},"*")},!1)))}(window,document);
/* ]]> */
</script>

Il avait remporté Paris-Nice en 2009. Et si il rééditer l&rsquo;exploit 9 ans plus tard ? Luis León Sánchez (Astana) n&rsquo;a gagné que le Tour de Murcie cette année mais il est en grande forme en ce début de saison. Une seule victoire, presque offerte par Alejandro Valverde (Movistar) mais aussi deux deuxième places, lors de &hellip;
