{"version":"1.0","provider_name":"V\u00e9loPro.fr","provider_url":"https:\/\/cyclingpro.net\/velopro","author_name":"Antoine Plouvin","author_url":"https:\/\/cyclingpro.net\/velopro\/author\/aplouvin\/","title":"Julian Alaphilippe : \u00ab\u00a0On verra bien\u2026\u00a0\u00bb - V\u00e9loPro.fr","type":"rich","width":600,"height":338,"html":"<blockquote class=\"wp-embedded-content\" data-secret=\"UnTLkDuHlq\"><a href=\"https:\/\/cyclingpro.net\/velopro\/course\/paris-nice\/julian-alaphilippe-on-verra-bien\/\">Julian Alaphilippe : \u00ab\u00a0On verra bien\u2026\u00a0\u00bb<\/a><\/blockquote><iframe sandbox=\"allow-scripts\" security=\"restricted\" src=\"https:\/\/cyclingpro.net\/velopro\/course\/paris-nice\/julian-alaphilippe-on-verra-bien\/embed\/#?secret=UnTLkDuHlq\" width=\"600\" height=\"338\" title=\"\u00ab\u00a0Julian Alaphilippe : \u00ab\u00a0On verra bien\u2026\u00a0\u00bb\u00a0\u00bb &#8212; V\u00e9loPro.fr\" data-secret=\"UnTLkDuHlq\" frameborder=\"0\" marginwidth=\"0\" marginheight=\"0\" scrolling=\"no\" class=\"wp-embedded-content\"><\/iframe><script type=\"text\/javascript\">\n\/* <![CDATA[ *\/\n\/*! This file is auto-generated *\/\n!function(d,l){\"use strict\";l.querySelector&&d.addEventListener&&\"undefined\"!=typeof URL&&(d.wp=d.wp||{},d.wp.receiveEmbedMessage||(d.wp.receiveEmbedMessage=function(e){var t=e.data;if((t||t.secret||t.message||t.value)&&!\/[^a-zA-Z0-9]\/.test(t.secret)){for(var s,r,n,a=l.querySelectorAll('iframe[data-secret=\"'+t.secret+'\"]'),o=l.querySelectorAll('blockquote[data-secret=\"'+t.secret+'\"]'),c=new RegExp(\"^https?:$\",\"i\"),i=0;i<o.length;i++)o[i].style.display=\"none\";for(i=0;i<a.length;i++)s=a[i],e.source===s.contentWindow&&(s.removeAttribute(\"style\"),\"height\"===t.message?(1e3<(r=parseInt(t.value,10))?r=1e3:~~r<200&&(r=200),s.height=r):\"link\"===t.message&&(r=new URL(s.getAttribute(\"src\")),n=new URL(t.value),c.test(n.protocol))&&n.host===r.host&&l.activeElement===s&&(d.top.location.href=t.value))}},d.addEventListener(\"message\",d.wp.receiveEmbedMessage,!1),l.addEventListener(\"DOMContentLoaded\",function(){for(var e,t,s=l.querySelectorAll(\"iframe.wp-embedded-content\"),r=0;r<s.length;r++)(t=(e=s[r]).getAttribute(\"data-secret\"))||(t=Math.random().toString(36).substring(2,12),e.src+=\"#?secret=\"+t,e.setAttribute(\"data-secret\",t)),e.contentWindow.postMessage({message:\"ready\",secret:t},\"*\")},!1)))}(window,document);\n\/* ]]> *\/\n<\/script>\n","thumbnail_url":"https:\/\/cyclingpro.net\/velopro\/wp-content\/uploads\/2017\/03\/2017030744_071044.jpg","thumbnail_width":1000,"thumbnail_height":500,"description":"Il pourrait bien \u00eatre le maillot jaune demain soir. Pourtant pas question de s\u2019affoler chez Julian Alaphilippe. On conna\u00eet le temp\u00e9rament du Fran\u00e7ais, toujours prudent dans ces d\u00e9clarations mais efficace sur le v\u00e9lo. Il a pour l\u2019instant r\u00e9alis\u00e9 la course parfaite dans les deux premi\u00e8res \u00e9tapes o\u00f9 de nombreux leaders ont perdu du temps. Deuxi\u00e8me &hellip;"}

VéloPro.fr

Julian Alaphilippe : « On verra bien… » - VéloPro.fr

<blockquote class="wp-embedded-content" data-secret="UnTLkDuHlq"><a href="https://cyclingpro.net/velopro/course/paris-nice/julian-alaphilippe-on-verra-bien/">Julian Alaphilippe : « On verra bien… »</a></blockquote><iframe sandbox="allow-scripts" security="restricted" src="https://cyclingpro.net/velopro/course/paris-nice/julian-alaphilippe-on-verra-bien/embed/#?secret=UnTLkDuHlq" width="600" height="338" title="« Julian Alaphilippe : « On verra bien… » » &#8212; VéloPro.fr" data-secret="UnTLkDuHlq" frameborder="0" marginwidth="0" marginheight="0" scrolling="no" class="wp-embedded-content"></iframe><script type="text/javascript">
/* <![CDATA[ */
/*! This file is auto-generated */
!function(d,l){"use strict";l.querySelector&&d.addEventListener&&"undefined"!=typeof URL&&(d.wp=d.wp||{},d.wp.receiveEmbedMessage||(d.wp.receiveEmbedMessage=function(e){var t=e.data;if((t||t.secret||t.message||t.value)&&!/[^a-zA-Z0-9]/.test(t.secret)){for(var s,r,n,a=l.querySelectorAll('iframe[data-secret="'+t.secret+'"]'),o=l.querySelectorAll('blockquote[data-secret="'+t.secret+'"]'),c=new RegExp("^https?:$","i"),i=0;i<o.length;i++)o[i].style.display="none";for(i=0;i<a.length;i++)s=a[i],e.source===s.contentWindow&&(s.removeAttribute("style"),"height"===t.message?(1e3<(r=parseInt(t.value,10))?r=1e3:~~r<200&&(r=200),s.height=r):"link"===t.message&&(r=new URL(s.getAttribute("src")),n=new URL(t.value),c.test(n.protocol))&&n.host===r.host&&l.activeElement===s&&(d.top.location.href=t.value))}},d.addEventListener("message",d.wp.receiveEmbedMessage,!1),l.addEventListener("DOMContentLoaded",function(){for(var e,t,s=l.querySelectorAll("iframe.wp-embedded-content"),r=0;r<s.length;r++)(t=(e=s[r]).getAttribute("data-secret"))||(t=Math.random().toString(36).substring(2,12),e.src+="#?secret="+t,e.setAttribute("data-secret",t)),e.contentWindow.postMessage({message:"ready",secret:t},"*")},!1)))}(window,document);
/* ]]> */
</script>

Il pourrait bien être le maillot jaune demain soir. Pourtant pas question de s’affoler chez Julian Alaphilippe. On connaît le tempérament du Français, toujours prudent dans ces déclarations mais efficace sur le vélo. Il a pour l’instant réalisé la course parfaite dans les deux premières étapes où de nombreux leaders ont perdu du temps. Deuxième &hellip;
