{"version":"1.0","provider_name":"V\u00e9loPro.fr","provider_url":"https:\/\/cyclingpro.net\/velopro","author_name":"Alexandre Mignot","author_url":"https:\/\/cyclingpro.net\/velopro\/author\/amignot\/","title":"Nokere Koerse 2017 : La pr\u00e9sentation - V\u00e9loPro.fr","type":"rich","width":600,"height":338,"html":"<blockquote class=\"wp-embedded-content\" data-secret=\"QHLMrmqGBF\"><a href=\"https:\/\/cyclingpro.net\/velopro\/course\/nokere-koerse\/nokere-koerse-2017-presentation\/\">Nokere Koerse 2017 : La pr\u00e9sentation<\/a><\/blockquote><iframe sandbox=\"allow-scripts\" security=\"restricted\" src=\"https:\/\/cyclingpro.net\/velopro\/course\/nokere-koerse\/nokere-koerse-2017-presentation\/embed\/#?secret=QHLMrmqGBF\" width=\"600\" height=\"338\" title=\"\u00ab\u00a0Nokere Koerse 2017 : La pr\u00e9sentation\u00a0\u00bb &#8212; V\u00e9loPro.fr\" data-secret=\"QHLMrmqGBF\" frameborder=\"0\" marginwidth=\"0\" marginheight=\"0\" scrolling=\"no\" class=\"wp-embedded-content\"><\/iframe><script type=\"text\/javascript\">\n\/* <![CDATA[ *\/\n\/*! This file is auto-generated *\/\n!function(d,l){\"use strict\";l.querySelector&&d.addEventListener&&\"undefined\"!=typeof URL&&(d.wp=d.wp||{},d.wp.receiveEmbedMessage||(d.wp.receiveEmbedMessage=function(e){var t=e.data;if((t||t.secret||t.message||t.value)&&!\/[^a-zA-Z0-9]\/.test(t.secret)){for(var s,r,n,a=l.querySelectorAll('iframe[data-secret=\"'+t.secret+'\"]'),o=l.querySelectorAll('blockquote[data-secret=\"'+t.secret+'\"]'),c=new RegExp(\"^https?:$\",\"i\"),i=0;i<o.length;i++)o[i].style.display=\"none\";for(i=0;i<a.length;i++)s=a[i],e.source===s.contentWindow&&(s.removeAttribute(\"style\"),\"height\"===t.message?(1e3<(r=parseInt(t.value,10))?r=1e3:~~r<200&&(r=200),s.height=r):\"link\"===t.message&&(r=new URL(s.getAttribute(\"src\")),n=new URL(t.value),c.test(n.protocol))&&n.host===r.host&&l.activeElement===s&&(d.top.location.href=t.value))}},d.addEventListener(\"message\",d.wp.receiveEmbedMessage,!1),l.addEventListener(\"DOMContentLoaded\",function(){for(var e,t,s=l.querySelectorAll(\"iframe.wp-embedded-content\"),r=0;r<s.length;r++)(t=(e=s[r]).getAttribute(\"data-secret\"))||(t=Math.random().toString(36).substring(2,12),e.src+=\"#?secret=\"+t,e.setAttribute(\"data-secret\",t)),e.contentWindow.postMessage({message:\"ready\",secret:t},\"*\")},!1)))}(window,document);\n\/* ]]> *\/\n<\/script>\n","thumbnail_url":"https:\/\/cyclingpro.net\/velopro\/wp-content\/uploads\/2017\/03\/Nokere-1.jpg","thumbnail_width":955,"thumbnail_height":456,"description":"72e \u00e9dition de Nokere Koerse (1.HC) Mercredi 15 mars : Deinze &#8211; Nokere (199,5km) Infos Cr\u00e9\u00e9e en 1944, Nokere Koerse est une semi-classique belge qui se d\u00e9roule autour de la ville flamande de Nokere. Elle est devenue Hors Classe\u00a0en 2016. Connue lors de ses premi\u00e8res \u00e9ditions sous le nom de Grand Prix Jules Lowie, du &hellip;"}

VéloPro.fr

Nokere Koerse 2017 : La présentation - VéloPro.fr

<blockquote class="wp-embedded-content" data-secret="QHLMrmqGBF"><a href="https://cyclingpro.net/velopro/course/nokere-koerse/nokere-koerse-2017-presentation/">Nokere Koerse 2017 : La présentation</a></blockquote><iframe sandbox="allow-scripts" security="restricted" src="https://cyclingpro.net/velopro/course/nokere-koerse/nokere-koerse-2017-presentation/embed/#?secret=QHLMrmqGBF" width="600" height="338" title="« Nokere Koerse 2017 : La présentation » &#8212; VéloPro.fr" data-secret="QHLMrmqGBF" frameborder="0" marginwidth="0" marginheight="0" scrolling="no" class="wp-embedded-content"></iframe><script type="text/javascript">
/* <![CDATA[ */
/*! This file is auto-generated */
!function(d,l){"use strict";l.querySelector&&d.addEventListener&&"undefined"!=typeof URL&&(d.wp=d.wp||{},d.wp.receiveEmbedMessage||(d.wp.receiveEmbedMessage=function(e){var t=e.data;if((t||t.secret||t.message||t.value)&&!/[^a-zA-Z0-9]/.test(t.secret)){for(var s,r,n,a=l.querySelectorAll('iframe[data-secret="'+t.secret+'"]'),o=l.querySelectorAll('blockquote[data-secret="'+t.secret+'"]'),c=new RegExp("^https?:$","i"),i=0;i<o.length;i++)o[i].style.display="none";for(i=0;i<a.length;i++)s=a[i],e.source===s.contentWindow&&(s.removeAttribute("style"),"height"===t.message?(1e3<(r=parseInt(t.value,10))?r=1e3:~~r<200&&(r=200),s.height=r):"link"===t.message&&(r=new URL(s.getAttribute("src")),n=new URL(t.value),c.test(n.protocol))&&n.host===r.host&&l.activeElement===s&&(d.top.location.href=t.value))}},d.addEventListener("message",d.wp.receiveEmbedMessage,!1),l.addEventListener("DOMContentLoaded",function(){for(var e,t,s=l.querySelectorAll("iframe.wp-embedded-content"),r=0;r<s.length;r++)(t=(e=s[r]).getAttribute("data-secret"))||(t=Math.random().toString(36).substring(2,12),e.src+="#?secret="+t,e.setAttribute("data-secret",t)),e.contentWindow.postMessage({message:"ready",secret:t},"*")},!1)))}(window,document);
/* ]]> */
</script>

72e édition de Nokere Koerse (1.HC) Mercredi 15 mars : Deinze &#8211; Nokere (199,5km) Infos Créée en 1944, Nokere Koerse est une semi-classique belge qui se déroule autour de la ville flamande de Nokere. Elle est devenue Hors Classe en 2016. Connue lors de ses premières éditions sous le nom de Grand Prix Jules Lowie, du &hellip;
