{"version":"1.0","provider_name":"V\u00e9loPro.fr","provider_url":"https:\/\/cyclingpro.net\/velopro","author_name":"Alexandre Mignot","author_url":"https:\/\/cyclingpro.net\/velopro\/author\/amignot\/","title":"Mondiaux : Pr\u00e9sentation d\u00e9taill\u00e9e de la course en ligne - V\u00e9loPro.fr","type":"rich","width":600,"height":338,"html":"<blockquote class=\"wp-embedded-content\" data-secret=\"tGmhSWA7s2\"><a href=\"https:\/\/cyclingpro.net\/velopro\/course\/mondiaux2017\/mondiaux-presentation-detaillee-de-course-ligne\/\">Mondiaux : Pr\u00e9sentation d\u00e9taill\u00e9e de la course en ligne<\/a><\/blockquote><iframe sandbox=\"allow-scripts\" security=\"restricted\" src=\"https:\/\/cyclingpro.net\/velopro\/course\/mondiaux2017\/mondiaux-presentation-detaillee-de-course-ligne\/embed\/#?secret=tGmhSWA7s2\" width=\"600\" height=\"338\" title=\"\u00ab\u00a0Mondiaux : Pr\u00e9sentation d\u00e9taill\u00e9e de la course en ligne\u00a0\u00bb &#8212; V\u00e9loPro.fr\" data-secret=\"tGmhSWA7s2\" frameborder=\"0\" marginwidth=\"0\" marginheight=\"0\" scrolling=\"no\" class=\"wp-embedded-content\"><\/iframe><script type=\"text\/javascript\">\n\/* <![CDATA[ *\/\n\/*! This file is auto-generated *\/\n!function(d,l){\"use strict\";l.querySelector&&d.addEventListener&&\"undefined\"!=typeof URL&&(d.wp=d.wp||{},d.wp.receiveEmbedMessage||(d.wp.receiveEmbedMessage=function(e){var t=e.data;if((t||t.secret||t.message||t.value)&&!\/[^a-zA-Z0-9]\/.test(t.secret)){for(var s,r,n,a=l.querySelectorAll('iframe[data-secret=\"'+t.secret+'\"]'),o=l.querySelectorAll('blockquote[data-secret=\"'+t.secret+'\"]'),c=new RegExp(\"^https?:$\",\"i\"),i=0;i<o.length;i++)o[i].style.display=\"none\";for(i=0;i<a.length;i++)s=a[i],e.source===s.contentWindow&&(s.removeAttribute(\"style\"),\"height\"===t.message?(1e3<(r=parseInt(t.value,10))?r=1e3:~~r<200&&(r=200),s.height=r):\"link\"===t.message&&(r=new URL(s.getAttribute(\"src\")),n=new URL(t.value),c.test(n.protocol))&&n.host===r.host&&l.activeElement===s&&(d.top.location.href=t.value))}},d.addEventListener(\"message\",d.wp.receiveEmbedMessage,!1),l.addEventListener(\"DOMContentLoaded\",function(){for(var e,t,s=l.querySelectorAll(\"iframe.wp-embedded-content\"),r=0;r<s.length;r++)(t=(e=s[r]).getAttribute(\"data-secret\"))||(t=Math.random().toString(36).substring(2,12),e.src+=\"#?secret=\"+t,e.setAttribute(\"data-secret\",t)),e.contentWindow.postMessage({message:\"ready\",secret:t},\"*\")},!1)))}(window,document);\n\/* ]]> *\/\n<\/script>\n","thumbnail_url":"https:\/\/cyclingpro.net\/velopro\/wp-content\/uploads\/2017\/09\/Peter-Sagan-Mark-Cavendish-Tom-Boonen.jpg","thumbnail_width":1050,"thumbnail_height":522,"description":"84\u00e8me Championnat du monde de cyclisme sur route Rong &#8211; Bergen (267,5 km) Informations C&rsquo;est l&rsquo;un des rendez-vous les plus attendus,\u00a0les plus importants de la saison cycliste. Pour certains,\u00a0c&rsquo;est m\u00eame la course d&rsquo;une vie. D&rsquo;une certaine mani\u00e8re, elle peut effectivement vous faire\u00a0entrer au panth\u00e9on du cyclisme. Elle peut aussi vous octroyer le droit, une ann\u00e9e &hellip;"}

VéloPro.fr

Mondiaux : Présentation détaillée de la course en ligne - VéloPro.fr

<blockquote class="wp-embedded-content" data-secret="tGmhSWA7s2"><a href="https://cyclingpro.net/velopro/course/mondiaux2017/mondiaux-presentation-detaillee-de-course-ligne/">Mondiaux : Présentation détaillée de la course en ligne</a></blockquote><iframe sandbox="allow-scripts" security="restricted" src="https://cyclingpro.net/velopro/course/mondiaux2017/mondiaux-presentation-detaillee-de-course-ligne/embed/#?secret=tGmhSWA7s2" width="600" height="338" title="« Mondiaux : Présentation détaillée de la course en ligne » &#8212; VéloPro.fr" data-secret="tGmhSWA7s2" frameborder="0" marginwidth="0" marginheight="0" scrolling="no" class="wp-embedded-content"></iframe><script type="text/javascript">
/* <![CDATA[ */
/*! This file is auto-generated */
!function(d,l){"use strict";l.querySelector&&d.addEventListener&&"undefined"!=typeof URL&&(d.wp=d.wp||{},d.wp.receiveEmbedMessage||(d.wp.receiveEmbedMessage=function(e){var t=e.data;if((t||t.secret||t.message||t.value)&&!/[^a-zA-Z0-9]/.test(t.secret)){for(var s,r,n,a=l.querySelectorAll('iframe[data-secret="'+t.secret+'"]'),o=l.querySelectorAll('blockquote[data-secret="'+t.secret+'"]'),c=new RegExp("^https?:$","i"),i=0;i<o.length;i++)o[i].style.display="none";for(i=0;i<a.length;i++)s=a[i],e.source===s.contentWindow&&(s.removeAttribute("style"),"height"===t.message?(1e3<(r=parseInt(t.value,10))?r=1e3:~~r<200&&(r=200),s.height=r):"link"===t.message&&(r=new URL(s.getAttribute("src")),n=new URL(t.value),c.test(n.protocol))&&n.host===r.host&&l.activeElement===s&&(d.top.location.href=t.value))}},d.addEventListener("message",d.wp.receiveEmbedMessage,!1),l.addEventListener("DOMContentLoaded",function(){for(var e,t,s=l.querySelectorAll("iframe.wp-embedded-content"),r=0;r<s.length;r++)(t=(e=s[r]).getAttribute("data-secret"))||(t=Math.random().toString(36).substring(2,12),e.src+="#?secret="+t,e.setAttribute("data-secret",t)),e.contentWindow.postMessage({message:"ready",secret:t},"*")},!1)))}(window,document);
/* ]]> */
</script>

84ème Championnat du monde de cyclisme sur route Rong &#8211; Bergen (267,5 km) Informations C&rsquo;est l&rsquo;un des rendez-vous les plus attendus, les plus importants de la saison cycliste. Pour certains, c&rsquo;est même la course d&rsquo;une vie. D&rsquo;une certaine manière, elle peut effectivement vous faire entrer au panthéon du cyclisme. Elle peut aussi vous octroyer le droit, une année &hellip;
