{"version":"1.0","provider_name":"V\u00e9loPro.fr","provider_url":"https:\/\/cyclingpro.net\/velopro","author_name":"Alexandre Mignot","author_url":"https:\/\/cyclingpro.net\/velopro\/author\/amignot\/","title":"Giovanni Visconti : \u00ab C'est\u00a0ma plus belle\u00a0\u00bb - V\u00e9loPro.fr","type":"rich","width":600,"height":338,"html":"<blockquote class=\"wp-embedded-content\" data-secret=\"t6yauYjAzT\"><a href=\"https:\/\/cyclingpro.net\/velopro\/course\/giro-dell-emilia\/giovanni-visconti-cest-plus-belle\/\">Giovanni Visconti : \u00ab C&rsquo;est\u00a0ma plus belle\u00a0\u00bb<\/a><\/blockquote><iframe sandbox=\"allow-scripts\" security=\"restricted\" src=\"https:\/\/cyclingpro.net\/velopro\/course\/giro-dell-emilia\/giovanni-visconti-cest-plus-belle\/embed\/#?secret=t6yauYjAzT\" width=\"600\" height=\"338\" title=\"\u00ab\u00a0Giovanni Visconti : \u00ab C&rsquo;est\u00a0ma plus belle\u00a0\u00bb\u00a0\u00bb &#8212; V\u00e9loPro.fr\" data-secret=\"t6yauYjAzT\" frameborder=\"0\" marginwidth=\"0\" marginheight=\"0\" scrolling=\"no\" class=\"wp-embedded-content\"><\/iframe><script type=\"text\/javascript\">\n\/* <![CDATA[ *\/\n\/*! This file is auto-generated *\/\n!function(d,l){\"use strict\";l.querySelector&&d.addEventListener&&\"undefined\"!=typeof URL&&(d.wp=d.wp||{},d.wp.receiveEmbedMessage||(d.wp.receiveEmbedMessage=function(e){var t=e.data;if((t||t.secret||t.message||t.value)&&!\/[^a-zA-Z0-9]\/.test(t.secret)){for(var s,r,n,a=l.querySelectorAll('iframe[data-secret=\"'+t.secret+'\"]'),o=l.querySelectorAll('blockquote[data-secret=\"'+t.secret+'\"]'),c=new RegExp(\"^https?:$\",\"i\"),i=0;i<o.length;i++)o[i].style.display=\"none\";for(i=0;i<a.length;i++)s=a[i],e.source===s.contentWindow&&(s.removeAttribute(\"style\"),\"height\"===t.message?(1e3<(r=parseInt(t.value,10))?r=1e3:~~r<200&&(r=200),s.height=r):\"link\"===t.message&&(r=new URL(s.getAttribute(\"src\")),n=new URL(t.value),c.test(n.protocol))&&n.host===r.host&&l.activeElement===s&&(d.top.location.href=t.value))}},d.addEventListener(\"message\",d.wp.receiveEmbedMessage,!1),l.addEventListener(\"DOMContentLoaded\",function(){for(var e,t,s=l.querySelectorAll(\"iframe.wp-embedded-content\"),r=0;r<s.length;r++)(t=(e=s[r]).getAttribute(\"data-secret\"))||(t=Math.random().toString(36).substring(2,12),e.src+=\"#?secret=\"+t,e.setAttribute(\"data-secret\",t)),e.contentWindow.postMessage({message:\"ready\",secret:t},\"*\")},!1)))}(window,document);\n\/* ]]> *\/\n<\/script>\n","thumbnail_url":"https:\/\/cyclingpro.net\/velopro\/wp-content\/uploads\/2017\/09\/Giovanni-Visconti-1.jpg","thumbnail_width":1050,"thumbnail_height":526,"description":"Giovanni Visconti n&rsquo;est certainement pas le coureur le moins pourvu en victoires du peloton. Notamment sacr\u00e9 trois fois champion d&rsquo;Italie par le pass\u00e9, le Sicilien de 34 ans a connu de succ\u00e8s \u00e0 la pelle lors de ses treize ann\u00e9es de carri\u00e8re. Pourtant, celle acquise ce samedi sur le Tour d&rsquo;Emilie, au terme d&rsquo;un solo &hellip;"}

VéloPro.fr

Giovanni Visconti : « C'est ma plus belle » - VéloPro.fr

<blockquote class="wp-embedded-content" data-secret="t6yauYjAzT"><a href="https://cyclingpro.net/velopro/course/giro-dell-emilia/giovanni-visconti-cest-plus-belle/">Giovanni Visconti : « C&rsquo;est ma plus belle »</a></blockquote><iframe sandbox="allow-scripts" security="restricted" src="https://cyclingpro.net/velopro/course/giro-dell-emilia/giovanni-visconti-cest-plus-belle/embed/#?secret=t6yauYjAzT" width="600" height="338" title="« Giovanni Visconti : « C&rsquo;est ma plus belle » » &#8212; VéloPro.fr" data-secret="t6yauYjAzT" frameborder="0" marginwidth="0" marginheight="0" scrolling="no" class="wp-embedded-content"></iframe><script type="text/javascript">
/* <![CDATA[ */
/*! This file is auto-generated */
!function(d,l){"use strict";l.querySelector&&d.addEventListener&&"undefined"!=typeof URL&&(d.wp=d.wp||{},d.wp.receiveEmbedMessage||(d.wp.receiveEmbedMessage=function(e){var t=e.data;if((t||t.secret||t.message||t.value)&&!/[^a-zA-Z0-9]/.test(t.secret)){for(var s,r,n,a=l.querySelectorAll('iframe[data-secret="'+t.secret+'"]'),o=l.querySelectorAll('blockquote[data-secret="'+t.secret+'"]'),c=new RegExp("^https?:$","i"),i=0;i<o.length;i++)o[i].style.display="none";for(i=0;i<a.length;i++)s=a[i],e.source===s.contentWindow&&(s.removeAttribute("style"),"height"===t.message?(1e3<(r=parseInt(t.value,10))?r=1e3:~~r<200&&(r=200),s.height=r):"link"===t.message&&(r=new URL(s.getAttribute("src")),n=new URL(t.value),c.test(n.protocol))&&n.host===r.host&&l.activeElement===s&&(d.top.location.href=t.value))}},d.addEventListener("message",d.wp.receiveEmbedMessage,!1),l.addEventListener("DOMContentLoaded",function(){for(var e,t,s=l.querySelectorAll("iframe.wp-embedded-content"),r=0;r<s.length;r++)(t=(e=s[r]).getAttribute("data-secret"))||(t=Math.random().toString(36).substring(2,12),e.src+="#?secret="+t,e.setAttribute("data-secret",t)),e.contentWindow.postMessage({message:"ready",secret:t},"*")},!1)))}(window,document);
/* ]]> */
</script>

Giovanni Visconti n&rsquo;est certainement pas le coureur le moins pourvu en victoires du peloton. Notamment sacré trois fois champion d&rsquo;Italie par le passé, le Sicilien de 34 ans a connu de succès à la pelle lors de ses treize années de carrière. Pourtant, celle acquise ce samedi sur le Tour d&rsquo;Emilie, au terme d&rsquo;un solo &hellip;
