{"version":"1.0","provider_name":"V\u00e9loPro.fr","provider_url":"https:\/\/cyclingpro.net\/velopro","author_name":"Nicolas Horlait","author_url":"https:\/\/cyclingpro.net\/velopro\/author\/nhorlait\/","title":"Romain Bardet reprendra au Tour d'Allemagne - V\u00e9loPro.fr","type":"rich","width":600,"height":338,"html":"<blockquote class=\"wp-embedded-content\" data-secret=\"vATnjfNSAf\"><a href=\"https:\/\/cyclingpro.net\/velopro\/course\/deutschland-tour\/romain-bardet-reprendra-au-tour-dallemagne\/\">Romain Bardet reprendra au Tour d&rsquo;Allemagne<\/a><\/blockquote><iframe sandbox=\"allow-scripts\" security=\"restricted\" src=\"https:\/\/cyclingpro.net\/velopro\/course\/deutschland-tour\/romain-bardet-reprendra-au-tour-dallemagne\/embed\/#?secret=vATnjfNSAf\" width=\"600\" height=\"338\" title=\"\u00ab\u00a0Romain Bardet reprendra au Tour d&rsquo;Allemagne\u00a0\u00bb &#8212; V\u00e9loPro.fr\" data-secret=\"vATnjfNSAf\" frameborder=\"0\" marginwidth=\"0\" marginheight=\"0\" scrolling=\"no\" class=\"wp-embedded-content\"><\/iframe><script type=\"text\/javascript\">\n\/* <![CDATA[ *\/\n\/*! This file is auto-generated *\/\n!function(d,l){\"use strict\";l.querySelector&&d.addEventListener&&\"undefined\"!=typeof URL&&(d.wp=d.wp||{},d.wp.receiveEmbedMessage||(d.wp.receiveEmbedMessage=function(e){var t=e.data;if((t||t.secret||t.message||t.value)&&!\/[^a-zA-Z0-9]\/.test(t.secret)){for(var s,r,n,a=l.querySelectorAll('iframe[data-secret=\"'+t.secret+'\"]'),o=l.querySelectorAll('blockquote[data-secret=\"'+t.secret+'\"]'),c=new RegExp(\"^https?:$\",\"i\"),i=0;i<o.length;i++)o[i].style.display=\"none\";for(i=0;i<a.length;i++)s=a[i],e.source===s.contentWindow&&(s.removeAttribute(\"style\"),\"height\"===t.message?(1e3<(r=parseInt(t.value,10))?r=1e3:~~r<200&&(r=200),s.height=r):\"link\"===t.message&&(r=new URL(s.getAttribute(\"src\")),n=new URL(t.value),c.test(n.protocol))&&n.host===r.host&&l.activeElement===s&&(d.top.location.href=t.value))}},d.addEventListener(\"message\",d.wp.receiveEmbedMessage,!1),l.addEventListener(\"DOMContentLoaded\",function(){for(var e,t,s=l.querySelectorAll(\"iframe.wp-embedded-content\"),r=0;r<s.length;r++)(t=(e=s[r]).getAttribute(\"data-secret\"))||(t=Math.random().toString(36).substring(2,12),e.src+=\"#?secret=\"+t,e.setAttribute(\"data-secret\",t)),e.contentWindow.postMessage({message:\"ready\",secret:t},\"*\")},!1)))}(window,document);\n\/* ]]> *\/\n<\/script>\n","thumbnail_url":"https:\/\/cyclingpro.net\/velopro\/wp-content\/uploads\/2018\/07\/755925502.jpg","thumbnail_width":1050,"thumbnail_height":698,"description":"Plus revu en course depuis la fin du Tour de France qu&rsquo;il a termin\u00e9 \u00e0 la sixi\u00e8me place, Romain Bardet (AG2R) a annonc\u00e9 sur son compte Instagram qu&rsquo;il reprendrait la comp\u00e9tition au Tour d&rsquo;Allemagne. L&rsquo;\u00e9preuve class\u00e9e 2.1 \u00e9tant disput\u00e9e du 23 au 26 ao\u00fbt, son annonce efface d&rsquo;un revers de main les rumeurs qui l&rsquo;envoyait &hellip;"}

VéloPro.fr

Romain Bardet reprendra au Tour d'Allemagne - VéloPro.fr

<blockquote class="wp-embedded-content" data-secret="vATnjfNSAf"><a href="https://cyclingpro.net/velopro/course/deutschland-tour/romain-bardet-reprendra-au-tour-dallemagne/">Romain Bardet reprendra au Tour d&rsquo;Allemagne</a></blockquote><iframe sandbox="allow-scripts" security="restricted" src="https://cyclingpro.net/velopro/course/deutschland-tour/romain-bardet-reprendra-au-tour-dallemagne/embed/#?secret=vATnjfNSAf" width="600" height="338" title="« Romain Bardet reprendra au Tour d&rsquo;Allemagne » &#8212; VéloPro.fr" data-secret="vATnjfNSAf" frameborder="0" marginwidth="0" marginheight="0" scrolling="no" class="wp-embedded-content"></iframe><script type="text/javascript">
/* <![CDATA[ */
/*! This file is auto-generated */
!function(d,l){"use strict";l.querySelector&&d.addEventListener&&"undefined"!=typeof URL&&(d.wp=d.wp||{},d.wp.receiveEmbedMessage||(d.wp.receiveEmbedMessage=function(e){var t=e.data;if((t||t.secret||t.message||t.value)&&!/[^a-zA-Z0-9]/.test(t.secret)){for(var s,r,n,a=l.querySelectorAll('iframe[data-secret="'+t.secret+'"]'),o=l.querySelectorAll('blockquote[data-secret="'+t.secret+'"]'),c=new RegExp("^https?:$","i"),i=0;i<o.length;i++)o[i].style.display="none";for(i=0;i<a.length;i++)s=a[i],e.source===s.contentWindow&&(s.removeAttribute("style"),"height"===t.message?(1e3<(r=parseInt(t.value,10))?r=1e3:~~r<200&&(r=200),s.height=r):"link"===t.message&&(r=new URL(s.getAttribute("src")),n=new URL(t.value),c.test(n.protocol))&&n.host===r.host&&l.activeElement===s&&(d.top.location.href=t.value))}},d.addEventListener("message",d.wp.receiveEmbedMessage,!1),l.addEventListener("DOMContentLoaded",function(){for(var e,t,s=l.querySelectorAll("iframe.wp-embedded-content"),r=0;r<s.length;r++)(t=(e=s[r]).getAttribute("data-secret"))||(t=Math.random().toString(36).substring(2,12),e.src+="#?secret="+t,e.setAttribute("data-secret",t)),e.contentWindow.postMessage({message:"ready",secret:t},"*")},!1)))}(window,document);
/* ]]> */
</script>

Plus revu en course depuis la fin du Tour de France qu&rsquo;il a terminé à la sixième place, Romain Bardet (AG2R) a annoncé sur son compte Instagram qu&rsquo;il reprendrait la compétition au Tour d&rsquo;Allemagne. L&rsquo;épreuve classée 2.1 étant disputée du 23 au 26 août, son annonce efface d&rsquo;un revers de main les rumeurs qui l&rsquo;envoyait &hellip;
