{"version":"1.0","provider_name":"V\u00e9loPro.fr","provider_url":"https:\/\/cyclingpro.net\/velopro","author_name":"Antoine Plouvin","author_url":"https:\/\/cyclingpro.net\/velopro\/author\/aplouvin\/","title":"La Fl\u00e8che Braban\u00e7onne 2021 : Le direct - V\u00e9loPro.fr","type":"rich","width":600,"height":338,"html":"<blockquote class=\"wp-embedded-content\" data-secret=\"Z98jLlrpNC\"><a href=\"https:\/\/cyclingpro.net\/velopro\/course\/brabantse-pijl\/la-fleche-brabanconne-2021-le-direct\/\">La Fl\u00e8che Braban\u00e7onne 2021 : Le direct<\/a><\/blockquote><iframe sandbox=\"allow-scripts\" security=\"restricted\" src=\"https:\/\/cyclingpro.net\/velopro\/course\/brabantse-pijl\/la-fleche-brabanconne-2021-le-direct\/embed\/#?secret=Z98jLlrpNC\" width=\"600\" height=\"338\" title=\"\u00ab\u00a0La Fl\u00e8che Braban\u00e7onne 2021 : Le direct\u00a0\u00bb &#8212; V\u00e9loPro.fr\" data-secret=\"Z98jLlrpNC\" frameborder=\"0\" marginwidth=\"0\" marginheight=\"0\" scrolling=\"no\" class=\"wp-embedded-content\"><\/iframe><script type=\"text\/javascript\">\n\/* <![CDATA[ *\/\n\/*! This file is auto-generated *\/\n!function(d,l){\"use strict\";l.querySelector&&d.addEventListener&&\"undefined\"!=typeof URL&&(d.wp=d.wp||{},d.wp.receiveEmbedMessage||(d.wp.receiveEmbedMessage=function(e){var t=e.data;if((t||t.secret||t.message||t.value)&&!\/[^a-zA-Z0-9]\/.test(t.secret)){for(var s,r,n,a=l.querySelectorAll('iframe[data-secret=\"'+t.secret+'\"]'),o=l.querySelectorAll('blockquote[data-secret=\"'+t.secret+'\"]'),c=new RegExp(\"^https?:$\",\"i\"),i=0;i<o.length;i++)o[i].style.display=\"none\";for(i=0;i<a.length;i++)s=a[i],e.source===s.contentWindow&&(s.removeAttribute(\"style\"),\"height\"===t.message?(1e3<(r=parseInt(t.value,10))?r=1e3:~~r<200&&(r=200),s.height=r):\"link\"===t.message&&(r=new URL(s.getAttribute(\"src\")),n=new URL(t.value),c.test(n.protocol))&&n.host===r.host&&l.activeElement===s&&(d.top.location.href=t.value))}},d.addEventListener(\"message\",d.wp.receiveEmbedMessage,!1),l.addEventListener(\"DOMContentLoaded\",function(){for(var e,t,s=l.querySelectorAll(\"iframe.wp-embedded-content\"),r=0;r<s.length;r++)(t=(e=s[r]).getAttribute(\"data-secret\"))||(t=Math.random().toString(36).substring(2,12),e.src+=\"#?secret=\"+t,e.setAttribute(\"data-secret\",t)),e.contentWindow.postMessage({message:\"ready\",secret:t},\"*\")},!1)))}(window,document);\n\/* ]]> *\/\n<\/script>\n","thumbnail_url":"https:\/\/cyclingpro.net\/velopro\/wp-content\/uploads\/2017\/03\/Live.jpg","thumbnail_width":660,"thumbnail_height":330,"description":"Avec l&rsquo;app VeloPro.fr sur votre mobile ou tablette, acc\u00e9der \u00e0 un calendrier tr\u00e8s fourni de courses en direct avec le commentaire live, le tracking GPS, les classements, les classements virtuels durant le d\u00e9roulement de l&rsquo;\u00e9tape&#8230; &nbsp; &nbsp; \ufeff\ufeff"}

VéloPro.fr

La Flèche Brabançonne 2021 : Le direct - VéloPro.fr

<blockquote class="wp-embedded-content" data-secret="Z98jLlrpNC"><a href="https://cyclingpro.net/velopro/course/brabantse-pijl/la-fleche-brabanconne-2021-le-direct/">La Flèche Brabançonne 2021 : Le direct</a></blockquote><iframe sandbox="allow-scripts" security="restricted" src="https://cyclingpro.net/velopro/course/brabantse-pijl/la-fleche-brabanconne-2021-le-direct/embed/#?secret=Z98jLlrpNC" width="600" height="338" title="« La Flèche Brabançonne 2021 : Le direct » &#8212; VéloPro.fr" data-secret="Z98jLlrpNC" frameborder="0" marginwidth="0" marginheight="0" scrolling="no" class="wp-embedded-content"></iframe><script type="text/javascript">
/* <![CDATA[ */
/*! This file is auto-generated */
!function(d,l){"use strict";l.querySelector&&d.addEventListener&&"undefined"!=typeof URL&&(d.wp=d.wp||{},d.wp.receiveEmbedMessage||(d.wp.receiveEmbedMessage=function(e){var t=e.data;if((t||t.secret||t.message||t.value)&&!/[^a-zA-Z0-9]/.test(t.secret)){for(var s,r,n,a=l.querySelectorAll('iframe[data-secret="'+t.secret+'"]'),o=l.querySelectorAll('blockquote[data-secret="'+t.secret+'"]'),c=new RegExp("^https?:$","i"),i=0;i<o.length;i++)o[i].style.display="none";for(i=0;i<a.length;i++)s=a[i],e.source===s.contentWindow&&(s.removeAttribute("style"),"height"===t.message?(1e3<(r=parseInt(t.value,10))?r=1e3:~~r<200&&(r=200),s.height=r):"link"===t.message&&(r=new URL(s.getAttribute("src")),n=new URL(t.value),c.test(n.protocol))&&n.host===r.host&&l.activeElement===s&&(d.top.location.href=t.value))}},d.addEventListener("message",d.wp.receiveEmbedMessage,!1),l.addEventListener("DOMContentLoaded",function(){for(var e,t,s=l.querySelectorAll("iframe.wp-embedded-content"),r=0;r<s.length;r++)(t=(e=s[r]).getAttribute("data-secret"))||(t=Math.random().toString(36).substring(2,12),e.src+="#?secret="+t,e.setAttribute("data-secret",t)),e.contentWindow.postMessage({message:"ready",secret:t},"*")},!1)))}(window,document);
/* ]]> */
</script>

Avec l&rsquo;app VeloPro.fr sur votre mobile ou tablette, accéder à un calendrier très fourni de courses en direct avec le commentaire live, le tracking GPS, les classements, les classements virtuels durant le déroulement de l&rsquo;étape&#8230; &nbsp; &nbsp; ﻿﻿
