{"version":"1.0","provider_name":"V\u00e9loPro.fr","provider_url":"https:\/\/cyclingpro.net\/velopro","author_name":"Alexandre Mignot","author_url":"https:\/\/cyclingpro.net\/velopro\/author\/amignot\/","title":"BinckBank Tour : Tim Wellens fait coup double - V\u00e9loPro.fr","type":"rich","width":600,"height":338,"html":"<blockquote class=\"wp-embedded-content\" data-secret=\"82rgElJuz3\"><a href=\"https:\/\/cyclingpro.net\/velopro\/course\/binckbanktour\/binckbank-tour-tim-wellens-fait-coup-double\/\">BinckBank Tour : Tim Wellens fait coup double<\/a><\/blockquote><iframe sandbox=\"allow-scripts\" security=\"restricted\" src=\"https:\/\/cyclingpro.net\/velopro\/course\/binckbanktour\/binckbank-tour-tim-wellens-fait-coup-double\/embed\/#?secret=82rgElJuz3\" width=\"600\" height=\"338\" title=\"\u00ab\u00a0BinckBank Tour : Tim Wellens fait coup double\u00a0\u00bb &#8212; V\u00e9loPro.fr\" data-secret=\"82rgElJuz3\" frameborder=\"0\" marginwidth=\"0\" marginheight=\"0\" scrolling=\"no\" class=\"wp-embedded-content\"><\/iframe><script type=\"text\/javascript\">\n\/* <![CDATA[ *\/\n\/*! This file is auto-generated *\/\n!function(d,l){\"use strict\";l.querySelector&&d.addEventListener&&\"undefined\"!=typeof URL&&(d.wp=d.wp||{},d.wp.receiveEmbedMessage||(d.wp.receiveEmbedMessage=function(e){var t=e.data;if((t||t.secret||t.message||t.value)&&!\/[^a-zA-Z0-9]\/.test(t.secret)){for(var s,r,n,a=l.querySelectorAll('iframe[data-secret=\"'+t.secret+'\"]'),o=l.querySelectorAll('blockquote[data-secret=\"'+t.secret+'\"]'),c=new RegExp(\"^https?:$\",\"i\"),i=0;i<o.length;i++)o[i].style.display=\"none\";for(i=0;i<a.length;i++)s=a[i],e.source===s.contentWindow&&(s.removeAttribute(\"style\"),\"height\"===t.message?(1e3<(r=parseInt(t.value,10))?r=1e3:~~r<200&&(r=200),s.height=r):\"link\"===t.message&&(r=new URL(s.getAttribute(\"src\")),n=new URL(t.value),c.test(n.protocol))&&n.host===r.host&&l.activeElement===s&&(d.top.location.href=t.value))}},d.addEventListener(\"message\",d.wp.receiveEmbedMessage,!1),l.addEventListener(\"DOMContentLoaded\",function(){for(var e,t,s=l.querySelectorAll(\"iframe.wp-embedded-content\"),r=0;r<s.length;r++)(t=(e=s[r]).getAttribute(\"data-secret\"))||(t=Math.random().toString(36).substring(2,12),e.src+=\"#?secret=\"+t,e.setAttribute(\"data-secret\",t)),e.contentWindow.postMessage({message:\"ready\",secret:t},\"*\")},!1)))}(window,document);\n\/* ]]> *\/\n<\/script>\n","thumbnail_url":"https:\/\/cyclingpro.net\/velopro\/wp-content\/uploads\/2019\/08\/Tim-Wellens.jpg","thumbnail_width":3696,"thumbnail_height":2006,"description":"Tim Wellens est venu s\u2019octroyer une victoire des plus symboliques ce jeudi sur le BinckBank Tour. Quelques jours apr\u00e8s le tragique d\u00e9c\u00e8s de son jeune co\u00e9quipier Bjorg Lambrecht sur le Tour de Pologne, le coureur de la Lotto-Soudal a conquis l\u2019\u00e9tape reine de l\u2019\u00e9preuve n\u00e9erlando-belge au terme de seulement 96 kilom\u00e8tres n\u00e9anmoins escarp\u00e9s autour d\u2019Houffalize. &hellip;"}

VéloPro.fr

BinckBank Tour : Tim Wellens fait coup double - VéloPro.fr

<blockquote class="wp-embedded-content" data-secret="82rgElJuz3"><a href="https://cyclingpro.net/velopro/course/binckbanktour/binckbank-tour-tim-wellens-fait-coup-double/">BinckBank Tour : Tim Wellens fait coup double</a></blockquote><iframe sandbox="allow-scripts" security="restricted" src="https://cyclingpro.net/velopro/course/binckbanktour/binckbank-tour-tim-wellens-fait-coup-double/embed/#?secret=82rgElJuz3" width="600" height="338" title="« BinckBank Tour : Tim Wellens fait coup double » &#8212; VéloPro.fr" data-secret="82rgElJuz3" frameborder="0" marginwidth="0" marginheight="0" scrolling="no" class="wp-embedded-content"></iframe><script type="text/javascript">
/* <![CDATA[ */
/*! This file is auto-generated */
!function(d,l){"use strict";l.querySelector&&d.addEventListener&&"undefined"!=typeof URL&&(d.wp=d.wp||{},d.wp.receiveEmbedMessage||(d.wp.receiveEmbedMessage=function(e){var t=e.data;if((t||t.secret||t.message||t.value)&&!/[^a-zA-Z0-9]/.test(t.secret)){for(var s,r,n,a=l.querySelectorAll('iframe[data-secret="'+t.secret+'"]'),o=l.querySelectorAll('blockquote[data-secret="'+t.secret+'"]'),c=new RegExp("^https?:$","i"),i=0;i<o.length;i++)o[i].style.display="none";for(i=0;i<a.length;i++)s=a[i],e.source===s.contentWindow&&(s.removeAttribute("style"),"height"===t.message?(1e3<(r=parseInt(t.value,10))?r=1e3:~~r<200&&(r=200),s.height=r):"link"===t.message&&(r=new URL(s.getAttribute("src")),n=new URL(t.value),c.test(n.protocol))&&n.host===r.host&&l.activeElement===s&&(d.top.location.href=t.value))}},d.addEventListener("message",d.wp.receiveEmbedMessage,!1),l.addEventListener("DOMContentLoaded",function(){for(var e,t,s=l.querySelectorAll("iframe.wp-embedded-content"),r=0;r<s.length;r++)(t=(e=s[r]).getAttribute("data-secret"))||(t=Math.random().toString(36).substring(2,12),e.src+="#?secret="+t,e.setAttribute("data-secret",t)),e.contentWindow.postMessage({message:"ready",secret:t},"*")},!1)))}(window,document);
/* ]]> */
</script>

Tim Wellens est venu s’octroyer une victoire des plus symboliques ce jeudi sur le BinckBank Tour. Quelques jours après le tragique décès de son jeune coéquipier Bjorg Lambrecht sur le Tour de Pologne, le coureur de la Lotto-Soudal a conquis l’étape reine de l’épreuve néerlando-belge au terme de seulement 96 kilomètres néanmoins escarpés autour d’Houffalize. &hellip;
