{"version":"1.0","provider_name":"V\u00e9loPro.fr","provider_url":"https:\/\/cyclingpro.net\/velopro","author_name":"Alexandre Mignot","author_url":"https:\/\/cyclingpro.net\/velopro\/author\/amignot\/","title":"August Jensen, le Norv\u00e9gien qui pousse - V\u00e9loPro.fr","type":"rich","width":600,"height":338,"html":"<blockquote class=\"wp-embedded-content\" data-secret=\"B7hwrwRDjZ\"><a href=\"https:\/\/cyclingpro.net\/velopro\/course\/arcticraceofnorway\/august-jensen-norvegien-pousse\/\">August Jensen, le Norv\u00e9gien qui pousse<\/a><\/blockquote><iframe sandbox=\"allow-scripts\" security=\"restricted\" src=\"https:\/\/cyclingpro.net\/velopro\/course\/arcticraceofnorway\/august-jensen-norvegien-pousse\/embed\/#?secret=B7hwrwRDjZ\" width=\"600\" height=\"338\" title=\"\u00ab\u00a0August Jensen, le Norv\u00e9gien qui pousse\u00a0\u00bb &#8212; V\u00e9loPro.fr\" data-secret=\"B7hwrwRDjZ\" frameborder=\"0\" marginwidth=\"0\" marginheight=\"0\" scrolling=\"no\" class=\"wp-embedded-content\"><\/iframe><script type=\"text\/javascript\">\n\/* <![CDATA[ *\/\n\/*! This file is auto-generated *\/\n!function(d,l){\"use strict\";l.querySelector&&d.addEventListener&&\"undefined\"!=typeof URL&&(d.wp=d.wp||{},d.wp.receiveEmbedMessage||(d.wp.receiveEmbedMessage=function(e){var t=e.data;if((t||t.secret||t.message||t.value)&&!\/[^a-zA-Z0-9]\/.test(t.secret)){for(var s,r,n,a=l.querySelectorAll('iframe[data-secret=\"'+t.secret+'\"]'),o=l.querySelectorAll('blockquote[data-secret=\"'+t.secret+'\"]'),c=new RegExp(\"^https?:$\",\"i\"),i=0;i<o.length;i++)o[i].style.display=\"none\";for(i=0;i<a.length;i++)s=a[i],e.source===s.contentWindow&&(s.removeAttribute(\"style\"),\"height\"===t.message?(1e3<(r=parseInt(t.value,10))?r=1e3:~~r<200&&(r=200),s.height=r):\"link\"===t.message&&(r=new URL(s.getAttribute(\"src\")),n=new URL(t.value),c.test(n.protocol))&&n.host===r.host&&l.activeElement===s&&(d.top.location.href=t.value))}},d.addEventListener(\"message\",d.wp.receiveEmbedMessage,!1),l.addEventListener(\"DOMContentLoaded\",function(){for(var e,t,s=l.querySelectorAll(\"iframe.wp-embedded-content\"),r=0;r<s.length;r++)(t=(e=s[r]).getAttribute(\"data-secret\"))||(t=Math.random().toString(36).substring(2,12),e.src+=\"#?secret=\"+t,e.setAttribute(\"data-secret\",t)),e.contentWindow.postMessage({message:\"ready\",secret:t},\"*\")},!1)))}(window,document);\n\/* ]]> *\/\n<\/script>\n","thumbnail_url":"https:\/\/cyclingpro.net\/velopro\/wp-content\/uploads\/2017\/08\/August-Jensen-1.jpg","thumbnail_width":1050,"thumbnail_height":611,"description":"Les passionn\u00e9s les plus avertis connaissent d\u00e9j\u00e0 son nom. Mais August Jensen est en train de se d\u00e9couvrir aupr\u00e8s d&rsquo;un public bien plus large. \u00c0 25 ans, le coureur de la Team Coop\u00a0r\u00e9alise sans contestation possible sa plus belle saison. Celle qui va sans nul doute lui permettre de percer au plus haut niveau. C&rsquo;est &hellip;"}

VéloPro.fr

August Jensen, le Norvégien qui pousse - VéloPro.fr

<blockquote class="wp-embedded-content" data-secret="B7hwrwRDjZ"><a href="https://cyclingpro.net/velopro/course/arcticraceofnorway/august-jensen-norvegien-pousse/">August Jensen, le Norvégien qui pousse</a></blockquote><iframe sandbox="allow-scripts" security="restricted" src="https://cyclingpro.net/velopro/course/arcticraceofnorway/august-jensen-norvegien-pousse/embed/#?secret=B7hwrwRDjZ" width="600" height="338" title="« August Jensen, le Norvégien qui pousse » &#8212; VéloPro.fr" data-secret="B7hwrwRDjZ" frameborder="0" marginwidth="0" marginheight="0" scrolling="no" class="wp-embedded-content"></iframe><script type="text/javascript">
/* <![CDATA[ */
/*! This file is auto-generated */
!function(d,l){"use strict";l.querySelector&&d.addEventListener&&"undefined"!=typeof URL&&(d.wp=d.wp||{},d.wp.receiveEmbedMessage||(d.wp.receiveEmbedMessage=function(e){var t=e.data;if((t||t.secret||t.message||t.value)&&!/[^a-zA-Z0-9]/.test(t.secret)){for(var s,r,n,a=l.querySelectorAll('iframe[data-secret="'+t.secret+'"]'),o=l.querySelectorAll('blockquote[data-secret="'+t.secret+'"]'),c=new RegExp("^https?:$","i"),i=0;i<o.length;i++)o[i].style.display="none";for(i=0;i<a.length;i++)s=a[i],e.source===s.contentWindow&&(s.removeAttribute("style"),"height"===t.message?(1e3<(r=parseInt(t.value,10))?r=1e3:~~r<200&&(r=200),s.height=r):"link"===t.message&&(r=new URL(s.getAttribute("src")),n=new URL(t.value),c.test(n.protocol))&&n.host===r.host&&l.activeElement===s&&(d.top.location.href=t.value))}},d.addEventListener("message",d.wp.receiveEmbedMessage,!1),l.addEventListener("DOMContentLoaded",function(){for(var e,t,s=l.querySelectorAll("iframe.wp-embedded-content"),r=0;r<s.length;r++)(t=(e=s[r]).getAttribute("data-secret"))||(t=Math.random().toString(36).substring(2,12),e.src+="#?secret="+t,e.setAttribute("data-secret",t)),e.contentWindow.postMessage({message:"ready",secret:t},"*")},!1)))}(window,document);
/* ]]> */
</script>

Les passionnés les plus avertis connaissent déjà son nom. Mais August Jensen est en train de se découvrir auprès d&rsquo;un public bien plus large. À 25 ans, le coureur de la Team Coop réalise sans contestation possible sa plus belle saison. Celle qui va sans nul doute lui permettre de percer au plus haut niveau. C&rsquo;est &hellip;
