{"version":"1.0","provider_name":"V\u00e9loPro.fr","provider_url":"https:\/\/cyclingpro.net\/velopro","author_name":"James Odvart","author_url":"https:\/\/cyclingpro.net\/velopro\/author\/jodvart\/","title":"Le final de l'Amstel Gold Race adapt\u00e9 - V\u00e9loPro.fr","type":"rich","width":600,"height":338,"html":"<blockquote class=\"wp-embedded-content\" data-secret=\"Sy2GBOGwq4\"><a href=\"https:\/\/cyclingpro.net\/velopro\/course\/amstel-gold-race\/final-de-lamstel-gold-race-adapte\/\">Le final de l&rsquo;Amstel Gold Race adapt\u00e9<\/a><\/blockquote><iframe sandbox=\"allow-scripts\" security=\"restricted\" src=\"https:\/\/cyclingpro.net\/velopro\/course\/amstel-gold-race\/final-de-lamstel-gold-race-adapte\/embed\/#?secret=Sy2GBOGwq4\" width=\"600\" height=\"338\" title=\"\u00ab\u00a0Le final de l&rsquo;Amstel Gold Race adapt\u00e9\u00a0\u00bb &#8212; V\u00e9loPro.fr\" data-secret=\"Sy2GBOGwq4\" frameborder=\"0\" marginwidth=\"0\" marginheight=\"0\" scrolling=\"no\" class=\"wp-embedded-content\"><\/iframe><script type=\"text\/javascript\">\n\/* <![CDATA[ *\/\n\/*! This file is auto-generated *\/\n!function(d,l){\"use strict\";l.querySelector&&d.addEventListener&&\"undefined\"!=typeof URL&&(d.wp=d.wp||{},d.wp.receiveEmbedMessage||(d.wp.receiveEmbedMessage=function(e){var t=e.data;if((t||t.secret||t.message||t.value)&&!\/[^a-zA-Z0-9]\/.test(t.secret)){for(var s,r,n,a=l.querySelectorAll('iframe[data-secret=\"'+t.secret+'\"]'),o=l.querySelectorAll('blockquote[data-secret=\"'+t.secret+'\"]'),c=new RegExp(\"^https?:$\",\"i\"),i=0;i<o.length;i++)o[i].style.display=\"none\";for(i=0;i<a.length;i++)s=a[i],e.source===s.contentWindow&&(s.removeAttribute(\"style\"),\"height\"===t.message?(1e3<(r=parseInt(t.value,10))?r=1e3:~~r<200&&(r=200),s.height=r):\"link\"===t.message&&(r=new URL(s.getAttribute(\"src\")),n=new URL(t.value),c.test(n.protocol))&&n.host===r.host&&l.activeElement===s&&(d.top.location.href=t.value))}},d.addEventListener(\"message\",d.wp.receiveEmbedMessage,!1),l.addEventListener(\"DOMContentLoaded\",function(){for(var e,t,s=l.querySelectorAll(\"iframe.wp-embedded-content\"),r=0;r<s.length;r++)(t=(e=s[r]).getAttribute(\"data-secret\"))||(t=Math.random().toString(36).substring(2,12),e.src+=\"#?secret=\"+t,e.setAttribute(\"data-secret\",t)),e.contentWindow.postMessage({message:\"ready\",secret:t},\"*\")},!1)))}(window,document);\n\/* ]]> *\/\n<\/script>\n","thumbnail_url":"https:\/\/cyclingpro.net\/velopro\/wp-content\/uploads\/2017\/04\/581742274.jpg","thumbnail_width":1050,"thumbnail_height":591,"description":"Le final de l&rsquo;Amstel Gold Race est de nouveau adapt\u00e9 cette ann\u00e9e. Dans la derni\u00e8re boucle de 16 kilom\u00e8tres, les coureurs emprunteront des routes plus \u00e9troites. Le directeur de course L\u00e9o van Vliet esp\u00e8re ainsi rendre la course difficile \u00e0 contr\u00f4ler. \u00ab\u00a0En 2017, nous avons constat\u00e9 qu&rsquo;une simple modification peut rendre la course plus attractive. &hellip;"}

VéloPro.fr

Le final de l'Amstel Gold Race adapté - VéloPro.fr

<blockquote class="wp-embedded-content" data-secret="Sy2GBOGwq4"><a href="https://cyclingpro.net/velopro/course/amstel-gold-race/final-de-lamstel-gold-race-adapte/">Le final de l&rsquo;Amstel Gold Race adapté</a></blockquote><iframe sandbox="allow-scripts" security="restricted" src="https://cyclingpro.net/velopro/course/amstel-gold-race/final-de-lamstel-gold-race-adapte/embed/#?secret=Sy2GBOGwq4" width="600" height="338" title="« Le final de l&rsquo;Amstel Gold Race adapté » &#8212; VéloPro.fr" data-secret="Sy2GBOGwq4" frameborder="0" marginwidth="0" marginheight="0" scrolling="no" class="wp-embedded-content"></iframe><script type="text/javascript">
/* <![CDATA[ */
/*! This file is auto-generated */
!function(d,l){"use strict";l.querySelector&&d.addEventListener&&"undefined"!=typeof URL&&(d.wp=d.wp||{},d.wp.receiveEmbedMessage||(d.wp.receiveEmbedMessage=function(e){var t=e.data;if((t||t.secret||t.message||t.value)&&!/[^a-zA-Z0-9]/.test(t.secret)){for(var s,r,n,a=l.querySelectorAll('iframe[data-secret="'+t.secret+'"]'),o=l.querySelectorAll('blockquote[data-secret="'+t.secret+'"]'),c=new RegExp("^https?:$","i"),i=0;i<o.length;i++)o[i].style.display="none";for(i=0;i<a.length;i++)s=a[i],e.source===s.contentWindow&&(s.removeAttribute("style"),"height"===t.message?(1e3<(r=parseInt(t.value,10))?r=1e3:~~r<200&&(r=200),s.height=r):"link"===t.message&&(r=new URL(s.getAttribute("src")),n=new URL(t.value),c.test(n.protocol))&&n.host===r.host&&l.activeElement===s&&(d.top.location.href=t.value))}},d.addEventListener("message",d.wp.receiveEmbedMessage,!1),l.addEventListener("DOMContentLoaded",function(){for(var e,t,s=l.querySelectorAll("iframe.wp-embedded-content"),r=0;r<s.length;r++)(t=(e=s[r]).getAttribute("data-secret"))||(t=Math.random().toString(36).substring(2,12),e.src+="#?secret="+t,e.setAttribute("data-secret",t)),e.contentWindow.postMessage({message:"ready",secret:t},"*")},!1)))}(window,document);
/* ]]> */
</script>

Le final de l&rsquo;Amstel Gold Race est de nouveau adapté cette année. Dans la dernière boucle de 16 kilomètres, les coureurs emprunteront des routes plus étroites. Le directeur de course Léo van Vliet espère ainsi rendre la course difficile à contrôler. « En 2017, nous avons constaté qu&rsquo;une simple modification peut rendre la course plus attractive. &hellip;
