{"version":"1.0","provider_name":"V\u00e9loPro.fr","provider_url":"https:\/\/cyclingpro.net\/velopro","author_name":"SpazioCiclismo","author_url":"https:\/\/cyclingpro.net\/velopro\/author\/spaziociclismo\/","title":"Trofeo Matteotti 2025, le Parcours (Carte et Profil) - V\u00e9loPro.fr","type":"rich","width":600,"height":338,"html":"<blockquote class=\"wp-embedded-content\" data-secret=\"SS3rXFBGcB\"><a href=\"https:\/\/cyclingpro.net\/velopro\/autre\/trofeo-matteotti-2025-le-parcours-carte-et-profil\/\">Trofeo Matteotti 2025, le Parcours (Carte et Profil)<\/a><\/blockquote><iframe sandbox=\"allow-scripts\" security=\"restricted\" src=\"https:\/\/cyclingpro.net\/velopro\/autre\/trofeo-matteotti-2025-le-parcours-carte-et-profil\/embed\/#?secret=SS3rXFBGcB\" width=\"600\" height=\"338\" title=\"\u00ab\u00a0Trofeo Matteotti 2025, le Parcours (Carte et Profil)\u00a0\u00bb &#8212; V\u00e9loPro.fr\" data-secret=\"SS3rXFBGcB\" frameborder=\"0\" marginwidth=\"0\" marginheight=\"0\" scrolling=\"no\" class=\"wp-embedded-content\"><\/iframe><script type=\"text\/javascript\">\n\/* <![CDATA[ *\/\n\/*! This file is auto-generated *\/\n!function(d,l){\"use strict\";l.querySelector&&d.addEventListener&&\"undefined\"!=typeof URL&&(d.wp=d.wp||{},d.wp.receiveEmbedMessage||(d.wp.receiveEmbedMessage=function(e){var t=e.data;if((t||t.secret||t.message||t.value)&&!\/[^a-zA-Z0-9]\/.test(t.secret)){for(var s,r,n,a=l.querySelectorAll('iframe[data-secret=\"'+t.secret+'\"]'),o=l.querySelectorAll('blockquote[data-secret=\"'+t.secret+'\"]'),c=new RegExp(\"^https?:$\",\"i\"),i=0;i<o.length;i++)o[i].style.display=\"none\";for(i=0;i<a.length;i++)s=a[i],e.source===s.contentWindow&&(s.removeAttribute(\"style\"),\"height\"===t.message?(1e3<(r=parseInt(t.value,10))?r=1e3:~~r<200&&(r=200),s.height=r):\"link\"===t.message&&(r=new URL(s.getAttribute(\"src\")),n=new URL(t.value),c.test(n.protocol))&&n.host===r.host&&l.activeElement===s&&(d.top.location.href=t.value))}},d.addEventListener(\"message\",d.wp.receiveEmbedMessage,!1),l.addEventListener(\"DOMContentLoaded\",function(){for(var e,t,s=l.querySelectorAll(\"iframe.wp-embedded-content\"),r=0;r<s.length;r++)(t=(e=s[r]).getAttribute(\"data-secret\"))||(t=Math.random().toString(36).substring(2,12),e.src+=\"#?secret=\"+t,e.setAttribute(\"data-secret\",t)),e.contentWindow.postMessage({message:\"ready\",secret:t},\"*\")},!1)))}(window,document);\n\/* ]]> *\/\n<\/script>\n","thumbnail_url":"https:\/\/cyclingpro.net\/velopro\/wp-content\/uploads\/2025\/09\/Trofeo-Matteotti-2019-Altimetria-768x370.jpg","thumbnail_width":600,"thumbnail_height":289,"description":"Parcours inchang\u00e9 pour le Trofeo Matteotti 2025. Pr\u00e9vue pour le dimanche 14 septembre, la 78e \u00e9dition de la course des Abruzzes se poursuit avec un parcours bien \u00e9tabli qui, au cours des derni\u00e8res saisons, malgr\u00e9 quelques difficult\u00e9s \u00e9conomiques, a recueilli le consensus et assur\u00e9 l&rsquo;organisation, gr\u00e2ce aussi \u00e0 la nouvelle position r\u00e9solument plus strat\u00e9gique dans &hellip;"}

VéloPro.fr

Trofeo Matteotti 2025, le Parcours (Carte et Profil) - VéloPro.fr

<blockquote class="wp-embedded-content" data-secret="SS3rXFBGcB"><a href="https://cyclingpro.net/velopro/autre/trofeo-matteotti-2025-le-parcours-carte-et-profil/">Trofeo Matteotti 2025, le Parcours (Carte et Profil)</a></blockquote><iframe sandbox="allow-scripts" security="restricted" src="https://cyclingpro.net/velopro/autre/trofeo-matteotti-2025-le-parcours-carte-et-profil/embed/#?secret=SS3rXFBGcB" width="600" height="338" title="« Trofeo Matteotti 2025, le Parcours (Carte et Profil) » &#8212; VéloPro.fr" data-secret="SS3rXFBGcB" frameborder="0" marginwidth="0" marginheight="0" scrolling="no" class="wp-embedded-content"></iframe><script type="text/javascript">
/* <![CDATA[ */
/*! This file is auto-generated */
!function(d,l){"use strict";l.querySelector&&d.addEventListener&&"undefined"!=typeof URL&&(d.wp=d.wp||{},d.wp.receiveEmbedMessage||(d.wp.receiveEmbedMessage=function(e){var t=e.data;if((t||t.secret||t.message||t.value)&&!/[^a-zA-Z0-9]/.test(t.secret)){for(var s,r,n,a=l.querySelectorAll('iframe[data-secret="'+t.secret+'"]'),o=l.querySelectorAll('blockquote[data-secret="'+t.secret+'"]'),c=new RegExp("^https?:$","i"),i=0;i<o.length;i++)o[i].style.display="none";for(i=0;i<a.length;i++)s=a[i],e.source===s.contentWindow&&(s.removeAttribute("style"),"height"===t.message?(1e3<(r=parseInt(t.value,10))?r=1e3:~~r<200&&(r=200),s.height=r):"link"===t.message&&(r=new URL(s.getAttribute("src")),n=new URL(t.value),c.test(n.protocol))&&n.host===r.host&&l.activeElement===s&&(d.top.location.href=t.value))}},d.addEventListener("message",d.wp.receiveEmbedMessage,!1),l.addEventListener("DOMContentLoaded",function(){for(var e,t,s=l.querySelectorAll("iframe.wp-embedded-content"),r=0;r<s.length;r++)(t=(e=s[r]).getAttribute("data-secret"))||(t=Math.random().toString(36).substring(2,12),e.src+="#?secret="+t,e.setAttribute("data-secret",t)),e.contentWindow.postMessage({message:"ready",secret:t},"*")},!1)))}(window,document);
/* ]]> */
</script>

Parcours inchangé pour le Trofeo Matteotti 2025. Prévue pour le dimanche 14 septembre, la 78e édition de la course des Abruzzes se poursuit avec un parcours bien établi qui, au cours des dernières saisons, malgré quelques difficultés économiques, a recueilli le consensus et assuré l&rsquo;organisation, grâce aussi à la nouvelle position résolument plus stratégique dans &hellip;
