{"version":"1.0","provider_name":"V\u00e9loPro.fr","provider_url":"https:\/\/cyclingpro.net\/velopro","author_name":"SpazioCiclismo","author_url":"https:\/\/cyclingpro.net\/velopro\/author\/spaziociclismo\/","title":"Transferts WorldTour f\u00e9minin 2025\/2026 - V\u00e9loPro.fr","type":"rich","width":600,"height":338,"html":"<blockquote class=\"wp-embedded-content\" data-secret=\"MnxyPYNixd\"><a href=\"https:\/\/cyclingpro.net\/velopro\/autre\/transferts-worldtour-feminin-2025-2026\/\">Transferts WorldTour f\u00e9minin 2025\/2026<\/a><\/blockquote><iframe sandbox=\"allow-scripts\" security=\"restricted\" src=\"https:\/\/cyclingpro.net\/velopro\/autre\/transferts-worldtour-feminin-2025-2026\/embed\/#?secret=MnxyPYNixd\" width=\"600\" height=\"338\" title=\"\u00ab\u00a0Transferts WorldTour f\u00e9minin 2025\/2026\u00a0\u00bb &#8212; V\u00e9loPro.fr\" data-secret=\"MnxyPYNixd\" frameborder=\"0\" marginwidth=\"0\" marginheight=\"0\" scrolling=\"no\" class=\"wp-embedded-content\"><\/iframe><script type=\"text\/javascript\">\n\/* <![CDATA[ *\/\n\/*! This file is auto-generated *\/\n!function(d,l){\"use strict\";l.querySelector&&d.addEventListener&&\"undefined\"!=typeof URL&&(d.wp=d.wp||{},d.wp.receiveEmbedMessage||(d.wp.receiveEmbedMessage=function(e){var t=e.data;if((t||t.secret||t.message||t.value)&&!\/[^a-zA-Z0-9]\/.test(t.secret)){for(var s,r,n,a=l.querySelectorAll('iframe[data-secret=\"'+t.secret+'\"]'),o=l.querySelectorAll('blockquote[data-secret=\"'+t.secret+'\"]'),c=new RegExp(\"^https?:$\",\"i\"),i=0;i<o.length;i++)o[i].style.display=\"none\";for(i=0;i<a.length;i++)s=a[i],e.source===s.contentWindow&&(s.removeAttribute(\"style\"),\"height\"===t.message?(1e3<(r=parseInt(t.value,10))?r=1e3:~~r<200&&(r=200),s.height=r):\"link\"===t.message&&(r=new URL(s.getAttribute(\"src\")),n=new URL(t.value),c.test(n.protocol))&&n.host===r.host&&l.activeElement===s&&(d.top.location.href=t.value))}},d.addEventListener(\"message\",d.wp.receiveEmbedMessage,!1),l.addEventListener(\"DOMContentLoaded\",function(){for(var e,t,s=l.querySelectorAll(\"iframe.wp-embedded-content\"),r=0;r<s.length;r++)(t=(e=s[r]).getAttribute(\"data-secret\"))||(t=Math.random().toString(36).substring(2,12),e.src+=\"#?secret=\"+t,e.setAttribute(\"data-secret\",t)),e.contentWindow.postMessage({message:\"ready\",secret:t},\"*\")},!1)))}(window,document);\n\/* ]]> *\/\n<\/script>\n","thumbnail_url":"https:\/\/cyclingpro.net\/velopro\/wp-content\/uploads\/2025\/09\/Tour-de-France-Femmes-2025-Tappa-3-Gruppo-768x512.jpg","thumbnail_width":600,"thumbnail_height":400,"description":"D\u00e9couvrons tous les mouvements officiels du Market Cycle du WorldTour f\u00e9minin 2025\/2026. Gr\u00e2ce \u00e0 ce tableau constamment mis \u00e0 jour, qui rejoint ceux d\u00e9di\u00e9s aux WorldTour et Professionnels masculins, il sera possible de garder un \u0153il sur les transferts, renouvellements et retraits des 15 formations qui composent la premi\u00e8re division du cyclisme f\u00e9minin, pour laquelle, &hellip;"}

VéloPro.fr

Transferts WorldTour féminin 2025/2026 - VéloPro.fr

<blockquote class="wp-embedded-content" data-secret="MnxyPYNixd"><a href="https://cyclingpro.net/velopro/autre/transferts-worldtour-feminin-2025-2026/">Transferts WorldTour féminin 2025/2026</a></blockquote><iframe sandbox="allow-scripts" security="restricted" src="https://cyclingpro.net/velopro/autre/transferts-worldtour-feminin-2025-2026/embed/#?secret=MnxyPYNixd" width="600" height="338" title="« Transferts WorldTour féminin 2025/2026 » &#8212; VéloPro.fr" data-secret="MnxyPYNixd" frameborder="0" marginwidth="0" marginheight="0" scrolling="no" class="wp-embedded-content"></iframe><script type="text/javascript">
/* <![CDATA[ */
/*! This file is auto-generated */
!function(d,l){"use strict";l.querySelector&&d.addEventListener&&"undefined"!=typeof URL&&(d.wp=d.wp||{},d.wp.receiveEmbedMessage||(d.wp.receiveEmbedMessage=function(e){var t=e.data;if((t||t.secret||t.message||t.value)&&!/[^a-zA-Z0-9]/.test(t.secret)){for(var s,r,n,a=l.querySelectorAll('iframe[data-secret="'+t.secret+'"]'),o=l.querySelectorAll('blockquote[data-secret="'+t.secret+'"]'),c=new RegExp("^https?:$","i"),i=0;i<o.length;i++)o[i].style.display="none";for(i=0;i<a.length;i++)s=a[i],e.source===s.contentWindow&&(s.removeAttribute("style"),"height"===t.message?(1e3<(r=parseInt(t.value,10))?r=1e3:~~r<200&&(r=200),s.height=r):"link"===t.message&&(r=new URL(s.getAttribute("src")),n=new URL(t.value),c.test(n.protocol))&&n.host===r.host&&l.activeElement===s&&(d.top.location.href=t.value))}},d.addEventListener("message",d.wp.receiveEmbedMessage,!1),l.addEventListener("DOMContentLoaded",function(){for(var e,t,s=l.querySelectorAll("iframe.wp-embedded-content"),r=0;r<s.length;r++)(t=(e=s[r]).getAttribute("data-secret"))||(t=Math.random().toString(36).substring(2,12),e.src+="#?secret="+t,e.setAttribute("data-secret",t)),e.contentWindow.postMessage({message:"ready",secret:t},"*")},!1)))}(window,document);
/* ]]> */
</script>

Découvrons tous les mouvements officiels du Market Cycle du WorldTour féminin 2025/2026. Grâce à ce tableau constamment mis à jour, qui rejoint ceux dédiés aux WorldTour et Professionnels masculins, il sera possible de garder un œil sur les transferts, renouvellements et retraits des 15 formations qui composent la première division du cyclisme féminin, pour laquelle, &hellip;
