{"version":"1.0","provider_name":"V\u00e9loPro.fr","provider_url":"https:\/\/cyclingpro.net\/velopro","author_name":"SpazioCiclismo","author_url":"https:\/\/cyclingpro.net\/velopro\/author\/spaziociclismo\/","title":"GP Denain 2026, parcours annonc\u00e9 (Carte et Profil) - V\u00e9loPro.fr","type":"rich","width":600,"height":338,"html":"<blockquote class=\"wp-embedded-content\" data-secret=\"jfqjIM9Xan\"><a href=\"https:\/\/cyclingpro.net\/velopro\/autre\/gp-denain-2026-parcours-annonce-carte-et-profil\/\">GP Denain 2026, parcours annonc\u00e9 (Carte et Profil)<\/a><\/blockquote><iframe sandbox=\"allow-scripts\" security=\"restricted\" src=\"https:\/\/cyclingpro.net\/velopro\/autre\/gp-denain-2026-parcours-annonce-carte-et-profil\/embed\/#?secret=jfqjIM9Xan\" width=\"600\" height=\"338\" title=\"\u00ab\u00a0GP Denain 2026, parcours annonc\u00e9 (Carte et Profil)\u00a0\u00bb &#8212; V\u00e9loPro.fr\" data-secret=\"jfqjIM9Xan\" frameborder=\"0\" marginwidth=\"0\" marginheight=\"0\" scrolling=\"no\" class=\"wp-embedded-content\"><\/iframe><script type=\"text\/javascript\">\n\/* <![CDATA[ *\/\n\/*! This file is auto-generated *\/\n!function(d,l){\"use strict\";l.querySelector&&d.addEventListener&&\"undefined\"!=typeof URL&&(d.wp=d.wp||{},d.wp.receiveEmbedMessage||(d.wp.receiveEmbedMessage=function(e){var t=e.data;if((t||t.secret||t.message||t.value)&&!\/[^a-zA-Z0-9]\/.test(t.secret)){for(var s,r,n,a=l.querySelectorAll('iframe[data-secret=\"'+t.secret+'\"]'),o=l.querySelectorAll('blockquote[data-secret=\"'+t.secret+'\"]'),c=new RegExp(\"^https?:$\",\"i\"),i=0;i<o.length;i++)o[i].style.display=\"none\";for(i=0;i<a.length;i++)s=a[i],e.source===s.contentWindow&&(s.removeAttribute(\"style\"),\"height\"===t.message?(1e3<(r=parseInt(t.value,10))?r=1e3:~~r<200&&(r=200),s.height=r):\"link\"===t.message&&(r=new URL(s.getAttribute(\"src\")),n=new URL(t.value),c.test(n.protocol))&&n.host===r.host&&l.activeElement===s&&(d.top.location.href=t.value))}},d.addEventListener(\"message\",d.wp.receiveEmbedMessage,!1),l.addEventListener(\"DOMContentLoaded\",function(){for(var e,t,s=l.querySelectorAll(\"iframe.wp-embedded-content\"),r=0;r<s.length;r++)(t=(e=s[r]).getAttribute(\"data-secret\"))||(t=Math.random().toString(36).substring(2,12),e.src+=\"#?secret=\"+t,e.setAttribute(\"data-secret\",t)),e.contentWindow.postMessage({message:\"ready\",secret:t},\"*\")},!1)))}(window,document);\n\/* ]]> *\/\n<\/script>\n","thumbnail_url":"https:\/\/cyclingpro.net\/velopro\/wp-content\/uploads\/2025\/12\/GP-Denain-2026-Altimetria-768x520.jpg","thumbnail_width":600,"thumbnail_height":406,"description":"Le GP Denain 2026 confirme un Parcours tr\u00e8s similaire \u00e0 celui de l&rsquo;\u00e9dition 2025. Programm\u00e9e le jeudi 19 mars, la course transalpine se d\u00e9roulera comme toujours autour de la ville qui lui donne son nom, proposant pour cette 67\u00e8me \u00e9dition un parcours de 200,4 kilom\u00e8tres qui comportera \u00e0 nouveau 13 secteurs pav\u00e9s, dont certains ont &hellip;"}

VéloPro.fr

GP Denain 2026, parcours annoncé (Carte et Profil) - VéloPro.fr

<blockquote class="wp-embedded-content" data-secret="jfqjIM9Xan"><a href="https://cyclingpro.net/velopro/autre/gp-denain-2026-parcours-annonce-carte-et-profil/">GP Denain 2026, parcours annoncé (Carte et Profil)</a></blockquote><iframe sandbox="allow-scripts" security="restricted" src="https://cyclingpro.net/velopro/autre/gp-denain-2026-parcours-annonce-carte-et-profil/embed/#?secret=jfqjIM9Xan" width="600" height="338" title="« GP Denain 2026, parcours annoncé (Carte et Profil) » &#8212; VéloPro.fr" data-secret="jfqjIM9Xan" frameborder="0" marginwidth="0" marginheight="0" scrolling="no" class="wp-embedded-content"></iframe><script type="text/javascript">
/* <![CDATA[ */
/*! This file is auto-generated */
!function(d,l){"use strict";l.querySelector&&d.addEventListener&&"undefined"!=typeof URL&&(d.wp=d.wp||{},d.wp.receiveEmbedMessage||(d.wp.receiveEmbedMessage=function(e){var t=e.data;if((t||t.secret||t.message||t.value)&&!/[^a-zA-Z0-9]/.test(t.secret)){for(var s,r,n,a=l.querySelectorAll('iframe[data-secret="'+t.secret+'"]'),o=l.querySelectorAll('blockquote[data-secret="'+t.secret+'"]'),c=new RegExp("^https?:$","i"),i=0;i<o.length;i++)o[i].style.display="none";for(i=0;i<a.length;i++)s=a[i],e.source===s.contentWindow&&(s.removeAttribute("style"),"height"===t.message?(1e3<(r=parseInt(t.value,10))?r=1e3:~~r<200&&(r=200),s.height=r):"link"===t.message&&(r=new URL(s.getAttribute("src")),n=new URL(t.value),c.test(n.protocol))&&n.host===r.host&&l.activeElement===s&&(d.top.location.href=t.value))}},d.addEventListener("message",d.wp.receiveEmbedMessage,!1),l.addEventListener("DOMContentLoaded",function(){for(var e,t,s=l.querySelectorAll("iframe.wp-embedded-content"),r=0;r<s.length;r++)(t=(e=s[r]).getAttribute("data-secret"))||(t=Math.random().toString(36).substring(2,12),e.src+="#?secret="+t,e.setAttribute("data-secret",t)),e.contentWindow.postMessage({message:"ready",secret:t},"*")},!1)))}(window,document);
/* ]]> */
</script>

Le GP Denain 2026 confirme un Parcours très similaire à celui de l&rsquo;édition 2025. Programmée le jeudi 19 mars, la course transalpine se déroulera comme toujours autour de la ville qui lui donne son nom, proposant pour cette 67ème édition un parcours de 200,4 kilomètres qui comportera à nouveau 13 secteurs pavés, dont certains ont &hellip;
