{"version":"1.0","provider_name":"V\u00e9loPro.fr","provider_url":"https:\/\/cyclingpro.net\/velopro","author_name":"SpazioCiclismo","author_url":"https:\/\/cyclingpro.net\/velopro\/author\/spaziociclismo\/","title":"Giro d'Italia 2025 LIVE, \u00e9tape 19 - V\u00e9loPro.fr","type":"rich","width":600,"height":338,"html":"<blockquote class=\"wp-embedded-content\" data-secret=\"R0Lzigi8Ri\"><a href=\"https:\/\/cyclingpro.net\/velopro\/autre\/giro-ditalia-2025-live-etape-19\/\">Giro d&rsquo;Italia 2025 LIVE, \u00e9tape 19<\/a><\/blockquote><iframe sandbox=\"allow-scripts\" security=\"restricted\" src=\"https:\/\/cyclingpro.net\/velopro\/autre\/giro-ditalia-2025-live-etape-19\/embed\/#?secret=R0Lzigi8Ri\" width=\"600\" height=\"338\" title=\"\u00ab\u00a0Giro d&rsquo;Italia 2025 LIVE, \u00e9tape 19\u00a0\u00bb &#8212; V\u00e9loPro.fr\" data-secret=\"R0Lzigi8Ri\" frameborder=\"0\" marginwidth=\"0\" marginheight=\"0\" scrolling=\"no\" class=\"wp-embedded-content\"><\/iframe><script type=\"text\/javascript\">\n\/* <![CDATA[ *\/\n\/*! This file is auto-generated *\/\n!function(d,l){\"use strict\";l.querySelector&&d.addEventListener&&\"undefined\"!=typeof URL&&(d.wp=d.wp||{},d.wp.receiveEmbedMessage||(d.wp.receiveEmbedMessage=function(e){var t=e.data;if((t||t.secret||t.message||t.value)&&!\/[^a-zA-Z0-9]\/.test(t.secret)){for(var s,r,n,a=l.querySelectorAll('iframe[data-secret=\"'+t.secret+'\"]'),o=l.querySelectorAll('blockquote[data-secret=\"'+t.secret+'\"]'),c=new RegExp(\"^https?:$\",\"i\"),i=0;i<o.length;i++)o[i].style.display=\"none\";for(i=0;i<a.length;i++)s=a[i],e.source===s.contentWindow&&(s.removeAttribute(\"style\"),\"height\"===t.message?(1e3<(r=parseInt(t.value,10))?r=1e3:~~r<200&&(r=200),s.height=r):\"link\"===t.message&&(r=new URL(s.getAttribute(\"src\")),n=new URL(t.value),c.test(n.protocol))&&n.host===r.host&&l.activeElement===s&&(d.top.location.href=t.value))}},d.addEventListener(\"message\",d.wp.receiveEmbedMessage,!1),l.addEventListener(\"DOMContentLoaded\",function(){for(var e,t,s=l.querySelectorAll(\"iframe.wp-embedded-content\"),r=0;r<s.length;r++)(t=(e=s[r]).getAttribute(\"data-secret\"))||(t=Math.random().toString(36).substring(2,12),e.src+=\"#?secret=\"+t,e.setAttribute(\"data-secret\",t)),e.contentWindow.postMessage({message:\"ready\",secret:t},\"*\")},!1)))}(window,document);\n\/* ]]> *\/\n<\/script>\n","thumbnail_url":"https:\/\/cyclingpro.net\/velopro\/wp-content\/uploads\/2025\/05\/1219282400-scaled-1-768x512.jpg","thumbnail_width":600,"thumbnail_height":400,"description":"Chers fans de cyclisme, bonjour et bienvenue \u00e0 lacouverture interactive compl\u00e8te en direct de la 19e \u00e9tape du Giro d&rsquo;Italia 2025. Les deux jours qui d\u00e9cideront de la Corsa Rosa commencent. Les coureurs doivent affronter les Alpes occidentales sur un parcours dessin\u00e9 entre Biella et Champoluc et jalonn\u00e9 de cinq Grands Prix de la Montagne. &hellip;"}

VéloPro.fr

Giro d'Italia 2025 LIVE, étape 19 - VéloPro.fr

<blockquote class="wp-embedded-content" data-secret="R0Lzigi8Ri"><a href="https://cyclingpro.net/velopro/autre/giro-ditalia-2025-live-etape-19/">Giro d&rsquo;Italia 2025 LIVE, étape 19</a></blockquote><iframe sandbox="allow-scripts" security="restricted" src="https://cyclingpro.net/velopro/autre/giro-ditalia-2025-live-etape-19/embed/#?secret=R0Lzigi8Ri" width="600" height="338" title="« Giro d&rsquo;Italia 2025 LIVE, étape 19 » &#8212; VéloPro.fr" data-secret="R0Lzigi8Ri" frameborder="0" marginwidth="0" marginheight="0" scrolling="no" class="wp-embedded-content"></iframe><script type="text/javascript">
/* <![CDATA[ */
/*! This file is auto-generated */
!function(d,l){"use strict";l.querySelector&&d.addEventListener&&"undefined"!=typeof URL&&(d.wp=d.wp||{},d.wp.receiveEmbedMessage||(d.wp.receiveEmbedMessage=function(e){var t=e.data;if((t||t.secret||t.message||t.value)&&!/[^a-zA-Z0-9]/.test(t.secret)){for(var s,r,n,a=l.querySelectorAll('iframe[data-secret="'+t.secret+'"]'),o=l.querySelectorAll('blockquote[data-secret="'+t.secret+'"]'),c=new RegExp("^https?:$","i"),i=0;i<o.length;i++)o[i].style.display="none";for(i=0;i<a.length;i++)s=a[i],e.source===s.contentWindow&&(s.removeAttribute("style"),"height"===t.message?(1e3<(r=parseInt(t.value,10))?r=1e3:~~r<200&&(r=200),s.height=r):"link"===t.message&&(r=new URL(s.getAttribute("src")),n=new URL(t.value),c.test(n.protocol))&&n.host===r.host&&l.activeElement===s&&(d.top.location.href=t.value))}},d.addEventListener("message",d.wp.receiveEmbedMessage,!1),l.addEventListener("DOMContentLoaded",function(){for(var e,t,s=l.querySelectorAll("iframe.wp-embedded-content"),r=0;r<s.length;r++)(t=(e=s[r]).getAttribute("data-secret"))||(t=Math.random().toString(36).substring(2,12),e.src+="#?secret="+t,e.setAttribute("data-secret",t)),e.contentWindow.postMessage({message:"ready",secret:t},"*")},!1)))}(window,document);
/* ]]> */
</script>

Chers fans de cyclisme, bonjour et bienvenue à lacouverture interactive complète en direct de la 19e étape du Giro d&rsquo;Italia 2025. Les deux jours qui décideront de la Corsa Rosa commencent. Les coureurs doivent affronter les Alpes occidentales sur un parcours dessiné entre Biella et Champoluc et jalonné de cinq Grands Prix de la Montagne. &hellip;
